{"id":9979,"date":"2026-01-24T08:12:39","date_gmt":"2026-01-24T08:12:39","guid":{"rendered":"https:\/\/e-systemygrzewcze.eu\/sklep\/produkt\/secespol-wymiennik-plytowy-lb-31-40\/"},"modified":"2026-03-30T10:18:35","modified_gmt":"2026-03-30T10:18:35","slug":"secespol-wymiennik-plytowy-lb-31-40","status":"publish","type":"product","link":"https:\/\/e-systemygrzewcze.eu\/sklep\/produkt\/secespol-wymiennik-plytowy-lb-31-40\/","title":{"rendered":"SECESPOL Wymiennik p\u0142ytowy (LB 31-40-1&#8243;)"},"content":{"rendered":"<h3 data-start=\"0\" data-end=\"46\">\ud83d\udd25 <strong data-start=\"7\" data-end=\"46\">SECESPOL Wymiennik p\u0142ytowy LB 31-40<\/strong><\/h3>\n<p data-start=\"48\" data-end=\"371\"><strong data-start=\"48\" data-end=\"69\">SECESPOL LB 31-40<\/strong> to <strong data-start=\"73\" data-end=\"111\">lutowany miedzi\u0105 wymiennik p\u0142ytowy<\/strong> z serii <strong data-start=\"120\" data-end=\"130\">L-line<\/strong>, przeznaczony do wydajnej wymiany ciep\u0142a w instalacjach grzewczych i ch\u0142odniczych typu <strong data-start=\"218\" data-end=\"233\">ciecz\u2013ciecz<\/strong>. Zwi\u0119kszona liczba p\u0142yt zapewnia wy\u017csz\u0105 moc i bardzo dobr\u0105 sprawno\u015b\u0107 przy zachowaniu kompaktowych wymiar\u00f3w oraz niskich opor\u00f3w przep\u0142ywu.<\/p>\n<hr data-start=\"373\" data-end=\"376\" \/>\n<h2 data-start=\"378\" data-end=\"397\">\u2705 Cechy produktu<\/h2>\n<ul data-start=\"398\" data-end=\"741\">\n<li data-start=\"398\" data-end=\"438\">\n<p data-start=\"400\" data-end=\"438\"><strong data-start=\"400\" data-end=\"436\">Wysoka wydajno\u015b\u0107 cieplna \u2013 45 kW<\/strong><\/p>\n<\/li>\n<li data-start=\"439\" data-end=\"495\">\n<p data-start=\"441\" data-end=\"495\"><strong data-start=\"441\" data-end=\"452\">40 p\u0142yt<\/strong> \u2013 zwi\u0119kszona powierzchnia wymiany ciep\u0142a<\/p>\n<\/li>\n<li data-start=\"496\" data-end=\"535\">\n<p data-start=\"498\" data-end=\"535\"><strong data-start=\"498\" data-end=\"533\">Kompaktowa i zwarta konstrukcja<\/strong><\/p>\n<\/li>\n<li data-start=\"536\" data-end=\"586\">\n<p data-start=\"538\" data-end=\"586\"><strong data-start=\"538\" data-end=\"558\">Lutowany miedzi\u0105<\/strong> \u2013 trwa\u0142a, szczelna budowa<\/p>\n<\/li>\n<li data-start=\"587\" data-end=\"638\">\n<p data-start=\"589\" data-end=\"638\"><strong data-start=\"589\" data-end=\"636\">Odporno\u015b\u0107 na wysok\u0105 temperatur\u0119 i ci\u015bnienie<\/strong><\/p>\n<\/li>\n<li data-start=\"639\" data-end=\"689\">\n<p data-start=\"641\" data-end=\"689\"><strong data-start=\"641\" data-end=\"687\">Mo\u017cliwo\u015b\u0107 zastosowania otuliny izolacyjnej<\/strong><\/p>\n<\/li>\n<li data-start=\"690\" data-end=\"741\">\n<p data-start=\"692\" data-end=\"741\"><strong data-start=\"692\" data-end=\"708\">\u0141atwy monta\u017c<\/strong> dzi\u0119ki standardowym przy\u0142\u0105czom<\/p>\n<\/li>\n<\/ul>\n<hr data-start=\"743\" data-end=\"746\" \/>\n<h2 data-start=\"748\" data-end=\"769\">\u2699\ufe0f Dane techniczne<\/h2>\n<ul data-start=\"770\" data-end=\"1204\">\n<li data-start=\"770\" data-end=\"793\">\n<p data-start=\"772\" data-end=\"793\">Model: <strong data-start=\"779\" data-end=\"791\">LB 31-40-1<\/strong><\/p>\n<\/li>\n<li data-start=\"794\" data-end=\"834\">\n<p data-start=\"796\" data-end=\"834\">Typ: <strong data-start=\"801\" data-end=\"832\">wymiennik p\u0142ytowy, lutowany<\/strong><\/p>\n<\/li>\n<li data-start=\"835\" data-end=\"858\">\n<p data-start=\"837\" data-end=\"858\">Liczba p\u0142yt: <strong data-start=\"850\" data-end=\"856\">40<\/strong><\/p>\n<\/li>\n<li data-start=\"859\" data-end=\"887\">\n<p data-start=\"861\" data-end=\"887\">Moc nominalna: <strong data-start=\"876\" data-end=\"885\">45 kW<\/strong><\/p>\n<\/li>\n<li data-start=\"888\" data-end=\"932\">\n<p data-start=\"890\" data-end=\"932\">Maksymalne ci\u015bnienie robocze: <strong data-start=\"920\" data-end=\"930\">30 bar<\/strong><\/p>\n<\/li>\n<li data-start=\"933\" data-end=\"976\">\n<p data-start=\"935\" data-end=\"976\">Maksymalna temperatura pracy: <strong data-start=\"965\" data-end=\"974\">230\u00b0C<\/strong><\/p>\n<\/li>\n<li data-start=\"977\" data-end=\"1015\">\n<p data-start=\"979\" data-end=\"1015\">Materia\u0142 p\u0142yt: <strong data-start=\"994\" data-end=\"1013\">stal nierdzewna<\/strong><\/p>\n<\/li>\n<li data-start=\"1016\" data-end=\"1073\">\n<p data-start=\"1018\" data-end=\"1073\">Przy\u0142\u0105cza obwodu pierwotnego: <strong data-start=\"1048\" data-end=\"1071\">gwint zewn\u0119trzny 1&#8243;<\/strong><\/p>\n<\/li>\n<li data-start=\"1074\" data-end=\"1128\">\n<p data-start=\"1076\" data-end=\"1128\">Przy\u0142\u0105cza obwodu wt\u00f3rnego: <strong data-start=\"1103\" data-end=\"1126\">gwint zewn\u0119trzny 1&#8243;<\/strong><\/p>\n<\/li>\n<li data-start=\"1129\" data-end=\"1153\">\n<p data-start=\"1131\" data-end=\"1153\">Wysoko\u015b\u0107: <strong data-start=\"1141\" data-end=\"1151\">286 mm<\/strong><\/p>\n<\/li>\n<li data-start=\"1154\" data-end=\"1179\">\n<p data-start=\"1156\" data-end=\"1179\">Szeroko\u015b\u0107: <strong data-start=\"1167\" data-end=\"1177\">123 mm<\/strong><\/p>\n<\/li>\n<li data-start=\"1180\" data-end=\"1204\">\n<p data-start=\"1182\" data-end=\"1204\">G\u0142\u0119boko\u015b\u0107: <strong data-start=\"1193\" data-end=\"1202\">28 mm<\/strong><\/p>\n<\/li>\n<\/ul>\n<hr data-start=\"1206\" data-end=\"1209\" \/>\n<h2 data-start=\"1211\" data-end=\"1229\">\ud83c\udfe0 Zastosowanie<\/h2>\n<ul data-start=\"1230\" data-end=\"1454\">\n<li data-start=\"1230\" data-end=\"1271\">\n<p data-start=\"1232\" data-end=\"1271\">instalacje <strong data-start=\"1243\" data-end=\"1269\">centralnego ogrzewania<\/strong><\/p>\n<\/li>\n<li data-start=\"1272\" data-end=\"1293\">\n<p data-start=\"1274\" data-end=\"1293\"><strong data-start=\"1274\" data-end=\"1291\">w\u0119z\u0142y cieplne<\/strong><\/p>\n<\/li>\n<li data-start=\"1294\" data-end=\"1314\">\n<p data-start=\"1296\" data-end=\"1314\"><strong data-start=\"1296\" data-end=\"1312\">pompy ciep\u0142a<\/strong><\/p>\n<\/li>\n<li data-start=\"1315\" data-end=\"1349\">\n<p data-start=\"1317\" data-end=\"1349\"><strong data-start=\"1317\" data-end=\"1347\">kominki z p\u0142aszczem wodnym<\/strong><\/p>\n<\/li>\n<li data-start=\"1350\" data-end=\"1391\">\n<p data-start=\"1352\" data-end=\"1391\">instalacje <strong data-start=\"1363\" data-end=\"1389\">ch\u0142odnicze ciecz\u2013ciecz<\/strong><\/p>\n<\/li>\n<li data-start=\"1392\" data-end=\"1454\">\n<p data-start=\"1394\" data-end=\"1454\">systemy hydrauliczne w budynkach mieszkalnych i u\u017cytkowych<\/p>\n<\/li>\n<\/ul>\n<hr data-start=\"1456\" data-end=\"1459\" \/>\n<h3 data-start=\"1461\" data-end=\"1480\">\ud83d\udcdd Podsumowanie<\/h3>\n<p data-start=\"1481\" data-end=\"1788\" data-is-last-node=\"\" data-is-only-node=\"\"><strong data-start=\"1481\" data-end=\"1502\">SECESPOL LB 31-40<\/strong> to wydajny i wytrzyma\u0142y wymiennik p\u0142ytowy, idealny do instalacji wymagaj\u0105cych wi\u0119kszej mocy przy zachowaniu kompaktowych wymiar\u00f3w. Wysoka odporno\u015b\u0107 na temperatur\u0119 i ci\u015bnienie oraz solidna konstrukcja lutowana miedzi\u0105 gwarantuj\u0105 d\u0142ug\u0105 i bezawaryjn\u0105 prac\u0119 w szerokim zakresie zastosowa\u0144.<\/p>\n","protected":false},"excerpt":{"rendered":"<p><strong>SECESPOL LB 31-40 to wydajny i wytrzyma\u0142y wymiennik p\u0142ytowy, idealny do instalacji wymagaj\u0105cych wi\u0119kszej mocy przy zachowaniu kompaktowych wymiar\u00f3w. Wysoka odporno\u015b\u0107 na temperatur\u0119 i ci\u015bnienie oraz solidna konstrukcja lutowana miedzi\u0105 gwarantuj\u0105 d\u0142ug\u0105 i bezawaryjn\u0105 prac\u0119 w szerokim zakresie zastosowa\u0144.<\/strong><\/p>\n","protected":false},"featured_media":9977,"template":"","meta":{"_kad_blocks_custom_css":"","_kad_blocks_head_custom_js":"","_kad_blocks_body_custom_js":"","_kad_blocks_footer_custom_js":"","_kad_post_transparent":"default","_kad_post_title":"","_kad_post_layout":"default","_kad_post_sidebar_id":"","_kad_post_content_style":"default","_kad_post_vertical_padding":"default","_kad_post_feature":"","_kad_post_feature_position":"","_kad_post_header":false,"_kad_post_footer":false,"_kad_post_classname":""},"product_brand":[480],"product_cat":[376],"product_tag":[],"class_list":{"0":"post-9979","1":"product","2":"type-product","3":"status-publish","4":"has-post-thumbnail","6":"product_brand-secespol","7":"product_cat-wezly-cieplne","8":"product_shipping_class-drobnica","10":"first","11":"instock","12":"taxable","13":"shipping-taxable","14":"purchasable","15":"product-type-simple","16":"entry","17":"content-bg","18":"loop-entry"},"taxonomy_info":{"product_brand":[{"value":480,"label":"SECESPOL"}],"product_cat":[{"value":376,"label":"W\u0119z\u0142y cieplne"}]},"featured_image_src_large":["https:\/\/e-systemygrzewcze.eu\/sklep\/wp-content\/uploads\/2026\/01\/Nowy-projekt-60-1.jpg",510,587,false],"author_info":[],"comment_info":"","_links":{"self":[{"href":"https:\/\/e-systemygrzewcze.eu\/sklep\/wp-json\/wp\/v2\/product\/9979","targetHints":{"allow":["GET"]}}],"collection":[{"href":"https:\/\/e-systemygrzewcze.eu\/sklep\/wp-json\/wp\/v2\/product"}],"about":[{"href":"https:\/\/e-systemygrzewcze.eu\/sklep\/wp-json\/wp\/v2\/types\/product"}],"wp:featuredmedia":[{"embeddable":true,"href":"https:\/\/e-systemygrzewcze.eu\/sklep\/wp-json\/wp\/v2\/media\/9977"}],"wp:attachment":[{"href":"https:\/\/e-systemygrzewcze.eu\/sklep\/wp-json\/wp\/v2\/media?parent=9979"}],"wp:term":[{"taxonomy":"product_brand","embeddable":true,"href":"https:\/\/e-systemygrzewcze.eu\/sklep\/wp-json\/wp\/v2\/product_brand?post=9979"},{"taxonomy":"product_cat","embeddable":true,"href":"https:\/\/e-systemygrzewcze.eu\/sklep\/wp-json\/wp\/v2\/product_cat?post=9979"},{"taxonomy":"product_tag","embeddable":true,"href":"https:\/\/e-systemygrzewcze.eu\/sklep\/wp-json\/wp\/v2\/product_tag?post=9979"}],"curies":[{"name":"wp","href":"https:\/\/api.w.org\/{rel}","templated":true}]}}