{"id":9929,"date":"2026-01-23T11:00:17","date_gmt":"2026-01-23T11:00:17","guid":{"rendered":"https:\/\/e-systemygrzewcze.eu\/sklep\/produkt\/elektromet-wymiennik-z-wezownica-wgj-s-120l-055-12-101\/"},"modified":"2026-04-07T08:29:44","modified_gmt":"2026-04-07T08:29:44","slug":"elektromet-wymiennik-z-wezownica-wgj-s-120l-055-12-101","status":"publish","type":"product","link":"https:\/\/e-systemygrzewcze.eu\/sklep\/produkt\/elektromet-wymiennik-z-wezownica-wgj-s-120l-055-12-101\/","title":{"rendered":"ELEKTROMET Wymiennik z w\u0119\u017cownic\u0105 WGJ-S 120L (066-12-101)"},"content":{"rendered":"<h2 data-start=\"141\" data-end=\"229\">\u00a0ELEKTROMET Wymiennik C.W.U. z w\u0119\u017cownic\u0105 \u2013 model WGJ-S 120\u202fL \ud83d\udd25\ud83d\udca7<br \/>\n<br data-start=\"208\" data-end=\"211\" \/><\/h2>\n<p data-start=\"141\" data-end=\"229\">ELEKTROMET WGJ-S FIT 120\u202fL to kompaktowy, pionowy wymiennik ciep\u0142ej wody u\u017cytkowej z w\u0119\u017cownic\u0105, zaprojektowany z my\u015bl\u0105 o monta\u017cu w pomieszczeniach o ograniczonej przestrzeni. Dzi\u0119ki konstrukcji FIT urz\u0105dzenie mo\u017cna zainstalowa\u0107 w pomieszczeniach z drzwiami o szeroko\u015bci ju\u017c od 70\u202fcm. Wysokiej jako\u015bci stalowy zbiornik pokryto emali\u0105 ceramiczn\u0105 wysokotemperaturow\u0105, kt\u00f3ra chroni wn\u0119trze przed korozj\u0105, a dodatkowe zabezpieczenie antykorozyjne zapewnia anoda magnezowa<\/p>\n<h2 data-start=\"706\" data-end=\"725\">\u2b50 Zalety produktu<\/h2>\n<ul data-start=\"727\" data-end=\"1227\">\n<li data-start=\"727\" data-end=\"803\">\n<p data-start=\"729\" data-end=\"803\">Pojemno\u015b\u0107 120\u202fL \u2013 idealna dla dom\u00f3w jednorodzinnych i ma\u0142ych obiekt\u00f3w<\/p>\n<\/li>\n<li data-start=\"804\" data-end=\"880\">\n<p data-start=\"806\" data-end=\"880\">Konstrukcja FIT \u2013 umo\u017cliwia monta\u017c w pomieszczeniach z drzwiami od 70\u202fcm<\/p>\n<\/li>\n<li data-start=\"881\" data-end=\"952\">\n<p data-start=\"883\" data-end=\"952\">W\u0119\u017cownica grzewcza \u2013 efektywna wsp\u00f3\u0142praca z kot\u0142em lub pomp\u0105 ciep\u0142a<\/p>\n<\/li>\n<li data-start=\"953\" data-end=\"1032\">\n<p data-start=\"955\" data-end=\"1032\">Emalia ceramiczna wysokotemperaturowa \u2013 skuteczna ochrona antykorozyjna<\/p>\n<\/li>\n<li data-start=\"1033\" data-end=\"1089\">\n<p data-start=\"1035\" data-end=\"1089\">Anoda magnezowa \u2013 dodatkowe zabezpieczenie zbiornika<\/p>\n<\/li>\n<li data-start=\"1090\" data-end=\"1153\">\n<p data-start=\"1092\" data-end=\"1153\">Skuteczna izolacja termiczna \u2013 ograniczenie strat ciep\u0142a<\/p>\n<\/li>\n<li data-start=\"1154\" data-end=\"1227\">\n<p data-start=\"1156\" data-end=\"1227\">Solidna i trwa\u0142a konstrukcja \u2013 d\u0142ugowieczna i bezpieczna eksploatacja<\/p>\n<\/li>\n<\/ul>\n<h2 data-start=\"1229\" data-end=\"1263\">\u2699\ufe0f Dane konstrukcyjne i izolacja<\/h2>\n<ul data-start=\"1265\" data-end=\"1526\">\n<li data-start=\"1265\" data-end=\"1303\">\n<p data-start=\"1267\" data-end=\"1303\">Materia\u0142 zbiornika: stalowa blacha<\/p>\n<\/li>\n<li data-start=\"1304\" data-end=\"1365\">\n<p data-start=\"1306\" data-end=\"1365\">Pow\u0142oka wewn\u0119trzna: emalia ceramiczna wysokotemperaturowa<\/p>\n<\/li>\n<li data-start=\"1366\" data-end=\"1415\">\n<p data-start=\"1368\" data-end=\"1415\">Zabezpieczenie antykorozyjne: anoda magnezowa<\/p>\n<\/li>\n<li data-start=\"1416\" data-end=\"1485\">\n<p data-start=\"1418\" data-end=\"1485\">Izolacja termiczna: pianka polistyrenowa lub pianka poliuretanowa<\/p>\n<\/li>\n<li data-start=\"1486\" data-end=\"1506\">\n<p data-start=\"1488\" data-end=\"1506\">Seria: WGJ-S FIT<\/p>\n<\/li>\n<li data-start=\"1507\" data-end=\"1526\">\n<p data-start=\"1509\" data-end=\"1526\">Monta\u017c: pionowy<\/p>\n<\/li>\n<\/ul>\n<h2 data-start=\"1528\" data-end=\"1545\">\ud83c\udfe0 Zastosowanie<\/h2>\n<ul data-start=\"1547\" data-end=\"1782\">\n<li data-start=\"1547\" data-end=\"1615\">\n<p data-start=\"1549\" data-end=\"1615\">Instalacje ciep\u0142ej wody u\u017cytkowej (CWU) w domach jednorodzinnych<\/p>\n<\/li>\n<li data-start=\"1616\" data-end=\"1662\">\n<p data-start=\"1618\" data-end=\"1662\">Wsp\u00f3\u0142praca z kot\u0142ami c.o. i pompami ciep\u0142a<\/p>\n<\/li>\n<li data-start=\"1663\" data-end=\"1730\">\n<p data-start=\"1665\" data-end=\"1730\">Kot\u0142ownie i pomieszczenia techniczne o ograniczonej przestrzeni<\/p>\n<\/li>\n<li data-start=\"1731\" data-end=\"1782\">\n<p data-start=\"1733\" data-end=\"1782\">Modernizacja istniej\u0105cych instalacji grzewczych<\/p>\n<\/li>\n<\/ul>\n","protected":false},"excerpt":{"rendered":"<p><strong>ELEKTROMET WGJ-S 120\u202fL to kompaktowy wymiennik CWU z w\u0119\u017cownic\u0105 spiraln\u0105, idealny do dom\u00f3w jednorodzinnych i ma\u0142ych obiekt\u00f3w. Konstrukcja FIT umo\u017cliwia monta\u017c w pomieszczeniach o ograniczonej przestrzeni, a stalowy zbiornik z emali\u0105 ceramiczn\u0105 i anod\u0105 magnezow\u0105 zapewnia trwa\u0142o\u015b\u0107 i niezawodn\u0105 ochron\u0119 antykorozyjn\u0105.<\/strong><\/p>\n","protected":false},"featured_media":9931,"template":"","meta":{"_kad_blocks_custom_css":"","_kad_blocks_head_custom_js":"","_kad_blocks_body_custom_js":"","_kad_blocks_footer_custom_js":"","_kad_post_transparent":"default","_kad_post_title":"","_kad_post_layout":"default","_kad_post_sidebar_id":"","_kad_post_content_style":"default","_kad_post_vertical_padding":"default","_kad_post_feature":"","_kad_post_feature_position":"","_kad_post_header":false,"_kad_post_footer":false,"_kad_post_classname":""},"product_brand":[133],"product_cat":[232],"product_tag":[],"class_list":{"0":"post-9929","1":"product","2":"type-product","3":"status-publish","4":"has-post-thumbnail","6":"product_brand-elektromet","7":"product_cat-wymienniki","8":"product_shipping_class-paleta_700","10":"first","11":"instock","12":"taxable","13":"shipping-taxable","14":"purchasable","15":"product-type-simple","16":"entry","17":"content-bg","18":"loop-entry"},"taxonomy_info":{"product_brand":[{"value":133,"label":"Elektromet"}],"product_cat":[{"value":232,"label":"Wymienniki"}]},"featured_image_src_large":["https:\/\/e-systemygrzewcze.eu\/sklep\/wp-content\/uploads\/2026\/01\/Nowy-projekt-53.jpg",510,587,false],"author_info":[],"comment_info":"","_links":{"self":[{"href":"https:\/\/e-systemygrzewcze.eu\/sklep\/wp-json\/wp\/v2\/product\/9929","targetHints":{"allow":["GET"]}}],"collection":[{"href":"https:\/\/e-systemygrzewcze.eu\/sklep\/wp-json\/wp\/v2\/product"}],"about":[{"href":"https:\/\/e-systemygrzewcze.eu\/sklep\/wp-json\/wp\/v2\/types\/product"}],"wp:featuredmedia":[{"embeddable":true,"href":"https:\/\/e-systemygrzewcze.eu\/sklep\/wp-json\/wp\/v2\/media\/9931"}],"wp:attachment":[{"href":"https:\/\/e-systemygrzewcze.eu\/sklep\/wp-json\/wp\/v2\/media?parent=9929"}],"wp:term":[{"taxonomy":"product_brand","embeddable":true,"href":"https:\/\/e-systemygrzewcze.eu\/sklep\/wp-json\/wp\/v2\/product_brand?post=9929"},{"taxonomy":"product_cat","embeddable":true,"href":"https:\/\/e-systemygrzewcze.eu\/sklep\/wp-json\/wp\/v2\/product_cat?post=9929"},{"taxonomy":"product_tag","embeddable":true,"href":"https:\/\/e-systemygrzewcze.eu\/sklep\/wp-json\/wp\/v2\/product_tag?post=9929"}],"curies":[{"name":"wp","href":"https:\/\/api.w.org\/{rel}","templated":true}]}}