{"id":9785,"date":"2026-01-22T07:51:31","date_gmt":"2026-01-22T07:51:31","guid":{"rendered":"https:\/\/e-systemygrzewcze.eu\/sklep\/produkt\/foto-adapter-montazowy-do-dwugwintow-nierdzewny-m10\/"},"modified":"2026-04-10T06:08:13","modified_gmt":"2026-04-10T06:08:13","slug":"foto-adapter-montazowy-do-dwugwintow-nierdzewny-m10","status":"publish","type":"product","link":"https:\/\/e-systemygrzewcze.eu\/sklep\/produkt\/foto-adapter-montazowy-do-dwugwintow-nierdzewny-m10\/","title":{"rendered":"Foto adapter monta\u017cowy do dwugwint\u00f3w nierdzewny m10"},"content":{"rendered":"","protected":false},"excerpt":{"rendered":"<p><strong>Foto adapter monta\u017cowy do dwugwint\u00f3w nierdzewny M10 przeznaczony jest do mocowania element\u00f3w konstrukcyjnych w instalacjach fotowoltaicznych. Wykonanie ze stali nierdzewnej zapewnia wysok\u0105 odporno\u015b\u0107 na korozj\u0119 oraz trwa\u0142o\u015b\u0107 w warunkach zewn\u0119trznych. Produkt sprawdzi si\u0119 przy stabilnym i bezpiecznym monta\u017cu system\u00f3w PV.<\/strong><\/p>\n","protected":false},"featured_media":9786,"template":"","meta":{"_kad_blocks_custom_css":"","_kad_blocks_head_custom_js":"","_kad_blocks_body_custom_js":"","_kad_blocks_footer_custom_js":"","_kad_post_transparent":"default","_kad_post_title":"","_kad_post_layout":"default","_kad_post_sidebar_id":"","_kad_post_content_style":"default","_kad_post_vertical_padding":"default","_kad_post_feature":"","_kad_post_feature_position":"","_kad_post_header":false,"_kad_post_footer":false,"_kad_post_classname":""},"product_brand":[],"product_cat":[249],"product_tag":[],"class_list":{"0":"post-9785","1":"product","2":"type-product","3":"status-publish","4":"has-post-thumbnail","6":"product_cat-mocowanie","7":"product_shipping_class-drobnica","9":"first","10":"instock","11":"taxable","12":"shipping-taxable","13":"purchasable","14":"product-type-simple","15":"entry","16":"content-bg","17":"loop-entry"},"taxonomy_info":{"product_cat":[{"value":249,"label":"Mocowania konstrukcji"}]},"featured_image_src_large":["https:\/\/e-systemygrzewcze.eu\/sklep\/wp-content\/uploads\/2026\/01\/Nowy-projekt-2026-01-22T084420.829.jpg",510,587,false],"author_info":[],"comment_info":"","_links":{"self":[{"href":"https:\/\/e-systemygrzewcze.eu\/sklep\/wp-json\/wp\/v2\/product\/9785","targetHints":{"allow":["GET"]}}],"collection":[{"href":"https:\/\/e-systemygrzewcze.eu\/sklep\/wp-json\/wp\/v2\/product"}],"about":[{"href":"https:\/\/e-systemygrzewcze.eu\/sklep\/wp-json\/wp\/v2\/types\/product"}],"wp:featuredmedia":[{"embeddable":true,"href":"https:\/\/e-systemygrzewcze.eu\/sklep\/wp-json\/wp\/v2\/media\/9786"}],"wp:attachment":[{"href":"https:\/\/e-systemygrzewcze.eu\/sklep\/wp-json\/wp\/v2\/media?parent=9785"}],"wp:term":[{"taxonomy":"product_brand","embeddable":true,"href":"https:\/\/e-systemygrzewcze.eu\/sklep\/wp-json\/wp\/v2\/product_brand?post=9785"},{"taxonomy":"product_cat","embeddable":true,"href":"https:\/\/e-systemygrzewcze.eu\/sklep\/wp-json\/wp\/v2\/product_cat?post=9785"},{"taxonomy":"product_tag","embeddable":true,"href":"https:\/\/e-systemygrzewcze.eu\/sklep\/wp-json\/wp\/v2\/product_tag?post=9785"}],"curies":[{"name":"wp","href":"https:\/\/api.w.org\/{rel}","templated":true}]}}