{"id":9766,"date":"2026-01-21T14:43:48","date_gmt":"2026-01-21T14:43:48","guid":{"rendered":"https:\/\/e-systemygrzewcze.eu\/sklep\/produkt\/kospel-bufor-300l-sv-300\/"},"modified":"2026-04-07T08:35:13","modified_gmt":"2026-04-07T08:35:13","slug":"kospel-bufor-300l-sv-300","status":"publish","type":"product","link":"https:\/\/e-systemygrzewcze.eu\/sklep\/produkt\/kospel-bufor-300l-sv-300\/","title":{"rendered":"KOSPEL Bufor 300L (SV-300)"},"content":{"rendered":"<h3 data-start=\"0\" data-end=\"36\">\ud83d\udd27 <strong data-start=\"7\" data-end=\"36\">KOSPEL Bufor 300 L SV-300<\/strong><\/h3>\n<p data-start=\"38\" data-end=\"508\"><strong data-start=\"38\" data-end=\"73\">Zbiornik buforowy Kospel SV-300<\/strong> to <strong data-start=\"77\" data-end=\"108\">nieemaliowany zbiornik c.o.<\/strong> przeznaczony do gromadzenia i magazynowania ciep\u0142a z <strong data-start=\"162\" data-end=\"199\">kilku \u017ar\u00f3de\u0142 energii jednocze\u015bnie<\/strong>, takich jak pompy ciep\u0142a, kot\u0142y C.O., kominki z p\u0142aszczem wodnym czy instalacje solarne. Dzi\u0119ki swojej konstrukcji pe\u0142ni nie tylko funkcj\u0119 magazynu ciep\u0142a, ale r\u00f3wnie\u017c <strong data-start=\"368\" data-end=\"444\">sprz\u0119g\u0142a hydraulicznego, separatora oraz rozdzielacza obieg\u00f3w grzewczych<\/strong>, skutecznie oddzielaj\u0105c obieg kot\u0142owni od instalacji grzewczej.<\/p>\n<p data-start=\"510\" data-end=\"696\">Zbiornik wykonany jest z <strong data-start=\"535\" data-end=\"562\">blachy stalowej czarnej<\/strong>, wewn\u0105trz w stanie surowym, a z zewn\u0105trz zabezpieczony <strong data-start=\"618\" data-end=\"641\">farb\u0105 antykorozyjn\u0105<\/strong>. Przeznaczony jest wy\u0142\u0105cznie do monta\u017cu <strong data-start=\"682\" data-end=\"695\">pionowego<\/strong>.<\/p>\n<hr data-start=\"698\" data-end=\"701\" \/>\n<h3 data-start=\"703\" data-end=\"733\">\u2705 <strong data-start=\"709\" data-end=\"733\">Najwa\u017cniejsze zalety<\/strong><\/h3>\n<ul data-start=\"734\" data-end=\"1196\">\n<li data-start=\"734\" data-end=\"770\">\n<p data-start=\"736\" data-end=\"770\"><strong data-start=\"736\" data-end=\"762\">Pojemno\u015b\u0107 rzeczywista:<\/strong> 307 L<\/p>\n<\/li>\n<li data-start=\"771\" data-end=\"867\">\n<p data-start=\"773\" data-end=\"867\"><strong data-start=\"773\" data-end=\"830\">Przystosowany do wsp\u00f3\u0142pracy z wieloma \u017ar\u00f3d\u0142ami ciep\u0142a<\/strong> (np. 2 kot\u0142y + instalacja solarna)<\/p>\n<\/li>\n<li data-start=\"868\" data-end=\"946\">\n<p data-start=\"870\" data-end=\"946\"><strong data-start=\"870\" data-end=\"905\">Funkcja sprz\u0119g\u0142a hydraulicznego<\/strong> \u2013 stabilizacja przep\u0142yw\u00f3w w instalacji<\/p>\n<\/li>\n<li data-start=\"947\" data-end=\"1015\">\n<p data-start=\"949\" data-end=\"1015\"><strong data-start=\"949\" data-end=\"986\">Wysoka jako\u015b\u0107 izolacji termicznej<\/strong> \u2013 minimalne straty energii<\/p>\n<\/li>\n<li data-start=\"1016\" data-end=\"1091\">\n<p data-start=\"1018\" data-end=\"1091\"><strong data-start=\"1018\" data-end=\"1049\">Solidna stalowa konstrukcja<\/strong> \u2013 d\u0142ugotrwa\u0142a i bezpieczna eksploatacja<\/p>\n<\/li>\n<li data-start=\"1092\" data-end=\"1160\">\n<p data-start=\"1094\" data-end=\"1160\"><strong data-start=\"1094\" data-end=\"1126\">Zabezpieczenie antykorozyjne<\/strong> \u2013 zwi\u0119kszona trwa\u0142o\u015b\u0107 zbiornika<\/p>\n<\/li>\n<li data-start=\"1161\" data-end=\"1196\">\n<p data-start=\"1163\" data-end=\"1196\"><strong data-start=\"1163\" data-end=\"1188\">Gwarancja producenta:<\/strong> 8 lat<\/p>\n<\/li>\n<\/ul>\n<hr data-start=\"1198\" data-end=\"1201\" \/>\n<h3 data-start=\"1203\" data-end=\"1229\">\u2699\ufe0f <strong data-start=\"1210\" data-end=\"1229\">Dane techniczne<\/strong><\/h3>\n<ul data-start=\"1230\" data-end=\"1528\">\n<li data-start=\"1230\" data-end=\"1265\">\n<p data-start=\"1232\" data-end=\"1265\"><strong data-start=\"1232\" data-end=\"1257\">Pojemno\u015b\u0107 znamionowa:<\/strong> 300 L<\/p>\n<\/li>\n<li data-start=\"1266\" data-end=\"1300\">\n<p data-start=\"1268\" data-end=\"1300\"><strong data-start=\"1268\" data-end=\"1292\">Pojemno\u015b\u0107 ca\u0142kowita:<\/strong> 307 L<\/p>\n<\/li>\n<li data-start=\"1301\" data-end=\"1338\">\n<p data-start=\"1303\" data-end=\"1338\"><strong data-start=\"1303\" data-end=\"1328\">Ci\u015bnienie znamionowe:<\/strong> 0,6 MPa<\/p>\n<\/li>\n<li data-start=\"1339\" data-end=\"1375\">\n<p data-start=\"1341\" data-end=\"1375\"><strong data-start=\"1341\" data-end=\"1368\">Temperatura znamionowa:<\/strong> 80\u00b0C<\/p>\n<\/li>\n<li data-start=\"1376\" data-end=\"1409\">\n<p data-start=\"1378\" data-end=\"1409\"><strong data-start=\"1378\" data-end=\"1389\">Monta\u017c:<\/strong> pionowy (stoj\u0105cy)<\/p>\n<\/li>\n<li data-start=\"1410\" data-end=\"1453\">\n<p data-start=\"1412\" data-end=\"1453\"><strong data-start=\"1412\" data-end=\"1437\">Wymiary (wys. \u00d7 \u015br.):<\/strong> 1596 \u00d7 692 mm<\/p>\n<\/li>\n<li data-start=\"1454\" data-end=\"1482\">\n<p data-start=\"1456\" data-end=\"1482\"><strong data-start=\"1456\" data-end=\"1474\">Masa bez wody:<\/strong> 72 kg<\/p>\n<\/li>\n<li data-start=\"1483\" data-end=\"1528\">\n<p data-start=\"1485\" data-end=\"1528\"><strong data-start=\"1485\" data-end=\"1498\">Materia\u0142:<\/strong> stal czarna, wn\u0119trze surowe<\/p>\n<\/li>\n<\/ul>\n<hr data-start=\"1530\" data-end=\"1533\" \/>\n<h3 data-start=\"1535\" data-end=\"1562\">\u26a0\ufe0f <strong data-start=\"1542\" data-end=\"1562\">Wa\u017cna informacja<\/strong><\/h3>\n<p data-start=\"1563\" data-end=\"1767\">Instalacj\u0119, uruchomienie zbiornika buforowego oraz wykonanie instalacji towarzysz\u0105cych nale\u017cy <strong data-start=\"1657\" data-end=\"1709\">powierzy\u0107 wykwalifikowanemu zak\u0142adowi us\u0142ugowemu<\/strong>. Zbiornik mo\u017ce pracowa\u0107 <strong data-start=\"1734\" data-end=\"1766\">wy\u0142\u0105cznie w pozycji pionowej<\/strong>.<\/p>\n<hr data-start=\"1769\" data-end=\"1772\" \/>\n<h3 data-start=\"1774\" data-end=\"1797\">\ud83e\uddfe <strong data-start=\"1781\" data-end=\"1797\">Podsumowanie<\/strong><\/h3>\n<p data-start=\"1798\" data-end=\"2051\">Bufor <strong data-start=\"1804\" data-end=\"1821\">KOSPEL SV-300<\/strong> to profesjonalne rozwi\u0105zanie do nowoczesnych i rozbudowanych instalacji grzewczych. Umo\u017cliwia efektywne zarz\u0105dzanie energi\u0105 z wielu \u017ar\u00f3de\u0142, poprawia hydraulik\u0119 systemu i znacz\u0105co zwi\u0119ksza trwa\u0142o\u015b\u0107 oraz sprawno\u015b\u0107 ca\u0142ej instalacji.<\/p>\n","protected":false},"excerpt":{"rendered":"<p><strong>Bufor KOSPEL SV-300 to profesjonalne rozwi\u0105zanie do nowoczesnych i rozbudowanych instalacji grzewczych. Umo\u017cliwia efektywne zarz\u0105dzanie energi\u0105 z wielu \u017ar\u00f3de\u0142, poprawia hydraulik\u0119 systemu i znacz\u0105co zwi\u0119ksza trwa\u0142o\u015b\u0107 oraz sprawno\u015b\u0107 ca\u0142ej instalacji.<\/strong><\/p>\n","protected":false},"featured_media":9762,"template":"","meta":{"_kad_blocks_custom_css":"","_kad_blocks_head_custom_js":"","_kad_blocks_body_custom_js":"","_kad_blocks_footer_custom_js":"","_kad_post_transparent":"default","_kad_post_title":"","_kad_post_layout":"default","_kad_post_sidebar_id":"","_kad_post_content_style":"default","_kad_post_vertical_padding":"default","_kad_post_feature":"","_kad_post_feature_position":"","_kad_post_header":false,"_kad_post_footer":false,"_kad_post_classname":""},"product_brand":[364],"product_cat":[234],"product_tag":[],"class_list":{"0":"post-9766","1":"product","2":"type-product","3":"status-publish","4":"has-post-thumbnail","6":"product_brand-kospel","7":"product_cat-bufory","8":"product_shipping_class-paleta_700","10":"first","11":"instock","12":"taxable","13":"shipping-taxable","14":"purchasable","15":"product-type-simple","16":"entry","17":"content-bg","18":"loop-entry"},"taxonomy_info":{"product_brand":[{"value":364,"label":"Kospel"}],"product_cat":[{"value":234,"label":"Bufory"}]},"featured_image_src_large":["https:\/\/e-systemygrzewcze.eu\/sklep\/wp-content\/uploads\/2026\/01\/Nowy-projekt-44-1.jpg",510,587,false],"author_info":[],"comment_info":"","_links":{"self":[{"href":"https:\/\/e-systemygrzewcze.eu\/sklep\/wp-json\/wp\/v2\/product\/9766","targetHints":{"allow":["GET"]}}],"collection":[{"href":"https:\/\/e-systemygrzewcze.eu\/sklep\/wp-json\/wp\/v2\/product"}],"about":[{"href":"https:\/\/e-systemygrzewcze.eu\/sklep\/wp-json\/wp\/v2\/types\/product"}],"wp:featuredmedia":[{"embeddable":true,"href":"https:\/\/e-systemygrzewcze.eu\/sklep\/wp-json\/wp\/v2\/media\/9762"}],"wp:attachment":[{"href":"https:\/\/e-systemygrzewcze.eu\/sklep\/wp-json\/wp\/v2\/media?parent=9766"}],"wp:term":[{"taxonomy":"product_brand","embeddable":true,"href":"https:\/\/e-systemygrzewcze.eu\/sklep\/wp-json\/wp\/v2\/product_brand?post=9766"},{"taxonomy":"product_cat","embeddable":true,"href":"https:\/\/e-systemygrzewcze.eu\/sklep\/wp-json\/wp\/v2\/product_cat?post=9766"},{"taxonomy":"product_tag","embeddable":true,"href":"https:\/\/e-systemygrzewcze.eu\/sklep\/wp-json\/wp\/v2\/product_tag?post=9766"}],"curies":[{"name":"wp","href":"https:\/\/api.w.org\/{rel}","templated":true}]}}