{"id":9501,"date":"2026-01-20T13:41:23","date_gmt":"2026-01-20T13:41:23","guid":{"rendered":"https:\/\/e-systemygrzewcze.eu\/sklep\/produkt\/dmuchawa-z-przeslona-klapka-i-przewodem-2m-dm-120\/"},"modified":"2026-03-30T10:19:52","modified_gmt":"2026-03-30T10:19:52","slug":"dmuchawa-z-przeslona-klapka-i-przewodem-2m-dm-120","status":"publish","type":"product","link":"https:\/\/e-systemygrzewcze.eu\/sklep\/produkt\/dmuchawa-z-przeslona-klapka-i-przewodem-2m-dm-120\/","title":{"rendered":"Dmuchawa z przes\u0142on\u0105 klapk\u0105 i przewodem 2m DM 120"},"content":{"rendered":"<div class=\"flex max-w-full flex-col grow\">\n<div class=\"min-h-8 text-message relative flex w-full flex-col items-end gap-2 text-start break-words whitespace-normal [.text-message+&amp;]:mt-1\" dir=\"auto\" data-message-author-role=\"assistant\" data-message-id=\"f50362f4-21ad-451e-839d-2ec923b2a960\" data-message-model-slug=\"gpt-5-2\">\n<div class=\"flex w-full flex-col gap-1 empty:hidden first:pt-[1px]\">\n<div class=\"markdown prose dark:prose-invert w-full break-words dark markdown-new-styling\">\n<h3 data-start=\"0\" data-end=\"65\">\ud83d\udd25 <strong data-start=\"7\" data-end=\"65\">Dmuchawa z przes\u0142on\u0105 (klapk\u0105) i przewodem 2 m \u2013 DM 120<\/strong><\/h3>\n<p data-start=\"67\" data-end=\"498\"><strong data-start=\"67\" data-end=\"77\">DM 120<\/strong> to wydajna dmuchawa przeznaczona do <strong data-start=\"114\" data-end=\"149\">kot\u0142\u00f3w i piec\u00f3w na paliwa sta\u0142e<\/strong> (m.in. ekogroszek, w\u0119giel, mia\u0142). Urz\u0105dzenie odpowiada za dostarczanie odpowiedniej ilo\u015bci powietrza do paleniska, co przek\u0142ada si\u0119 na stabilne spalanie, wy\u017csz\u0105 sprawno\u015b\u0107 kot\u0142a oraz oszcz\u0119dno\u015b\u0107 paliwa. Zastosowana <strong data-start=\"364\" data-end=\"386\">przes\u0142ona (klapka)<\/strong> umo\u017cliwia regulacj\u0119 dop\u0142ywu powietrza, a <strong data-start=\"428\" data-end=\"454\">przew\u00f3d o d\u0142ugo\u015bci 2 m<\/strong> u\u0142atwia monta\u017c i pod\u0142\u0105czenie do sterownika.<\/p>\n<hr data-start=\"500\" data-end=\"503\" \/>\n<h3 data-start=\"505\" data-end=\"529\">\u2705 <strong data-start=\"511\" data-end=\"529\">Cechy i zalety<\/strong><\/h3>\n<ul data-start=\"530\" data-end=\"904\">\n<li data-start=\"530\" data-end=\"585\">\n<p data-start=\"532\" data-end=\"585\"><strong data-start=\"532\" data-end=\"554\">Silnik promieniowy<\/strong> \u2013 stabilna i efektywna praca<\/p>\n<\/li>\n<li data-start=\"586\" data-end=\"652\">\n<p data-start=\"588\" data-end=\"652\"><strong data-start=\"588\" data-end=\"610\">Przes\u0142ona (klapka)<\/strong> \u2013 precyzyjna regulacja ilo\u015bci powietrza<\/p>\n<\/li>\n<li data-start=\"653\" data-end=\"691\">\n<p data-start=\"655\" data-end=\"691\"><strong data-start=\"655\" data-end=\"675\">Wysoka wydajno\u015b\u0107<\/strong> \u2013 do 320 m\u00b3\/h<\/p>\n<\/li>\n<li data-start=\"692\" data-end=\"779\">\n<p data-start=\"694\" data-end=\"779\"><strong data-start=\"694\" data-end=\"733\">Solidny wirnik ze stali ocynkowanej<\/strong> \u2013 odporno\u015b\u0107 na korozj\u0119 i d\u0142ug\u0105 eksploatacj\u0119<\/p>\n<\/li>\n<li data-start=\"780\" data-end=\"845\">\n<p data-start=\"782\" data-end=\"845\"><strong data-start=\"782\" data-end=\"808\">Kompaktowa konstrukcja<\/strong> \u2013 \u0142atwy monta\u017c w kot\u0142ach i piecach<\/p>\n<\/li>\n<li data-start=\"846\" data-end=\"904\">\n<p data-start=\"848\" data-end=\"904\"><strong data-start=\"848\" data-end=\"874\">Przew\u00f3d zasilaj\u0105cy 2 m<\/strong> \u2013 wi\u0119ksza wygoda instalacji<\/p>\n<\/li>\n<\/ul>\n<hr data-start=\"906\" data-end=\"909\" \/>\n<h3 data-start=\"911\" data-end=\"937\">\u2699\ufe0f <strong data-start=\"918\" data-end=\"937\">Dane techniczne<\/strong><\/h3>\n<ul data-start=\"938\" data-end=\"1352\">\n<li data-start=\"938\" data-end=\"977\">\n<p data-start=\"940\" data-end=\"977\"><strong data-start=\"940\" data-end=\"956\">Typ silnika:<\/strong> silnik promieniowy<\/p>\n<\/li>\n<li data-start=\"978\" data-end=\"1010\">\n<p data-start=\"980\" data-end=\"1010\"><strong data-start=\"980\" data-end=\"994\">Zasilanie:<\/strong> 230 V \/ 50 Hz<\/p>\n<\/li>\n<li data-start=\"1011\" data-end=\"1047\">\n<p data-start=\"1013\" data-end=\"1047\"><strong data-start=\"1013\" data-end=\"1038\">Spr\u0119\u017canie maksymalne:<\/strong> 290 Pa<\/p>\n<\/li>\n<li data-start=\"1048\" data-end=\"1086\">\n<p data-start=\"1050\" data-end=\"1086\"><strong data-start=\"1050\" data-end=\"1075\">Wydajno\u015b\u0107 maksymalna:<\/strong> 320 m\u00b3\/h<\/p>\n<\/li>\n<li data-start=\"1087\" data-end=\"1127\">\n<p data-start=\"1089\" data-end=\"1127\"><strong data-start=\"1089\" data-end=\"1111\">Pr\u0119dko\u015b\u0107 obrotowa:<\/strong> 2390 obr.\/min<\/p>\n<\/li>\n<li data-start=\"1128\" data-end=\"1152\">\n<p data-start=\"1130\" data-end=\"1152\"><strong data-start=\"1130\" data-end=\"1145\">Pob\u00f3r mocy:<\/strong> 80 W<\/p>\n<\/li>\n<li data-start=\"1153\" data-end=\"1174\">\n<p data-start=\"1155\" data-end=\"1174\"><strong data-start=\"1155\" data-end=\"1164\">Masa:<\/strong> 2,35 kg<\/p>\n<\/li>\n<li data-start=\"1175\" data-end=\"1200\">\n<p data-start=\"1177\" data-end=\"1200\"><strong data-start=\"1177\" data-end=\"1193\">Kondensator:<\/strong> 2 \u00b5F<\/p>\n<\/li>\n<li data-start=\"1201\" data-end=\"1245\">\n<p data-start=\"1203\" data-end=\"1245\"><strong data-start=\"1203\" data-end=\"1225\">Temperatura pracy:<\/strong> od \u201315\u00b0C do +45\u00b0C<\/p>\n<\/li>\n<li data-start=\"1246\" data-end=\"1287\">\n<p data-start=\"1248\" data-end=\"1287\"><strong data-start=\"1248\" data-end=\"1269\">Materia\u0142 wirnika:<\/strong> stal ocynkowana<\/p>\n<\/li>\n<li data-start=\"1288\" data-end=\"1352\">\n<p data-start=\"1290\" data-end=\"1352\"><strong data-start=\"1290\" data-end=\"1312\">Symbol z\u0142o\u017ceniowy:<\/strong> DM120-M0-PO1-K1-H0-PW20-PP4-2,5UF-ZAB<\/p>\n<\/li>\n<\/ul>\n<hr data-start=\"1354\" data-end=\"1357\" \/>\n<h3 data-start=\"1359\" data-end=\"1382\">\ud83e\uddfe <strong data-start=\"1366\" data-end=\"1382\">Podsumowanie<\/strong><\/h3>\n<p data-start=\"1383\" data-end=\"1668\" data-is-last-node=\"\" data-is-only-node=\"\"><strong data-start=\"1383\" data-end=\"1430\">Dmuchawa DM 120 z przes\u0142on\u0105 i przewodem 2 m<\/strong> to niezawodne i wydajne rozwi\u0105zanie do kot\u0142\u00f3w na paliwa sta\u0142e. Dzi\u0119ki solidnej konstrukcji, wysokiej wydajno\u015bci oraz mo\u017cliwo\u015bci regulacji dop\u0142ywu powietrza zapewnia optymalne spalanie, bezpieczn\u0105 prac\u0119 kot\u0142a i d\u0142ug\u0105 \u017cywotno\u015b\u0107 urz\u0105dzenia.<\/p>\n<\/div>\n<\/div>\n<\/div>\n<\/div>\n<div class=\"z-0 flex min-h-[46px] justify-start\"><\/div>\n","protected":false},"excerpt":{"rendered":"<p><strong>Dmuchawa DM 120 z przes\u0142on\u0105 i przewodem 2 m to niezawodne i wydajne rozwi\u0105zanie do kot\u0142\u00f3w na paliwa sta\u0142e. Dzi\u0119ki solidnej konstrukcji, wysokiej wydajno\u015bci oraz mo\u017cliwo\u015bci regulacji dop\u0142ywu powietrza zapewnia optymalne spalanie, bezpieczn\u0105 prac\u0119 kot\u0142a i d\u0142ug\u0105 \u017cywotno\u015b\u0107 urz\u0105dzenia.<\/strong><\/p>\n","protected":false},"featured_media":9502,"template":"","meta":{"_kad_blocks_custom_css":"","_kad_blocks_head_custom_js":"","_kad_blocks_body_custom_js":"","_kad_blocks_footer_custom_js":"","_kad_post_transparent":"default","_kad_post_title":"","_kad_post_layout":"default","_kad_post_sidebar_id":"","_kad_post_content_style":"default","_kad_post_vertical_padding":"default","_kad_post_feature":"","_kad_post_feature_position":"","_kad_post_header":false,"_kad_post_footer":false,"_kad_post_classname":""},"product_brand":[],"product_cat":[224],"product_tag":[],"class_list":{"0":"post-9501","1":"product","2":"type-product","3":"status-publish","4":"has-post-thumbnail","6":"product_cat-czesci-zamienne-kotlow","7":"product_shipping_class-drobnica","9":"first","10":"instock","11":"taxable","12":"shipping-taxable","13":"purchasable","14":"product-type-simple","15":"entry","16":"content-bg","17":"loop-entry"},"taxonomy_info":{"product_cat":[{"value":224,"label":"Cz\u0119\u015bci zamienne kot\u0142\u00f3w na eko-groszek"}]},"featured_image_src_large":["https:\/\/e-systemygrzewcze.eu\/sklep\/wp-content\/uploads\/2026\/01\/Nowy-projekt-20.jpg",510,587,false],"author_info":[],"comment_info":"","_links":{"self":[{"href":"https:\/\/e-systemygrzewcze.eu\/sklep\/wp-json\/wp\/v2\/product\/9501","targetHints":{"allow":["GET"]}}],"collection":[{"href":"https:\/\/e-systemygrzewcze.eu\/sklep\/wp-json\/wp\/v2\/product"}],"about":[{"href":"https:\/\/e-systemygrzewcze.eu\/sklep\/wp-json\/wp\/v2\/types\/product"}],"wp:featuredmedia":[{"embeddable":true,"href":"https:\/\/e-systemygrzewcze.eu\/sklep\/wp-json\/wp\/v2\/media\/9502"}],"wp:attachment":[{"href":"https:\/\/e-systemygrzewcze.eu\/sklep\/wp-json\/wp\/v2\/media?parent=9501"}],"wp:term":[{"taxonomy":"product_brand","embeddable":true,"href":"https:\/\/e-systemygrzewcze.eu\/sklep\/wp-json\/wp\/v2\/product_brand?post=9501"},{"taxonomy":"product_cat","embeddable":true,"href":"https:\/\/e-systemygrzewcze.eu\/sklep\/wp-json\/wp\/v2\/product_cat?post=9501"},{"taxonomy":"product_tag","embeddable":true,"href":"https:\/\/e-systemygrzewcze.eu\/sklep\/wp-json\/wp\/v2\/product_tag?post=9501"}],"curies":[{"name":"wp","href":"https:\/\/api.w.org\/{rel}","templated":true}]}}