{"id":9046,"date":"2026-01-13T15:15:31","date_gmt":"2026-01-13T15:15:31","guid":{"rendered":"https:\/\/e-systemygrzewcze.eu\/sklep\/produkt\/afriso-termostat-przylgowy-brc-20-90-nastawa-zewnetrzna\/"},"modified":"2026-04-03T06:25:25","modified_gmt":"2026-04-03T06:25:25","slug":"afriso-termostat-przylgowy-brc-20-90-nastawa-zewnetrzna","status":"publish","type":"product","link":"https:\/\/e-systemygrzewcze.eu\/sklep\/produkt\/afriso-termostat-przylgowy-brc-20-90-nastawa-zewnetrzna\/","title":{"rendered":"AFRISO Termostat przylgowy BRC 20-90\u00b0, nastawa zewn\u0119trzny"},"content":{"rendered":"<h3 data-start=\"118\" data-end=\"183\">\ud83d\udd27 AFRISO Termostat przylgowy BRC 20\u201390\u00b0C, nastawa zewn\u0119trzna<\/h3>\n<p data-start=\"211\" data-end=\"544\">Termostat przylgowy <strong data-start=\"231\" data-end=\"245\">AFRISO BRC<\/strong> z <strong data-start=\"248\" data-end=\"282\">zewn\u0119trzn\u0105 nastaw\u0105 temperatury<\/strong> to praktyczne i niezawodne urz\u0105dzenie przeznaczone do sterowania prac\u0105 urz\u0105dze\u0144 instalacyjnych na zasadzie <strong data-start=\"390\" data-end=\"406\">w\u0142\u0105cz\/wy\u0142\u0105cz<\/strong>. Dzia\u0142a w oparciu o pomiar temperatury powierzchni, z kt\u00f3r\u0105 ma bezpo\u015bredni kontakt, co zapewnia precyzyjn\u0105 kontrol\u0119 dzia\u0142ania instalacji.<\/p>\n<p data-start=\"546\" data-end=\"853\">Model ten umo\u017cliwia <strong data-start=\"566\" data-end=\"608\">szybk\u0105 i wygodn\u0105 regulacj\u0119 temperatury<\/strong> dzi\u0119ki pokr\u0119t\u0142u umieszczonemu w g\u00f3rnej cz\u0119\u015bci obudowy. Zewn\u0119trzna nastawa sprawia, \u017ce zmiana parametr\u00f3w pracy jest \u0142atwa i nie wymaga otwierania obudowy, co jest szczeg\u00f3lnie wygodne w instalacjach, gdzie regulacja temperatury odbywa si\u0119 cz\u0119sto.<\/p>\n<p data-start=\"855\" data-end=\"1143\">Zakres regulacji temperatury wynosi <strong data-start=\"891\" data-end=\"908\">od 20 do 90\u00b0C<\/strong>, dzi\u0119ki czemu termostat znajduje zastosowanie w wielu systemach, takich jak instalacje centralnego ogrzewania, obiegi grzewcze, podgrzewacze wody, wymienniki ciep\u0142a oraz inne urz\u0105dzenia wymagaj\u0105ce kontroli temperatury powierzchniowej.<\/p>\n<p data-start=\"1145\" data-end=\"1388\">Solidna konstrukcja oraz prosty mechanizm dzia\u0142ania sprawiaj\u0105, \u017ce termostat przylgowy AFRISO BRC z nastaw\u0105 zewn\u0119trzn\u0105 jest cenzonym rozwi\u0105zaniem w\u015br\u00f3d instalator\u00f3w i u\u017cytkownik\u00f3w, kt\u00f3rzy oczekuj\u0105 trwa\u0142o\u015bci, funkcjonalno\u015bci oraz \u0142atwej obs\u0142ugi.<\/p>\n","protected":false},"excerpt":{"rendered":"<p><strong>Termostat przylgowy AFRISO BRC z zewn\u0119trzn\u0105 nastaw\u0105 temperatury w zakresie 20\u201390\u00b0C umo\u017cliwia sterowanie urz\u0105dzeniami na zasadzie w\u0142\u0105cz\/wy\u0142\u0105cz w zale\u017cno\u015bci od temperatury powierzchni. Wygodne pokr\u0119t\u0142o regulacyjne na obudowie zapewnia \u0142atw\u0105 i szybk\u0105 zmian\u0119 ustawie\u0144.<\/strong><\/p>\n","protected":false},"featured_media":9047,"template":"","meta":{"_kad_blocks_custom_css":"","_kad_blocks_head_custom_js":"","_kad_blocks_body_custom_js":"","_kad_blocks_footer_custom_js":"","_kad_post_transparent":"default","_kad_post_title":"","_kad_post_layout":"default","_kad_post_sidebar_id":"","_kad_post_content_style":"default","_kad_post_vertical_padding":"default","_kad_post_feature":"","_kad_post_feature_position":"","_kad_post_header":false,"_kad_post_footer":false,"_kad_post_classname":""},"product_brand":[124],"product_cat":[462],"product_tag":[],"class_list":{"0":"post-9046","1":"product","2":"type-product","3":"status-publish","4":"has-post-thumbnail","6":"product_brand-afriso","7":"product_cat-akcesoria-kotly","8":"product_shipping_class-drobnica","10":"first","11":"instock","12":"taxable","13":"shipping-taxable","14":"purchasable","15":"product-type-simple","16":"entry","17":"content-bg","18":"loop-entry"},"taxonomy_info":{"product_brand":[{"value":124,"label":"AFRISO"}],"product_cat":[{"value":462,"label":"Akcesoria"}]},"featured_image_src_large":["https:\/\/e-systemygrzewcze.eu\/sklep\/wp-content\/uploads\/2026\/01\/Nowy-projekt-2026-01-13T155742.399.jpg",510,587,false],"author_info":[],"comment_info":"","_links":{"self":[{"href":"https:\/\/e-systemygrzewcze.eu\/sklep\/wp-json\/wp\/v2\/product\/9046","targetHints":{"allow":["GET"]}}],"collection":[{"href":"https:\/\/e-systemygrzewcze.eu\/sklep\/wp-json\/wp\/v2\/product"}],"about":[{"href":"https:\/\/e-systemygrzewcze.eu\/sklep\/wp-json\/wp\/v2\/types\/product"}],"wp:featuredmedia":[{"embeddable":true,"href":"https:\/\/e-systemygrzewcze.eu\/sklep\/wp-json\/wp\/v2\/media\/9047"}],"wp:attachment":[{"href":"https:\/\/e-systemygrzewcze.eu\/sklep\/wp-json\/wp\/v2\/media?parent=9046"}],"wp:term":[{"taxonomy":"product_brand","embeddable":true,"href":"https:\/\/e-systemygrzewcze.eu\/sklep\/wp-json\/wp\/v2\/product_brand?post=9046"},{"taxonomy":"product_cat","embeddable":true,"href":"https:\/\/e-systemygrzewcze.eu\/sklep\/wp-json\/wp\/v2\/product_cat?post=9046"},{"taxonomy":"product_tag","embeddable":true,"href":"https:\/\/e-systemygrzewcze.eu\/sklep\/wp-json\/wp\/v2\/product_tag?post=9046"}],"curies":[{"name":"wp","href":"https:\/\/api.w.org\/{rel}","templated":true}]}}