{"id":8923,"date":"2026-01-10T09:33:16","date_gmt":"2026-01-10T09:33:16","guid":{"rendered":"https:\/\/e-systemygrzewcze.eu\/sklep\/produkt\/auraton-centrala-systemu-pulse-smart-aursmc1001010\/"},"modified":"2026-04-07T11:54:16","modified_gmt":"2026-04-07T11:54:16","slug":"auraton-centrala-systemu-pulse-smart-aursmc1001010","status":"publish","type":"product","link":"https:\/\/e-systemygrzewcze.eu\/sklep\/produkt\/auraton-centrala-systemu-pulse-smart-aursmc1001010\/","title":{"rendered":"AURATON Centrala systemu PULSE  SMART (AURSMC1001010)"},"content":{"rendered":"<h2 style=\"text-align: center;\" data-start=\"0\" data-end=\"73\">! TOWAR POWYSTAWOWY !<\/h2>\n<h2 data-start=\"0\" data-end=\"101\">\ud83c\udfe0 <strong data-start=\"3\" data-end=\"65\">AURATON Pulse SMART \u2013 Centrala systemu inteligentnego domu<\/strong><\/h2>\n<p>AURATON Pulse SMART to centralna jednostka steruj\u0105ca systemem inteligentnego domu AURATON. Pe\u0142ni rol\u0119 \u201em\u00f3zgu\u201d ca\u0142ej instalacji, umo\u017cliwiaj\u0105c zdalne zarz\u0105dzanie kompatybilnymi urz\u0105dzeniami \u2013 takimi jak sterowniki ogrzewania, czujniki czy inne elementy automatyki domowej \u2013 z dowolnego miejsca na \u015bwiecie.<\/p>\n<hr data-start=\"408\" data-end=\"411\" \/>\n<h2 data-start=\"413\" data-end=\"442\">\u2b50 Najwa\u017cniejsze informacje<\/h2>\n<p data-start=\"444\" data-end=\"831\"><strong data-start=\"444\" data-end=\"458\">Producent:<\/strong> AURATON<br data-start=\"466\" data-end=\"469\" \/><strong data-start=\"469\" data-end=\"479\">Model:<\/strong> Pulse SMART<br data-start=\"491\" data-end=\"494\" \/><strong data-start=\"494\" data-end=\"511\">Kod produktu:<\/strong> AURSMC1001010<br data-start=\"525\" data-end=\"528\" \/><strong data-start=\"528\" data-end=\"547\">Typ urz\u0105dzenia:<\/strong> Centrala systemu smart home<br data-start=\"575\" data-end=\"578\" \/><strong data-start=\"578\" data-end=\"594\">Komunikacja:<\/strong> bezprzewodowa (protok\u00f3\u0142 AURA)<br data-start=\"624\" data-end=\"627\" \/><strong data-start=\"627\" data-end=\"642\">Sterowanie:<\/strong> aplikacja mobilna AURATON Smart App<br data-start=\"678\" data-end=\"681\" \/><strong data-start=\"681\" data-end=\"695\">Zasilanie:<\/strong> USB<br data-start=\"699\" data-end=\"702\" \/><strong data-start=\"702\" data-end=\"730\">Po\u0142\u0105czenie z Internetem:<\/strong> Ethernet (LAN)<br data-start=\"745\" data-end=\"748\" \/><strong data-start=\"748\" data-end=\"765\">Aktualizacje:<\/strong> OTA (Over The Air)<br data-start=\"784\" data-end=\"787\" \/><strong data-start=\"787\" data-end=\"804\">Sygnalizacja:<\/strong> dioda RGB (konfigurowalna)<\/p>\n<hr data-start=\"833\" data-end=\"836\" \/>\n<h2 data-start=\"838\" data-end=\"871\">\u2699\ufe0f Funkcjonalno\u015b\u0107 i mo\u017cliwo\u015bci<\/h2>\n<ul data-start=\"873\" data-end=\"1267\">\n<li data-start=\"873\" data-end=\"923\">\n<p data-start=\"875\" data-end=\"923\">Zdalne sterowanie urz\u0105dzeniami systemu AURATON<\/p>\n<\/li>\n<li data-start=\"924\" data-end=\"975\">\n<p data-start=\"926\" data-end=\"975\">Tworzenie scenariuszy i harmonogram\u00f3w dzia\u0142ania<\/p>\n<\/li>\n<li data-start=\"976\" data-end=\"1035\">\n<p data-start=\"978\" data-end=\"1035\">Inteligentne zarz\u0105dzanie ogrzewaniem i zu\u017cyciem energii<\/p>\n<\/li>\n<li data-start=\"1036\" data-end=\"1089\">\n<p data-start=\"1038\" data-end=\"1089\">Monitorowanie stanu urz\u0105dze\u0144 oraz poziomu baterii<\/p>\n<\/li>\n<li data-start=\"1090\" data-end=\"1143\">\n<p data-start=\"1092\" data-end=\"1143\">Powiadomienia o zdarzeniach i nieprawid\u0142owo\u015bciach<\/p>\n<\/li>\n<li data-start=\"1144\" data-end=\"1195\">\n<p data-start=\"1146\" data-end=\"1195\">Bezpieczna komunikacja radiowa w protokole AURA<\/p>\n<\/li>\n<li data-start=\"1196\" data-end=\"1267\">\n<p data-start=\"1198\" data-end=\"1267\">Sta\u0142y dost\u0119p do najnowszego oprogramowania dzi\u0119ki aktualizacjom OTA<\/p>\n<\/li>\n<\/ul>\n<hr data-start=\"1269\" data-end=\"1272\" \/>\n<h2 data-start=\"1274\" data-end=\"1301\">\ud83d\udcf1 Obs\u0142uga i u\u017cytkowanie<\/h2>\n<p data-start=\"1303\" data-end=\"1472\">Centrala wsp\u00f3\u0142pracuje z intuicyjn\u0105 <strong data-start=\"1338\" data-end=\"1369\">aplikacj\u0105 AURATON Smart App<\/strong>, kt\u00f3ra prowadzi u\u017cytkownika krok po kroku przez proces konfiguracji. Z poziomu aplikacji mo\u017cliwe jest:<\/p>\n<ul data-start=\"1473\" data-end=\"1628\">\n<li data-start=\"1473\" data-end=\"1505\">\n<p data-start=\"1475\" data-end=\"1505\">dodawanie i usuwanie urz\u0105dze\u0144,<\/p>\n<\/li>\n<li data-start=\"1506\" data-end=\"1533\">\n<p data-start=\"1508\" data-end=\"1533\">ustawianie harmonogram\u00f3w,<\/p>\n<\/li>\n<li data-start=\"1534\" data-end=\"1582\">\n<p data-start=\"1536\" data-end=\"1582\">podgl\u0105d statusu systemu w czasie rzeczywistym,<\/p>\n<\/li>\n<li data-start=\"1583\" data-end=\"1628\">\n<p data-start=\"1585\" data-end=\"1628\">kontrola pracy instalacji nawet poza domem.<\/p>\n<\/li>\n<\/ul>\n<hr data-start=\"1630\" data-end=\"1633\" \/>\n<h2 data-start=\"1635\" data-end=\"1651\">\ud83d\udd27 Instalacja<\/h2>\n<ul data-start=\"1653\" data-end=\"1973\">\n<li data-start=\"1653\" data-end=\"1721\">\n<p data-start=\"1655\" data-end=\"1721\">szybka i prosta instalacja bez skomplikowanych prac monta\u017cowych,<\/p>\n<\/li>\n<li data-start=\"1722\" data-end=\"1774\">\n<p data-start=\"1724\" data-end=\"1774\">pod\u0142\u0105czenie do routera za pomoc\u0105 kabla Ethernet,<\/p>\n<\/li>\n<li data-start=\"1775\" data-end=\"1799\">\n<p data-start=\"1777\" data-end=\"1799\">zasilanie przez USB,<\/p>\n<\/li>\n<li data-start=\"1800\" data-end=\"1896\">\n<p data-start=\"1802\" data-end=\"1896\">zalecane umiejscowienie w centralnym lub najwy\u017cszym punkcie budynku dla najlepszego zasi\u0119gu,<\/p>\n<\/li>\n<li data-start=\"1897\" data-end=\"1973\">\n<p data-start=\"1899\" data-end=\"1973\">unika\u0107 monta\u017cu w pobli\u017cu du\u017cych element\u00f3w metalowych i zbiornik\u00f3w wodnych.<\/p>\n<\/li>\n<\/ul>\n<hr data-start=\"1975\" data-end=\"1978\" \/>\n<h2 data-start=\"1980\" data-end=\"1998\">\u2728 Opis produktu<\/h2>\n<p data-start=\"2000\" data-end=\"2369\"><strong data-start=\"2000\" data-end=\"2023\">AURATON Pulse SMART<\/strong> to nowoczesna centrala, kt\u00f3ra \u0142\u0105czy wszystkie elementy inteligentnego domu w jeden sp\u00f3jny system. Zapewnia wygod\u0119, bezpiecze\u0144stwo oraz realne oszcz\u0119dno\u015bci energii dzi\u0119ki zaawansowanemu sterowaniu i automatyzacji. To idealne rozwi\u0105zanie zar\u00f3wno dla u\u017cytkownik\u00f3w indywidualnych, jak i instalator\u00f3w, kt\u00f3rzy ceni\u0105 niezawodno\u015b\u0107 oraz prostot\u0119 obs\u0142ugi.<\/p>\n","protected":false},"excerpt":{"rendered":"<p><strong>AURATON Pulse SMART to centrala systemu inteligentnego domu umo\u017cliwiaj\u0105ca zdalne sterowanie i automatyzacj\u0119 pracy kompatybilnych urz\u0105dze\u0144. Dzi\u0119ki aplikacji mobilnej, bezprzewodowej komunikacji i aktualizacjom OTA zapewnia komfort, bezpiecze\u0144stwo oraz efektywne zarz\u0105dzanie energi\u0105.<\/strong><\/p>\n","protected":false},"featured_media":8925,"template":"","meta":{"_kad_blocks_custom_css":"","_kad_blocks_head_custom_js":"","_kad_blocks_body_custom_js":"","_kad_blocks_footer_custom_js":"","_kad_post_transparent":"default","_kad_post_title":"","_kad_post_layout":"default","_kad_post_sidebar_id":"","_kad_post_content_style":"default","_kad_post_vertical_padding":"default","_kad_post_feature":"","_kad_post_feature_position":"","_kad_post_header":false,"_kad_post_footer":false,"_kad_post_classname":""},"product_brand":[464],"product_cat":[291],"product_tag":[],"class_list":{"0":"post-8923","1":"product","2":"type-product","3":"status-publish","4":"has-post-thumbnail","6":"product_brand-auraton","7":"product_cat-wyprzedaz","8":"product_shipping_class-drobnica","10":"first","11":"instock","12":"taxable","13":"shipping-taxable","14":"purchasable","15":"product-type-simple","16":"entry","17":"content-bg","18":"loop-entry"},"taxonomy_info":{"product_brand":[{"value":464,"label":"Auraton"}],"product_cat":[{"value":291,"label":"Wyprzeda\u017c"}]},"featured_image_src_large":["https:\/\/e-systemygrzewcze.eu\/sklep\/wp-content\/uploads\/2026\/01\/Nowy-projekt-2026-01-10T103609.974.jpg",510,587,false],"author_info":[],"comment_info":"","_links":{"self":[{"href":"https:\/\/e-systemygrzewcze.eu\/sklep\/wp-json\/wp\/v2\/product\/8923","targetHints":{"allow":["GET"]}}],"collection":[{"href":"https:\/\/e-systemygrzewcze.eu\/sklep\/wp-json\/wp\/v2\/product"}],"about":[{"href":"https:\/\/e-systemygrzewcze.eu\/sklep\/wp-json\/wp\/v2\/types\/product"}],"wp:featuredmedia":[{"embeddable":true,"href":"https:\/\/e-systemygrzewcze.eu\/sklep\/wp-json\/wp\/v2\/media\/8925"}],"wp:attachment":[{"href":"https:\/\/e-systemygrzewcze.eu\/sklep\/wp-json\/wp\/v2\/media?parent=8923"}],"wp:term":[{"taxonomy":"product_brand","embeddable":true,"href":"https:\/\/e-systemygrzewcze.eu\/sklep\/wp-json\/wp\/v2\/product_brand?post=8923"},{"taxonomy":"product_cat","embeddable":true,"href":"https:\/\/e-systemygrzewcze.eu\/sklep\/wp-json\/wp\/v2\/product_cat?post=8923"},{"taxonomy":"product_tag","embeddable":true,"href":"https:\/\/e-systemygrzewcze.eu\/sklep\/wp-json\/wp\/v2\/product_tag?post=8923"}],"curies":[{"name":"wp","href":"https:\/\/api.w.org\/{rel}","templated":true}]}}