{"id":8850,"date":"2026-01-07T10:45:41","date_gmt":"2026-01-07T10:45:41","guid":{"rendered":"https:\/\/e-systemygrzewcze.eu\/sklep\/produkt\/carlo-poletti-zestaw-maskujacy-zespolony-chrom-a54703b\/"},"modified":"2026-04-10T05:48:11","modified_gmt":"2026-04-10T05:48:11","slug":"carlo-poletti-zestaw-maskujacy-zespolony-chrom-a54703b","status":"publish","type":"product","link":"https:\/\/e-systemygrzewcze.eu\/sklep\/produkt\/carlo-poletti-zestaw-maskujacy-zespolony-chrom-a54703b\/","title":{"rendered":"CARLO POLETTI Zestaw maskuj\u0105cy zespolony chrom (A54703B)"},"content":{"rendered":"<h2 style=\"text-align: center;\" data-start=\"0\" data-end=\"73\">! TOWAR POWYSTAWOWY !<\/h2>\n","protected":false},"excerpt":{"rendered":"<p><strong>CARLO POLETTI Zestaw maskuj\u0105cy zespolony chrom (A54703B) to estetyczny element wyko\u0144czeniowy przeznaczony do maskowania przy\u0142\u0105czy instalacyjnych przy grzejnikach. Chromowane wyko\u0144czenie nadaje ca\u0142o\u015bci elegancki wygl\u0105d i dobrze komponuje si\u0119 z nowoczesn\u0105 armatur\u0105 grzewcz\u0105. Produkt pozwala uzyska\u0107 schludne i profesjonalne wyko\u0144czenie instalacji.<\/strong><\/p>\n","protected":false},"featured_media":8851,"template":"","meta":{"_kad_blocks_custom_css":"","_kad_blocks_head_custom_js":"","_kad_blocks_body_custom_js":"","_kad_blocks_footer_custom_js":"","_kad_post_transparent":"default","_kad_post_title":"","_kad_post_layout":"default","_kad_post_sidebar_id":"","_kad_post_content_style":"default","_kad_post_vertical_padding":"default","_kad_post_feature":"","_kad_post_feature_position":"","_kad_post_header":false,"_kad_post_footer":false,"_kad_post_classname":""},"product_brand":[460],"product_cat":[291],"product_tag":[],"class_list":{"0":"post-8850","1":"product","2":"type-product","3":"status-publish","4":"has-post-thumbnail","6":"product_brand-carlo-poletti","7":"product_cat-wyprzedaz","8":"product_shipping_class-drobnica","10":"first","11":"instock","12":"taxable","13":"shipping-taxable","14":"purchasable","15":"product-type-simple","16":"entry","17":"content-bg","18":"loop-entry"},"taxonomy_info":{"product_brand":[{"value":460,"label":"Carlo Poletti"}],"product_cat":[{"value":291,"label":"Wyprzeda\u017c"}]},"featured_image_src_large":["https:\/\/e-systemygrzewcze.eu\/sklep\/wp-content\/uploads\/2026\/01\/Nowy-projekt-2026-01-07T113548.484.jpg",510,587,false],"author_info":[],"comment_info":"","_links":{"self":[{"href":"https:\/\/e-systemygrzewcze.eu\/sklep\/wp-json\/wp\/v2\/product\/8850","targetHints":{"allow":["GET"]}}],"collection":[{"href":"https:\/\/e-systemygrzewcze.eu\/sklep\/wp-json\/wp\/v2\/product"}],"about":[{"href":"https:\/\/e-systemygrzewcze.eu\/sklep\/wp-json\/wp\/v2\/types\/product"}],"wp:featuredmedia":[{"embeddable":true,"href":"https:\/\/e-systemygrzewcze.eu\/sklep\/wp-json\/wp\/v2\/media\/8851"}],"wp:attachment":[{"href":"https:\/\/e-systemygrzewcze.eu\/sklep\/wp-json\/wp\/v2\/media?parent=8850"}],"wp:term":[{"taxonomy":"product_brand","embeddable":true,"href":"https:\/\/e-systemygrzewcze.eu\/sklep\/wp-json\/wp\/v2\/product_brand?post=8850"},{"taxonomy":"product_cat","embeddable":true,"href":"https:\/\/e-systemygrzewcze.eu\/sklep\/wp-json\/wp\/v2\/product_cat?post=8850"},{"taxonomy":"product_tag","embeddable":true,"href":"https:\/\/e-systemygrzewcze.eu\/sklep\/wp-json\/wp\/v2\/product_tag?post=8850"}],"curies":[{"name":"wp","href":"https:\/\/api.w.org\/{rel}","templated":true}]}}