{"id":8556,"date":"2025-12-30T09:12:59","date_gmt":"2025-12-30T09:12:59","guid":{"rendered":"https:\/\/e-systemygrzewcze.eu\/sklep\/produkt\/valvex-alba-bateria-prysznicowa-nascienna-2453930\/"},"modified":"2026-04-08T05:42:57","modified_gmt":"2026-04-08T05:42:57","slug":"valvex-alba-bateria-prysznicowa-nascienna-2453930","status":"publish","type":"product","link":"https:\/\/e-systemygrzewcze.eu\/sklep\/produkt\/valvex-alba-bateria-prysznicowa-nascienna-2453930\/","title":{"rendered":"VALVEX ALBA Bateria prysznicowa na\u015bcienna (2453930)"},"content":{"rendered":"<h2 style=\"text-align: center;\" data-start=\"0\" data-end=\"73\">! TOWAR POWYSTAWOWY !<\/h2>\n<h3 data-start=\"0\" data-end=\"58\">\ud83d\udebf VALVEX ALBA Bateria prysznicowa na\u015bcienna (2453930)<\/h3>\n<p data-start=\"60\" data-end=\"279\">Bateria prysznicowa <strong data-start=\"80\" data-end=\"95\">VALVEX ALBA<\/strong> to praktyczne i estetyczne rozwi\u0105zanie do ka\u017cdej \u0142azienki. Klasyczne chromowane wyko\u0144czenie oraz kompletny zestaw natryskowy zapewniaj\u0105 komfort codziennego u\u017cytkowania i \u0142atwy monta\u017c.<\/p>\n<hr data-start=\"281\" data-end=\"284\" \/>\n<h3 data-start=\"286\" data-end=\"311\">\u2728 Najwa\u017cniejsze cechy<\/h3>\n<ul data-start=\"312\" data-end=\"514\">\n<li data-start=\"312\" data-end=\"347\">\n<p data-start=\"314\" data-end=\"347\">Bateria prysznicowa \u015bcienna<\/p>\n<\/li>\n<li data-start=\"348\" data-end=\"409\">\n<p data-start=\"350\" data-end=\"409\">W komplecie r\u0105czka natrysku, w\u0105\u017c oraz uchwyt punktowy<\/p>\n<\/li>\n<li data-start=\"410\" data-end=\"482\">\n<p data-start=\"412\" data-end=\"482\">Regulator przep\u0142ywu odpowiedzialny za napowietrzenie strumienia wody<\/p>\n<\/li>\n<li data-start=\"483\" data-end=\"514\">\n<p data-start=\"485\" data-end=\"514\">Prosty i uniwersalny design<\/p>\n<\/li>\n<\/ul>\n<hr data-start=\"516\" data-end=\"519\" \/>\n<h3 data-start=\"521\" data-end=\"544\">\ud83d\udee0\ufe0f Dane techniczne<\/h3>\n<ul data-start=\"545\" data-end=\"737\">\n<li data-start=\"545\" data-end=\"570\">\n<p data-start=\"547\" data-end=\"570\">Producent: Valvex<\/p>\n<\/li>\n<li data-start=\"571\" data-end=\"590\">\n<p data-start=\"573\" data-end=\"590\">Seria: Alba<\/p>\n<\/li>\n<li data-start=\"591\" data-end=\"620\">\n<p data-start=\"593\" data-end=\"620\">Kod produktu: 2453930<\/p>\n<\/li>\n<li data-start=\"621\" data-end=\"652\">\n<p data-start=\"623\" data-end=\"652\">Typ: bateria natryskowa<\/p>\n<\/li>\n<li data-start=\"653\" data-end=\"678\">\n<p data-start=\"655\" data-end=\"678\">Monta\u017c: na\u015bcienny<\/p>\n<\/li>\n<li data-start=\"679\" data-end=\"699\">\n<p data-start=\"681\" data-end=\"699\">Kolor: chrom<\/p>\n<\/li>\n<li data-start=\"700\" data-end=\"737\">\n<p data-start=\"702\" data-end=\"737\">Regulator przep\u0142ywu: plastikowy<\/p>\n<\/li>\n<\/ul>\n","protected":false},"excerpt":{"rendered":"<p><strong>VALVEX ALBA 2453930 to \u015bcienna bateria prysznicowa z kompletnym zestawem natryskowym, kt\u00f3ra \u0142\u0105czy funkcjonalno\u015b\u0107 z prost\u0105, eleganck\u0105 form\u0105. Idealna do codziennego u\u017cytku w nowoczesnych i klasycznych \u0142azienkach.<\/strong><\/p>\n","protected":false},"featured_media":8557,"template":"","meta":{"_kad_blocks_custom_css":"","_kad_blocks_head_custom_js":"","_kad_blocks_body_custom_js":"","_kad_blocks_footer_custom_js":"","_kad_post_transparent":"default","_kad_post_title":"","_kad_post_layout":"default","_kad_post_sidebar_id":"","_kad_post_content_style":"default","_kad_post_vertical_padding":"default","_kad_post_feature":"","_kad_post_feature_position":"","_kad_post_header":false,"_kad_post_footer":false,"_kad_post_classname":""},"product_brand":[456],"product_cat":[291],"product_tag":[],"class_list":{"0":"post-8556","1":"product","2":"type-product","3":"status-publish","4":"has-post-thumbnail","6":"product_brand-valvex","7":"product_cat-wyprzedaz","8":"product_shipping_class-drobnica","10":"first","11":"instock","12":"taxable","13":"shipping-taxable","14":"purchasable","15":"product-type-simple","16":"entry","17":"content-bg","18":"loop-entry"},"taxonomy_info":{"product_brand":[{"value":456,"label":"Valvex"}],"product_cat":[{"value":291,"label":"Wyprzeda\u017c"}]},"featured_image_src_large":["https:\/\/e-systemygrzewcze.eu\/sklep\/wp-content\/uploads\/2025\/12\/Nowy-projekt-2025-12-30T101128.557.jpg",510,587,false],"author_info":[],"comment_info":"","_links":{"self":[{"href":"https:\/\/e-systemygrzewcze.eu\/sklep\/wp-json\/wp\/v2\/product\/8556","targetHints":{"allow":["GET"]}}],"collection":[{"href":"https:\/\/e-systemygrzewcze.eu\/sklep\/wp-json\/wp\/v2\/product"}],"about":[{"href":"https:\/\/e-systemygrzewcze.eu\/sklep\/wp-json\/wp\/v2\/types\/product"}],"wp:featuredmedia":[{"embeddable":true,"href":"https:\/\/e-systemygrzewcze.eu\/sklep\/wp-json\/wp\/v2\/media\/8557"}],"wp:attachment":[{"href":"https:\/\/e-systemygrzewcze.eu\/sklep\/wp-json\/wp\/v2\/media?parent=8556"}],"wp:term":[{"taxonomy":"product_brand","embeddable":true,"href":"https:\/\/e-systemygrzewcze.eu\/sklep\/wp-json\/wp\/v2\/product_brand?post=8556"},{"taxonomy":"product_cat","embeddable":true,"href":"https:\/\/e-systemygrzewcze.eu\/sklep\/wp-json\/wp\/v2\/product_cat?post=8556"},{"taxonomy":"product_tag","embeddable":true,"href":"https:\/\/e-systemygrzewcze.eu\/sklep\/wp-json\/wp\/v2\/product_tag?post=8556"}],"curies":[{"name":"wp","href":"https:\/\/api.w.org\/{rel}","templated":true}]}}