{"id":8283,"date":"2025-12-22T14:15:33","date_gmt":"2025-12-22T14:15:33","guid":{"rendered":"https:\/\/e-systemygrzewcze.eu\/sklep\/produkt\/deante-jaskier-zestaw-prysznicowy-2-funkcyjny-nck-051k\/"},"modified":"2026-04-08T06:13:20","modified_gmt":"2026-04-08T06:13:20","slug":"deante-jaskier-zestaw-prysznicowy-2-funkcyjny-nck-051k","status":"publish","type":"product","link":"https:\/\/e-systemygrzewcze.eu\/sklep\/produkt\/deante-jaskier-zestaw-prysznicowy-2-funkcyjny-nck-051k\/","title":{"rendered":"DEANTE JASKIER Zestaw prysznicowy 2-funkcyjny (NCK 051K)"},"content":{"rendered":"<h2 style=\"text-align: center;\" data-start=\"0\" data-end=\"73\">! TOWAR POWYSTAWOWY !<\/h2>\n<h3 data-start=\"136\" data-end=\"199\">\ud83d\udebf DEANTE JASKIER zestaw prysznicowy 2-funkcyjny (NCK_051K)<\/h3>\n<p data-start=\"201\" data-end=\"459\">Zestaw prysznicowy DEANTE JASKIER to praktyczne i estetyczne rozwi\u0105zanie do codziennego u\u017cytkowania w \u0142azience. Klasyczny design w po\u0142\u0105czeniu z funkcjonalno\u015bci\u0105 sprawia, \u017ce zestaw doskonale pasuje zar\u00f3wno do nowoczesnych, jak i tradycyjnych aran\u017cacji wn\u0119trz.<\/p>\n<p data-start=\"461\" data-end=\"838\">W sk\u0142ad zestawu wchodzi dr\u0105\u017cek prysznicowy o d\u0142ugo\u015bci 70 cm, kt\u00f3ry umo\u017cliwia wygodn\u0105 regulacj\u0119 wysoko\u015bci s\u0142uchawki, a tak\u017ce akrylowa mydelniczka zwi\u0119kszaj\u0105ca komfort u\u017cytkowania. Elastyczny w\u0105\u017c prysznicowy PVC o d\u0142ugo\u015bci 150 cm zapewnia swobod\u0119 ruch\u00f3w i trwa\u0142o\u015b\u0107 podczas codziennej eksploatacji. Dwufunkcyjna s\u0142uchawka pozwala dopasowa\u0107 strumie\u0144 wody do indywidualnych potrzeb.<\/p>\n<hr data-start=\"840\" data-end=\"843\" \/>\n<h3 data-start=\"845\" data-end=\"871\">\u2b50 Najwa\u017cniejsze cechy:<\/h3>\n<ul data-start=\"872\" data-end=\"1108\">\n<li data-start=\"872\" data-end=\"906\">\n<p data-start=\"874\" data-end=\"906\">zestaw prysznicowy 2-funkcyjny<\/p>\n<\/li>\n<li data-start=\"907\" data-end=\"946\">\n<p data-start=\"909\" data-end=\"946\">regulowany dr\u0105\u017cek prysznicowy 70 cm<\/p>\n<\/li>\n<li data-start=\"947\" data-end=\"982\">\n<p data-start=\"949\" data-end=\"982\">akrylowa mydelniczka w zestawie<\/p>\n<\/li>\n<li data-start=\"983\" data-end=\"1017\">\n<p data-start=\"985\" data-end=\"1017\">elastyczny w\u0105\u017c prysznicowy PVC<\/p>\n<\/li>\n<li data-start=\"1018\" data-end=\"1057\">\n<p data-start=\"1020\" data-end=\"1057\">wygoda i funkcjonalno\u015b\u0107 na co dzie\u0144<\/p>\n<\/li>\n<li data-start=\"1058\" data-end=\"1108\">\n<p data-start=\"1060\" data-end=\"1108\">uniwersalny design pasuj\u0105cy do wielu aran\u017cacji<\/p>\n<\/li>\n<\/ul>\n<hr data-start=\"1110\" data-end=\"1113\" \/>\n<h3 data-start=\"1115\" data-end=\"1138\">\ud83d\udd27 Dane techniczne:<\/h3>\n<ul data-start=\"1139\" data-end=\"1399\">\n<li data-start=\"1139\" data-end=\"1164\">\n<p data-start=\"1141\" data-end=\"1164\">Producent: Deante<\/p>\n<\/li>\n<li data-start=\"1165\" data-end=\"1187\">\n<p data-start=\"1167\" data-end=\"1187\">Seria: Jaskier<\/p>\n<\/li>\n<li data-start=\"1188\" data-end=\"1218\">\n<p data-start=\"1190\" data-end=\"1218\">Kod produktu: NCK_051K<\/p>\n<\/li>\n<li data-start=\"1219\" data-end=\"1253\">\n<p data-start=\"1221\" data-end=\"1253\">Rodzaj: zestaw prysznicowy<\/p>\n<\/li>\n<li data-start=\"1254\" data-end=\"1282\">\n<p data-start=\"1256\" data-end=\"1282\">Funkcje s\u0142uchawki: 2<\/p>\n<\/li>\n<li data-start=\"1283\" data-end=\"1313\">\n<p data-start=\"1285\" data-end=\"1313\">D\u0142ugo\u015b\u0107 dr\u0105\u017cka: 700 mm<\/p>\n<\/li>\n<li data-start=\"1314\" data-end=\"1343\">\n<p data-start=\"1316\" data-end=\"1343\">Mydelniczka: akrylowa<\/p>\n<\/li>\n<li data-start=\"1344\" data-end=\"1372\">\n<p data-start=\"1346\" data-end=\"1372\">D\u0142ugo\u015b\u0107 w\u0119\u017ca: 150 cm<\/p>\n<\/li>\n<li data-start=\"1373\" data-end=\"1399\">\n<p data-start=\"1375\" data-end=\"1399\">Materia\u0142 w\u0119\u017ca: PVC<\/p>\n<\/li>\n<\/ul>\n","protected":false},"excerpt":{"rendered":"<p><strong>Zestaw prysznicowy DEANTE JASKIER 2-funkcyjny to praktyczne rozwi\u0105zanie z regulowanym dr\u0105\u017ckiem 70 cm, mydelniczk\u0105 i elastycznym w\u0119\u017cem PVC. Zapewnia komfort u\u017cytkowania i estetyczny wygl\u0105d \u0142azienki na co dzie\u0144.<\/strong><\/p>\n","protected":false},"featured_media":8285,"template":"","meta":{"_kad_blocks_custom_css":"","_kad_blocks_head_custom_js":"","_kad_blocks_body_custom_js":"","_kad_blocks_footer_custom_js":"","_kad_post_transparent":"default","_kad_post_title":"","_kad_post_layout":"default","_kad_post_sidebar_id":"","_kad_post_content_style":"default","_kad_post_vertical_padding":"default","_kad_post_feature":"","_kad_post_feature_position":"","_kad_post_header":false,"_kad_post_footer":false,"_kad_post_classname":""},"product_brand":[447],"product_cat":[291],"product_tag":[],"class_list":{"0":"post-8283","1":"product","2":"type-product","3":"status-publish","4":"has-post-thumbnail","6":"product_brand-deante","7":"product_cat-wyprzedaz","8":"product_shipping_class-drobnica","10":"first","11":"instock","12":"taxable","13":"shipping-taxable","14":"purchasable","15":"product-type-simple","16":"entry","17":"content-bg","18":"loop-entry"},"taxonomy_info":{"product_brand":[{"value":447,"label":"Deante"}],"product_cat":[{"value":291,"label":"Wyprzeda\u017c"}]},"featured_image_src_large":["https:\/\/e-systemygrzewcze.eu\/sklep\/wp-content\/uploads\/2025\/12\/Nowy-projekt-2025-12-22T150553.909.jpg",510,587,false],"author_info":[],"comment_info":"","_links":{"self":[{"href":"https:\/\/e-systemygrzewcze.eu\/sklep\/wp-json\/wp\/v2\/product\/8283","targetHints":{"allow":["GET"]}}],"collection":[{"href":"https:\/\/e-systemygrzewcze.eu\/sklep\/wp-json\/wp\/v2\/product"}],"about":[{"href":"https:\/\/e-systemygrzewcze.eu\/sklep\/wp-json\/wp\/v2\/types\/product"}],"wp:featuredmedia":[{"embeddable":true,"href":"https:\/\/e-systemygrzewcze.eu\/sklep\/wp-json\/wp\/v2\/media\/8285"}],"wp:attachment":[{"href":"https:\/\/e-systemygrzewcze.eu\/sklep\/wp-json\/wp\/v2\/media?parent=8283"}],"wp:term":[{"taxonomy":"product_brand","embeddable":true,"href":"https:\/\/e-systemygrzewcze.eu\/sklep\/wp-json\/wp\/v2\/product_brand?post=8283"},{"taxonomy":"product_cat","embeddable":true,"href":"https:\/\/e-systemygrzewcze.eu\/sklep\/wp-json\/wp\/v2\/product_cat?post=8283"},{"taxonomy":"product_tag","embeddable":true,"href":"https:\/\/e-systemygrzewcze.eu\/sklep\/wp-json\/wp\/v2\/product_tag?post=8283"}],"curies":[{"name":"wp","href":"https:\/\/api.w.org\/{rel}","templated":true}]}}