{"id":8176,"date":"2025-12-19T08:39:12","date_gmt":"2025-12-19T08:39:12","guid":{"rendered":"https:\/\/e-systemygrzewcze.eu\/sklep\/produkt\/deante-bateria-wannowa-z-wezem-butterfly-bqb_011m\/"},"modified":"2026-04-08T07:57:52","modified_gmt":"2026-04-08T07:57:52","slug":"deante-bateria-wannowa-z-wezem-butterfly-bqb_011m","status":"publish","type":"product","link":"https:\/\/e-systemygrzewcze.eu\/sklep\/produkt\/deante-bateria-wannowa-z-wezem-butterfly-bqb_011m\/","title":{"rendered":"DEANTE Bateria wannowa z w\u0119\u017cem BUTTERFLY (BQB_011M)"},"content":{"rendered":"<h2 style=\"text-align: center;\" data-start=\"0\" data-end=\"73\">! TOWAR POWYSTAWOWY !<\/h2>\n<h2 data-start=\"0\" data-end=\"70\">DEANTE BUTTERFLY \u2013 Bateria wannowa \u015bcienna z w\u0119\u017cem (BQB_011M)<\/h2>\n<p data-start=\"72\" data-end=\"387\"><strong data-start=\"72\" data-end=\"101\">DEANTE BUTTERFLY BQB_011M<\/strong> to elegancka, jednouchwytowa bateria wannowa \u015bcienna, \u0142\u0105cz\u0105ca nowoczesny design z wysok\u0105 funkcjonalno\u015bci\u0105 i trwa\u0142o\u015bci\u0105. Chromowane wyko\u0144czenie nadaje jej ponadczasowy charakter, a zestaw natryskowy z systemem easy-clean zapewnia komfort i wygod\u0119 podczas codziennego u\u017cytkowania .<\/p>\n<hr data-start=\"389\" data-end=\"392\" \/>\n<h3 data-start=\"394\" data-end=\"413\">\ud83d\udccc Zastosowanie<\/h3>\n<ul data-start=\"415\" data-end=\"588\">\n<li data-start=\"415\" data-end=\"449\">\n<p data-start=\"417\" data-end=\"449\">Wanny w \u0142azienkach domowych<\/p>\n<\/li>\n<li data-start=\"450\" data-end=\"483\">\n<p data-start=\"452\" data-end=\"483\">Nowoczesne aran\u017cacje \u0142azienek<\/p>\n<\/li>\n<li data-start=\"484\" data-end=\"542\">\n<p data-start=\"486\" data-end=\"542\">Monta\u017c \u015bcienny w nowych i modernizowanych instalacjach<\/p>\n<\/li>\n<li data-start=\"543\" data-end=\"588\">\n<p data-start=\"545\" data-end=\"588\">Komfortowe korzystanie z funkcji natrysku<\/p>\n<\/li>\n<\/ul>\n<hr data-start=\"590\" data-end=\"593\" \/>\n<h3 data-start=\"595\" data-end=\"616\">\u2714 Zalety produktu<\/h3>\n<ul data-start=\"618\" data-end=\"1147\">\n<li data-start=\"618\" data-end=\"692\">\n<p data-start=\"620\" data-end=\"692\">B\u0142yszcz\u0105ce chromowane wyko\u0144czenie \u2014 elegancja i odporno\u015b\u0107 na korozj\u0119<\/p>\n<\/li>\n<li data-start=\"693\" data-end=\"773\">\n<p data-start=\"695\" data-end=\"773\">Ceramiczna g\u0142owica 35 mm \u2014 precyzyjna regulacja temperatury i przep\u0142ywu wody<\/p>\n<\/li>\n<li data-start=\"774\" data-end=\"820\">\n<p data-start=\"776\" data-end=\"820\">Zestaw natryskowy z systemem easy-clean<\/p>\n<\/li>\n<li data-start=\"821\" data-end=\"868\">\n<p data-start=\"823\" data-end=\"868\">W\u0105\u017c rozci\u0105gliwy do 40% \u2014 wygoda u\u017cytkowania<\/p>\n<\/li>\n<li data-start=\"869\" data-end=\"922\">\n<p data-start=\"871\" data-end=\"922\">Oryginalny kszta\u0142t d\u017awigni \u2014 estetyka i ergonomia<\/p>\n<\/li>\n<li data-start=\"923\" data-end=\"982\">\n<p data-start=\"925\" data-end=\"982\">Perlator \u2014 u\u0142atwia utrzymanie strumienia w czysto\u015bci<\/p>\n<\/li>\n<li data-start=\"983\" data-end=\"1015\">\n<p data-start=\"985\" data-end=\"1015\">Wygodny prze\u0142\u0105cznik natrysku<\/p>\n<\/li>\n<li data-start=\"1016\" data-end=\"1069\">\n<p data-start=\"1018\" data-end=\"1069\">Blokada gor\u0105cej wody \u2014 bezpiecze\u0144stwo u\u017cytkowania<\/p>\n<\/li>\n<li data-start=\"1070\" data-end=\"1110\">\n<p data-start=\"1072\" data-end=\"1110\">Klasa przep\u0142ywu S \u2014 wydajny strumie\u0144<\/p>\n<\/li>\n<li data-start=\"1111\" data-end=\"1147\">\n<p data-start=\"1113\" data-end=\"1147\">Grupa akustyczna I \u2014 cicha praca<\/p>\n<\/li>\n<\/ul>\n<hr data-start=\"1149\" data-end=\"1152\" \/>\n<h3 data-start=\"1154\" data-end=\"1181\">\ud83d\udcd0 Parametry techniczne<\/h3>\n<ul data-start=\"1183\" data-end=\"1624\">\n<li data-start=\"1183\" data-end=\"1208\">\n<p data-start=\"1185\" data-end=\"1208\"><strong data-start=\"1185\" data-end=\"1199\">Producent:<\/strong> DEANTE<\/p>\n<\/li>\n<li data-start=\"1209\" data-end=\"1257\">\n<p data-start=\"1211\" data-end=\"1257\"><strong data-start=\"1211\" data-end=\"1236\">Model \/ Kod produktu:<\/strong> BUTTERFLY BQB_011M<\/p>\n<\/li>\n<li data-start=\"1258\" data-end=\"1298\">\n<p data-start=\"1260\" data-end=\"1298\"><strong data-start=\"1260\" data-end=\"1279\">Rodzaj baterii:<\/strong> wannowa, \u015bcienna<\/p>\n<\/li>\n<li data-start=\"1299\" data-end=\"1336\">\n<p data-start=\"1301\" data-end=\"1336\"><strong data-start=\"1301\" data-end=\"1319\">Typ mieszacza:<\/strong> jednouchwytowa<\/p>\n<\/li>\n<li data-start=\"1337\" data-end=\"1374\">\n<p data-start=\"1339\" data-end=\"1374\"><strong data-start=\"1339\" data-end=\"1355\">Wyko\u0144czenie:<\/strong> chrom b\u0142yszcz\u0105cy<\/p>\n<\/li>\n<li data-start=\"1375\" data-end=\"1405\">\n<p data-start=\"1377\" data-end=\"1405\"><strong data-start=\"1377\" data-end=\"1396\">Zasi\u0119g wylewki:<\/strong> 182 mm<\/p>\n<\/li>\n<li data-start=\"1406\" data-end=\"1427\">\n<p data-start=\"1408\" data-end=\"1427\"><strong data-start=\"1408\" data-end=\"1421\">Perlator:<\/strong> tak<\/p>\n<\/li>\n<li data-start=\"1428\" data-end=\"1461\">\n<p data-start=\"1430\" data-end=\"1461\"><strong data-start=\"1430\" data-end=\"1442\">G\u0142owica:<\/strong> ceramiczna 35 mm<\/p>\n<\/li>\n<li data-start=\"1462\" data-end=\"1497\">\n<p data-start=\"1464\" data-end=\"1497\"><strong data-start=\"1464\" data-end=\"1477\">Przep\u0142yw:<\/strong> S (15\u201319,8 l\/min)<\/p>\n<\/li>\n<li data-start=\"1498\" data-end=\"1525\">\n<p data-start=\"1500\" data-end=\"1525\"><strong data-start=\"1500\" data-end=\"1521\">Grupa akustyczna:<\/strong> I<\/p>\n<\/li>\n<li data-start=\"1526\" data-end=\"1556\">\n<p data-start=\"1528\" data-end=\"1556\"><strong data-start=\"1528\" data-end=\"1550\">Zestaw natryskowy:<\/strong> tak<\/p>\n<\/li>\n<li data-start=\"1557\" data-end=\"1587\">\n<p data-start=\"1559\" data-end=\"1587\"><strong data-start=\"1559\" data-end=\"1580\">Zestaw odp\u0142ywowy:<\/strong> brak<\/p>\n<\/li>\n<li data-start=\"1588\" data-end=\"1624\">\n<p data-start=\"1590\" data-end=\"1624\"><strong data-start=\"1590\" data-end=\"1620\">Ilo\u015b\u0107 otwor\u00f3w monta\u017cowych:<\/strong> 2<\/p>\n<\/li>\n<\/ul>\n","protected":false},"excerpt":{"rendered":"<p><strong>DEANTE BUTTERFLY BQB_011M to nowoczesna i funkcjonalna bateria wannowa \u015bcienna, kt\u00f3ra \u0142\u0105czy elegancki design, precyzyjn\u0105 regulacj\u0119 wody i komfort u\u017cytkowania. Dzi\u0119ki systemowi easy-clean, wygodnemu prze\u0142\u0105cznikowi natrysku i blokadzie gor\u0105cej wody, korzystanie z wanny staje si\u0119 przyjemno\u015bci\u0105 .<\/strong><\/p>\n","protected":false},"featured_media":8178,"template":"","meta":{"_kad_blocks_custom_css":"","_kad_blocks_head_custom_js":"","_kad_blocks_body_custom_js":"","_kad_blocks_footer_custom_js":"","_kad_post_transparent":"default","_kad_post_title":"","_kad_post_layout":"default","_kad_post_sidebar_id":"","_kad_post_content_style":"default","_kad_post_vertical_padding":"default","_kad_post_feature":"","_kad_post_feature_position":"","_kad_post_header":false,"_kad_post_footer":false,"_kad_post_classname":""},"product_brand":[447],"product_cat":[291],"product_tag":[],"class_list":{"0":"post-8176","1":"product","2":"type-product","3":"status-publish","4":"has-post-thumbnail","6":"product_brand-deante","7":"product_cat-wyprzedaz","8":"product_shipping_class-drobnica","10":"first","11":"instock","12":"taxable","13":"shipping-taxable","14":"purchasable","15":"product-type-simple","16":"entry","17":"content-bg","18":"loop-entry"},"taxonomy_info":{"product_brand":[{"value":447,"label":"Deante"}],"product_cat":[{"value":291,"label":"Wyprzeda\u017c"}]},"featured_image_src_large":["https:\/\/e-systemygrzewcze.eu\/sklep\/wp-content\/uploads\/2025\/12\/Nowy-projekt-2025-12-19T094507.292.jpg",572,510,false],"author_info":[],"comment_info":"","_links":{"self":[{"href":"https:\/\/e-systemygrzewcze.eu\/sklep\/wp-json\/wp\/v2\/product\/8176","targetHints":{"allow":["GET"]}}],"collection":[{"href":"https:\/\/e-systemygrzewcze.eu\/sklep\/wp-json\/wp\/v2\/product"}],"about":[{"href":"https:\/\/e-systemygrzewcze.eu\/sklep\/wp-json\/wp\/v2\/types\/product"}],"wp:featuredmedia":[{"embeddable":true,"href":"https:\/\/e-systemygrzewcze.eu\/sklep\/wp-json\/wp\/v2\/media\/8178"}],"wp:attachment":[{"href":"https:\/\/e-systemygrzewcze.eu\/sklep\/wp-json\/wp\/v2\/media?parent=8176"}],"wp:term":[{"taxonomy":"product_brand","embeddable":true,"href":"https:\/\/e-systemygrzewcze.eu\/sklep\/wp-json\/wp\/v2\/product_brand?post=8176"},{"taxonomy":"product_cat","embeddable":true,"href":"https:\/\/e-systemygrzewcze.eu\/sklep\/wp-json\/wp\/v2\/product_cat?post=8176"},{"taxonomy":"product_tag","embeddable":true,"href":"https:\/\/e-systemygrzewcze.eu\/sklep\/wp-json\/wp\/v2\/product_tag?post=8176"}],"curies":[{"name":"wp","href":"https:\/\/api.w.org\/{rel}","templated":true}]}}