{"id":8146,"date":"2025-12-18T15:51:52","date_gmt":"2025-12-18T15:51:52","guid":{"rendered":"https:\/\/e-systemygrzewcze.eu\/sklep\/produkt\/deante-hiacynt-bateria-wannowa-biala-chrom-bqh_w100\/"},"modified":"2026-04-08T07:58:52","modified_gmt":"2026-04-08T07:58:52","slug":"deante-hiacynt-bateria-wannowa-biala-chrom-bqh_w100","status":"publish","type":"product","link":"https:\/\/e-systemygrzewcze.eu\/sklep\/produkt\/deante-hiacynt-bateria-wannowa-biala-chrom-bqh_w100\/","title":{"rendered":"DEANTE HIACYNT Bateria wannowa bia\u0142a-chrom (BQH_W100)"},"content":{"rendered":"<h2 style=\"text-align: center;\" data-start=\"0\" data-end=\"73\">! TOWAR POWYSTAWOWY !<\/h2>\n<h2 data-start=\"153\" data-end=\"213\"><strong data-start=\"156\" data-end=\"213\">DEANTE Hiacynt Bateria wannowa Bia\u0142a-Chrom (BQH_010M)<\/strong><\/h2>\n<p data-start=\"215\" data-end=\"488\">DEANTE Hiacynt BQH_010M to nowoczesna bateria wannowa \u015bcienna, kt\u00f3ra \u0142\u0105czy elegancki design z wysok\u0105 funkcjonalno\u015bci\u0105 i trwa\u0142o\u015bci\u0105. Po\u0142\u0105czenie bia\u0142ego po\u0142ysku z chromem nadaje jej ponadczasowy charakter, idealnie pasuj\u0105cy do nowoczesnych i klasycznych aran\u017cacji \u0142azienek.Korpus baterii wykonany zosta\u0142 z najwy\u017cszej jako\u015bci mosi\u0105dzu, co gwarantuje d\u0142ug\u0105 \u017cywotno\u015b\u0107 i odporno\u015b\u0107 na korozj\u0119. Model wyposa\u017cono w ruchomy aerator, kt\u00f3ry napowietrza strumie\u0144 wody i pozwala precyzyjnie nim pokierowa\u0107, zwi\u0119kszaj\u0105c komfort codziennego u\u017cytkowania .Bateria posiada zawory zwrotne, zapobiegaj\u0105ce cofaniu si\u0119 zmieszanej wody do instalacji, oraz ceramiczn\u0105 g\u0142owic\u0119 35 mm, zapewniaj\u0105c\u0105 p\u0142ynn\u0105 i niezawodn\u0105 regulacj\u0119 temperatury i nat\u0119\u017cenia przep\u0142ywu. Zastosowany prze\u0142\u0105cznik ci\u015bnieniowy z blokad\u0105 gwarantuje wygodne i bezpieczne prze\u0142\u0105czanie funkcji.<\/p>\n<hr data-start=\"1064\" data-end=\"1067\" \/>\n<h3 data-start=\"1069\" data-end=\"1089\"><strong data-start=\"1073\" data-end=\"1089\">Zastosowanie<\/strong><\/h3>\n<p data-start=\"1090\" data-end=\"1228\">\u2022 Wanny w \u0142azienkach domowych \ud83d\udec1<br data-start=\"1122\" data-end=\"1125\" \/>\u2022 \u0141azienki nowoczesne i eleganckie<br data-start=\"1159\" data-end=\"1162\" \/>\u2022 Monta\u017c \u015bcienny w nowych i modernizowanych instalacjach wodnych<\/p>\n<hr data-start=\"1230\" data-end=\"1233\" \/>\n<h3 data-start=\"1235\" data-end=\"1263\"><strong data-start=\"1239\" data-end=\"1263\">Najwa\u017cniejsze zalety<\/strong><\/h3>\n<p data-start=\"1264\" data-end=\"1769\">\u2022 Nowoczesny i ponadczasowy design\u00a0<br data-start=\"1300\" data-end=\"1303\" \/>\u2022 Korpus z mosi\u0105dzu \u2014 wysoka trwa\u0142o\u015b\u0107 i odporno\u015b\u0107 na korozj\u0119<br data-start=\"1363\" data-end=\"1366\" \/>\u2022 Ruchomy aerator \u2014 mo\u017cliwo\u015b\u0107 precyzyjnego kierowania strumienia wody\u00a0<br data-start=\"1438\" data-end=\"1441\" \/>\u2022 Napowietrzony strumie\u0144 \u2014 oszcz\u0119dno\u015b\u0107 wody i komfort u\u017cytkowania<br data-start=\"1506\" data-end=\"1509\" \/>\u2022 Zawory zwrotne \u2014 ochrona instalacji przed cofaniem wody<br data-start=\"1566\" data-end=\"1569\" \/>\u2022 Ceramiczna g\u0142owica 35 mm \u2014 p\u0142ynna i precyzyjna regulacja temperatury<br data-start=\"1639\" data-end=\"1642\" \/>\u2022 Prze\u0142\u0105cznik ci\u015bnieniowy z blokad\u0105 \u2014 wygodne prze\u0142\u0105czanie funkcji<br data-start=\"1708\" data-end=\"1711\" \/>\u2022 Klasa przep\u0142ywu S \u2014 wysoka wydajno\u015b\u0107 (15,1\u201319,8 l\/min)<\/p>\n<hr data-start=\"1771\" data-end=\"1774\" \/>\n<h3 data-start=\"1776\" data-end=\"1804\"><strong data-start=\"1780\" data-end=\"1804\">Parametry techniczne<\/strong><\/h3>\n<p data-start=\"1805\" data-end=\"2257\">\u2022 <strong data-start=\"1807\" data-end=\"1821\">Producent:<\/strong> DEANTE<br data-start=\"1828\" data-end=\"1831\" \/>\u2022 <strong data-start=\"1833\" data-end=\"1843\">Seria:<\/strong> Hiacynt<br data-start=\"1851\" data-end=\"1854\" \/>\u2022 <strong data-start=\"1856\" data-end=\"1881\">Model \/ Kod produktu:<\/strong> BQH_010M<br data-start=\"1890\" data-end=\"1893\" \/>\u2022 <strong data-start=\"1895\" data-end=\"1914\">Rodzaj baterii:<\/strong> wannowa<br data-start=\"1922\" data-end=\"1925\" \/>\u2022 <strong data-start=\"1927\" data-end=\"1935\">Typ:<\/strong> jednouchwytowa, mieszaczowa<br data-start=\"1963\" data-end=\"1966\" \/>\u2022 <strong data-start=\"1968\" data-end=\"1979\">Monta\u017c:<\/strong> \u015bcienny<br data-start=\"1987\" data-end=\"1990\" \/>\u2022 <strong data-start=\"1992\" data-end=\"2008\">Wyko\u0144czenie:<\/strong> bia\u0142y po\u0142ysk \/ chrom<br data-start=\"2029\" data-end=\"2032\" \/>\u2022 <strong data-start=\"2034\" data-end=\"2055\">Grupa akustyczna:<\/strong> I (\u2264 20 dB)<br data-start=\"2067\" data-end=\"2070\" data-is-only-node=\"\" \/>\u2022 <strong data-start=\"2072\" data-end=\"2084\">G\u0142owica:<\/strong> ceramiczna 35 mm<br data-start=\"2101\" data-end=\"2104\" \/>\u2022 <strong data-start=\"2106\" data-end=\"2118\">Wylewka:<\/strong> sta\u0142a, zasi\u0119g 172 mm, materia\u0142: mosi\u0105dz<br data-start=\"2158\" data-end=\"2161\" \/>\u2022 <strong data-start=\"2163\" data-end=\"2175\">Aerator:<\/strong> ruchomy, p\u0142aski, rozmiar M24<br data-start=\"2204\" data-end=\"2207\" \/>\u2022 <strong data-start=\"2209\" data-end=\"2233\">Prze\u0142\u0105cznik funkcji:<\/strong> ci\u015bnieniowy z blokad\u0105<\/p>\n","protected":false},"excerpt":{"rendered":"<p><strong>DEANTE Hiacynt BQH_010M to solidna i stylowa bateria wannowa, kt\u00f3ra zapewnia wysoki komfort u\u017cytkowania, bezpiecze\u0144stwo instalacji oraz elegancki wygl\u0105d \u0142azienki. Doskona\u0142y wyb\u00f3r dla os\u00f3b ceni\u0105cych jako\u015b\u0107, nowoczesne wzornictwo i niezawodno\u015b\u0107 .<\/strong><\/p>\n","protected":false},"featured_media":8166,"template":"","meta":{"_kad_blocks_custom_css":"","_kad_blocks_head_custom_js":"","_kad_blocks_body_custom_js":"","_kad_blocks_footer_custom_js":"","_kad_post_transparent":"default","_kad_post_title":"","_kad_post_layout":"default","_kad_post_sidebar_id":"","_kad_post_content_style":"default","_kad_post_vertical_padding":"default","_kad_post_feature":"","_kad_post_feature_position":"","_kad_post_header":false,"_kad_post_footer":false,"_kad_post_classname":""},"product_brand":[447],"product_cat":[291],"product_tag":[],"class_list":{"0":"post-8146","1":"product","2":"type-product","3":"status-publish","4":"has-post-thumbnail","6":"product_brand-deante","7":"product_cat-wyprzedaz","8":"product_shipping_class-drobnica","10":"first","11":"instock","12":"taxable","13":"shipping-taxable","14":"purchasable","15":"product-type-simple","16":"entry","17":"content-bg","18":"loop-entry"},"taxonomy_info":{"product_brand":[{"value":447,"label":"Deante"}],"product_cat":[{"value":291,"label":"Wyprzeda\u017c"}]},"featured_image_src_large":["https:\/\/e-systemygrzewcze.eu\/sklep\/wp-content\/uploads\/2025\/12\/Nowy-projekt-2025-12-19T083202.530.jpg",572,510,false],"author_info":[],"comment_info":"","_links":{"self":[{"href":"https:\/\/e-systemygrzewcze.eu\/sklep\/wp-json\/wp\/v2\/product\/8146","targetHints":{"allow":["GET"]}}],"collection":[{"href":"https:\/\/e-systemygrzewcze.eu\/sklep\/wp-json\/wp\/v2\/product"}],"about":[{"href":"https:\/\/e-systemygrzewcze.eu\/sklep\/wp-json\/wp\/v2\/types\/product"}],"wp:featuredmedia":[{"embeddable":true,"href":"https:\/\/e-systemygrzewcze.eu\/sklep\/wp-json\/wp\/v2\/media\/8166"}],"wp:attachment":[{"href":"https:\/\/e-systemygrzewcze.eu\/sklep\/wp-json\/wp\/v2\/media?parent=8146"}],"wp:term":[{"taxonomy":"product_brand","embeddable":true,"href":"https:\/\/e-systemygrzewcze.eu\/sklep\/wp-json\/wp\/v2\/product_brand?post=8146"},{"taxonomy":"product_cat","embeddable":true,"href":"https:\/\/e-systemygrzewcze.eu\/sklep\/wp-json\/wp\/v2\/product_cat?post=8146"},{"taxonomy":"product_tag","embeddable":true,"href":"https:\/\/e-systemygrzewcze.eu\/sklep\/wp-json\/wp\/v2\/product_tag?post=8146"}],"curies":[{"name":"wp","href":"https:\/\/api.w.org\/{rel}","templated":true}]}}