{"id":8142,"date":"2025-12-18T15:45:30","date_gmt":"2025-12-18T15:45:30","guid":{"rendered":"https:\/\/e-systemygrzewcze.eu\/sklep\/produkt\/deante-werbena-bateria-umywalkowa-podtynkowa-bcw_054l\/"},"modified":"2026-04-08T07:59:11","modified_gmt":"2026-04-08T07:59:11","slug":"deante-werbena-bateria-umywalkowa-podtynkowa-bcw_054l","status":"publish","type":"product","link":"https:\/\/e-systemygrzewcze.eu\/sklep\/produkt\/deante-werbena-bateria-umywalkowa-podtynkowa-bcw_054l\/","title":{"rendered":"DEANTE WERBENA Bateria umywalkowa podtynkowa (BCW_054L)"},"content":{"rendered":"<div class=\"text-base my-auto mx-auto pb-10 [--thread-content-margin:--spacing(4)] @w-sm\/main:[--thread-content-margin:--spacing(6)] @w-lg\/main:[--thread-content-margin:--spacing(16)] px-(--thread-content-margin)\">\n<div class=\"[--thread-content-max-width:40rem] @w-lg\/main:[--thread-content-max-width:48rem] mx-auto max-w-(--thread-content-max-width) flex-1 group\/turn-messages focus-visible:outline-hidden relative flex w-full min-w-0 flex-col agent-turn\" tabindex=\"-1\">\n<div class=\"flex max-w-full flex-col grow\">\n<div class=\"min-h-8 text-message relative flex w-full flex-col items-end gap-2 text-start break-words whitespace-normal [.text-message+&amp;]:mt-1\" dir=\"auto\" data-message-author-role=\"assistant\" data-message-id=\"80c6e75c-5f3e-435f-a4d7-8a96a9143e27\" data-message-model-slug=\"gpt-5-2\">\n<div class=\"flex w-full flex-col gap-1 empty:hidden first:pt-[1px]\">\n<div class=\"markdown prose dark:prose-invert w-full break-words dark markdown-new-styling\">\n<h2 style=\"text-align: center;\" data-start=\"0\" data-end=\"73\">! TOWAR POWYSTAWOWY !<\/h2>\n<h3 data-start=\"0\" data-end=\"62\">\ud83d\udeb0 DEANTE WERBENA bateria umywalkowa podtynkowa (BCW_054L)<\/h3>\n<p data-start=\"64\" data-end=\"356\">Bateria umywalkowa <strong data-start=\"83\" data-end=\"112\">DEANTE Werbena (BCW_054L)<\/strong> to eleganckie rozwi\u0105zanie podtynkowe, kt\u00f3re doskonale sprawdzi si\u0119 w nowoczesnych i minimalistycznych \u0142azienkach. Ukryty monta\u017c pozwala zachowa\u0107 estetyczny porz\u0105dek przy umywalce, a chromowane wyko\u0144czenie nadaje ca\u0142o\u015bci ponadczasowy charakter.<\/p>\n<p data-start=\"358\" data-end=\"672\">Model wyposa\u017cono w <strong data-start=\"377\" data-end=\"404\">jednouchwytowy mieszacz<\/strong> oraz <strong data-start=\"410\" data-end=\"427\">sta\u0142\u0105 wylewk\u0119<\/strong>, co gwarantuje wygodn\u0105 i intuicyjn\u0105 obs\u0142ug\u0119. Solidne wykonanie i sprawdzona konstrukcja czyni\u0105 bateri\u0119 Werbena trwa\u0142ym i funkcjonalnym elementem codziennego wyposa\u017cenia \u0142azienki, idealnym zar\u00f3wno do nowych aran\u017cacji, jak i modernizacji wn\u0119trza.<\/p>\n<h4 data-start=\"674\" data-end=\"710\">\u2705 Najwa\u017cniejsze cechy produktu:<\/h4>\n<ul data-start=\"711\" data-end=\"981\">\n<li data-start=\"711\" data-end=\"754\">\n<p data-start=\"713\" data-end=\"754\">typ: <strong data-start=\"718\" data-end=\"751\">bateria umywalkowa podtynkowa<\/strong>,<\/p>\n<\/li>\n<li data-start=\"755\" data-end=\"782\">\n<p data-start=\"757\" data-end=\"782\">monta\u017c: <strong data-start=\"765\" data-end=\"779\">podtynkowy<\/strong>,<\/p>\n<\/li>\n<li data-start=\"783\" data-end=\"822\">\n<p data-start=\"785\" data-end=\"822\">rodzaj uchwytu: <strong data-start=\"801\" data-end=\"819\">jednouchwytowa<\/strong>,<\/p>\n<\/li>\n<li data-start=\"823\" data-end=\"846\">\n<p data-start=\"825\" data-end=\"846\">wylewka: <strong data-start=\"834\" data-end=\"843\">sta\u0142a<\/strong>,<\/p>\n<\/li>\n<li data-start=\"847\" data-end=\"882\">\n<p data-start=\"849\" data-end=\"882\">wysoko\u015b\u0107 baterii: <strong data-start=\"867\" data-end=\"879\">standard<\/strong>,<\/p>\n<\/li>\n<li data-start=\"883\" data-end=\"910\">\n<p data-start=\"885\" data-end=\"910\">wyko\u0144czenie: <strong data-start=\"898\" data-end=\"907\">chrom<\/strong>,<\/p>\n<\/li>\n<li data-start=\"911\" data-end=\"941\">\n<p data-start=\"913\" data-end=\"941\">seria: <strong data-start=\"920\" data-end=\"938\">Deante Werbena<\/strong>,<\/p>\n<\/li>\n<li data-start=\"942\" data-end=\"981\">\n<p data-start=\"944\" data-end=\"981\">producent: <strong data-start=\"955\" data-end=\"965\">Deante<\/strong> (polska marka).<\/p>\n<\/li>\n<\/ul>\n<\/div>\n<\/div>\n<\/div>\n<\/div>\n<\/div>\n<\/div>\n","protected":false},"excerpt":{"rendered":"<div class=\"flex max-w-full flex-col grow\">\n<div class=\"min-h-8 text-message relative flex w-full flex-col items-end gap-2 text-start break-words whitespace-normal [.text-message+&amp;]:mt-1\" dir=\"auto\" data-message-author-role=\"assistant\" data-message-id=\"80c6e75c-5f3e-435f-a4d7-8a96a9143e27\" data-message-model-slug=\"gpt-5-2\">\n<div class=\"flex w-full flex-col gap-1 empty:hidden first:pt-[1px]\">\n<div class=\"markdown prose dark:prose-invert w-full break-words dark markdown-new-styling\">\n<p data-start=\"988\" data-end=\"1249\" data-is-last-node=\"\" data-is-only-node=\"\"><strong>Podtynkowa bateria umywalkowa DEANTE Werbena (BCW_054L) to minimalistyczna forma i eleganckie chromowane wyko\u0144czenie. Jednouchwytowy mieszacz oraz sta\u0142a wylewka zapewniaj\u0105 wygod\u0119 u\u017cytkowania i estetyczny wygl\u0105d strefy umywalki.<\/strong><\/p>\n<\/div>\n<\/div>\n<\/div>\n<\/div>\n<div class=\"z-0 flex min-h-[46px] justify-start\"><\/div>\n<div class=\"border-token-border-light my-2 flex gap-10 border-t pt-4\">\n<div class=\"flex items-center justify-center overflow-hidden h-12 w-12 rounded-lg\"><\/div>\n<\/div>\n","protected":false},"featured_media":8143,"template":"","meta":{"_kad_blocks_custom_css":"","_kad_blocks_head_custom_js":"","_kad_blocks_body_custom_js":"","_kad_blocks_footer_custom_js":"","_kad_post_transparent":"default","_kad_post_title":"","_kad_post_layout":"default","_kad_post_sidebar_id":"","_kad_post_content_style":"default","_kad_post_vertical_padding":"default","_kad_post_feature":"","_kad_post_feature_position":"","_kad_post_header":false,"_kad_post_footer":false,"_kad_post_classname":""},"product_brand":[447],"product_cat":[291],"product_tag":[],"class_list":{"0":"post-8142","1":"product","2":"type-product","3":"status-publish","4":"has-post-thumbnail","6":"product_brand-deante","7":"product_cat-wyprzedaz","8":"product_shipping_class-drobnica","10":"first","11":"instock","12":"taxable","13":"shipping-taxable","14":"purchasable","15":"product-type-simple","16":"entry","17":"content-bg","18":"loop-entry"},"taxonomy_info":{"product_brand":[{"value":447,"label":"Deante"}],"product_cat":[{"value":291,"label":"Wyprzeda\u017c"}]},"featured_image_src_large":["https:\/\/e-systemygrzewcze.eu\/sklep\/wp-content\/uploads\/2025\/12\/Nowy-projekt-2025-12-18T164653.734.jpg",510,587,false],"author_info":[],"comment_info":"","_links":{"self":[{"href":"https:\/\/e-systemygrzewcze.eu\/sklep\/wp-json\/wp\/v2\/product\/8142","targetHints":{"allow":["GET"]}}],"collection":[{"href":"https:\/\/e-systemygrzewcze.eu\/sklep\/wp-json\/wp\/v2\/product"}],"about":[{"href":"https:\/\/e-systemygrzewcze.eu\/sklep\/wp-json\/wp\/v2\/types\/product"}],"wp:featuredmedia":[{"embeddable":true,"href":"https:\/\/e-systemygrzewcze.eu\/sklep\/wp-json\/wp\/v2\/media\/8143"}],"wp:attachment":[{"href":"https:\/\/e-systemygrzewcze.eu\/sklep\/wp-json\/wp\/v2\/media?parent=8142"}],"wp:term":[{"taxonomy":"product_brand","embeddable":true,"href":"https:\/\/e-systemygrzewcze.eu\/sklep\/wp-json\/wp\/v2\/product_brand?post=8142"},{"taxonomy":"product_cat","embeddable":true,"href":"https:\/\/e-systemygrzewcze.eu\/sklep\/wp-json\/wp\/v2\/product_cat?post=8142"},{"taxonomy":"product_tag","embeddable":true,"href":"https:\/\/e-systemygrzewcze.eu\/sklep\/wp-json\/wp\/v2\/product_tag?post=8142"}],"curies":[{"name":"wp","href":"https:\/\/api.w.org\/{rel}","templated":true}]}}