{"id":8140,"date":"2025-12-18T15:32:43","date_gmt":"2025-12-18T15:32:43","guid":{"rendered":"https:\/\/e-systemygrzewcze.eu\/sklep\/produkt\/deante-maruna-bateria-umywalkowa-stojaca-bgm_021m\/"},"modified":"2026-04-08T07:59:16","modified_gmt":"2026-04-08T07:59:16","slug":"deante-maruna-bateria-umywalkowa-stojaca-bgm_021m","status":"publish","type":"product","link":"https:\/\/e-systemygrzewcze.eu\/sklep\/produkt\/deante-maruna-bateria-umywalkowa-stojaca-bgm_021m\/","title":{"rendered":"DEANTE MARUNA Bateria umywalkowa stoj\u0105ca (BGM_021M)"},"content":{"rendered":"<div class=\"text-base my-auto mx-auto pb-10 [--thread-content-margin:--spacing(4)] @w-sm\/main:[--thread-content-margin:--spacing(6)] @w-lg\/main:[--thread-content-margin:--spacing(16)] px-(--thread-content-margin)\">\n<div class=\"[--thread-content-max-width:40rem] @w-lg\/main:[--thread-content-max-width:48rem] mx-auto max-w-(--thread-content-max-width) flex-1 group\/turn-messages focus-visible:outline-hidden relative flex w-full min-w-0 flex-col agent-turn\" tabindex=\"-1\">\n<div class=\"flex max-w-full flex-col grow\">\n<div class=\"min-h-8 text-message relative flex w-full flex-col items-end gap-2 text-start break-words whitespace-normal [.text-message+&amp;]:mt-1\" dir=\"auto\" data-message-author-role=\"assistant\" data-message-id=\"e4a39a94-fa93-4669-8d0e-b3685935f1be\" data-message-model-slug=\"gpt-5-2\">\n<div class=\"flex w-full flex-col gap-1 empty:hidden first:pt-[1px]\">\n<div class=\"markdown prose dark:prose-invert w-full break-words dark markdown-new-styling\">\n<h2 style=\"text-align: center;\" data-start=\"0\" data-end=\"73\">! TOWAR POWYSTAWOWY !<\/h2>\n<h3 data-start=\"0\" data-end=\"58\">\ud83d\udeb0 DEANTE MARUNA bateria umywalkowa stoj\u0105ca (BGM_021M)<\/h3>\n<p data-start=\"60\" data-end=\"353\">Bateria umywalkowa <strong data-start=\"79\" data-end=\"107\">DEANTE Maruna (BGM_021M)<\/strong> to eleganckie i funkcjonalne rozwi\u0105zanie do nowoczesnych \u0142azienek. Stoj\u0105cy monta\u017c oraz <strong data-start=\"195\" data-end=\"249\">jednouchwytowy mieszacz z ceramiczn\u0105 g\u0142owic\u0105 35 mm<\/strong> zapewniaj\u0105 wygodn\u0105, precyzyjn\u0105 regulacj\u0119 temperatury i strumienia wody podczas codziennego u\u017cytkowania.<\/p>\n<p data-start=\"355\" data-end=\"766\">Model zosta\u0142 wyposa\u017cony w <strong data-start=\"381\" data-end=\"400\">ruchomy aerator<\/strong>, kt\u00f3ry umo\u017cliwia skierowanie strumienia wody i jednocze\u015bnie napowietrza go, ograniczaj\u0105c zu\u017cycie wody bez utraty komfortu. <strong data-start=\"524\" data-end=\"558\">Klasa przep\u0142ywu A (9\u201315 l\/min)<\/strong> sprawia, \u017ce bateria jest oszcz\u0119dna i przyjazna \u015brodowisku. Chromowane wyko\u0144czenie nadaje ca\u0142o\u015bci uniwersalny, ponadczasowy wygl\u0105d, a <strong data-start=\"692\" data-end=\"722\">korek klik-klak w zestawie<\/strong> podnosi funkcjonalno\u015b\u0107 i estetyk\u0119 umywalki.<\/p>\n<p data-start=\"768\" data-end=\"946\">Dzi\u0119ki <strong data-start=\"775\" data-end=\"796\">\u0142atwemu monta\u017cowi<\/strong> oraz do\u0142\u0105czonym w\u0119\u017cykom przy\u0142\u0105czeniowym o d\u0142ugo\u015bci 45 cm, bateria Maruna sprawdzi si\u0119 zar\u00f3wno w nowych aran\u017cacjach, jak i przy modernizacji \u0142azienki.<\/p>\n<h4 data-start=\"948\" data-end=\"984\">\u2705 Najwa\u017cniejsze cechy produktu:<\/h4>\n<ul data-start=\"985\" data-end=\"1397\">\n<li data-start=\"985\" data-end=\"1041\">\n<p data-start=\"987\" data-end=\"1041\">typ: <strong data-start=\"992\" data-end=\"1038\">bateria umywalkowa stoj\u0105ca, jednouchwytowa<\/strong>,<\/p>\n<\/li>\n<li data-start=\"1042\" data-end=\"1069\">\n<p data-start=\"1044\" data-end=\"1069\">wyko\u0144czenie: <strong data-start=\"1057\" data-end=\"1066\">chrom<\/strong>,<\/p>\n<\/li>\n<li data-start=\"1070\" data-end=\"1102\">\n<p data-start=\"1072\" data-end=\"1102\">zasi\u0119g wylewki: <strong data-start=\"1088\" data-end=\"1099\">12,2 cm<\/strong>,<\/p>\n<\/li>\n<li data-start=\"1103\" data-end=\"1136\">\n<p data-start=\"1105\" data-end=\"1136\"><strong data-start=\"1105\" data-end=\"1133\">ceramiczna g\u0142owica 35 mm<\/strong>,<\/p>\n<\/li>\n<li data-start=\"1137\" data-end=\"1195\">\n<p data-start=\"1139\" data-end=\"1195\"><strong data-start=\"1139\" data-end=\"1158\">ruchomy aerator<\/strong> z napowietrzeniem strumienia wody,<\/p>\n<\/li>\n<li data-start=\"1196\" data-end=\"1236\">\n<p data-start=\"1198\" data-end=\"1236\">klasa przep\u0142ywu: <strong data-start=\"1215\" data-end=\"1233\">A (9\u201315 l\/min)<\/strong>,<\/p>\n<\/li>\n<li data-start=\"1237\" data-end=\"1266\">\n<p data-start=\"1239\" data-end=\"1266\">grupa akustyczna: <strong data-start=\"1257\" data-end=\"1263\">II<\/strong>,<\/p>\n<\/li>\n<li data-start=\"1267\" data-end=\"1303\">\n<p data-start=\"1269\" data-end=\"1303\"><strong data-start=\"1269\" data-end=\"1300\">korek klik-klak w komplecie<\/strong>,<\/p>\n<\/li>\n<li data-start=\"1304\" data-end=\"1352\">\n<p data-start=\"1306\" data-end=\"1352\">d\u0142ugo\u015b\u0107 w\u0119\u017cyk\u00f3w przy\u0142\u0105czeniowych: <strong data-start=\"1340\" data-end=\"1349\">45 cm<\/strong>,<\/p>\n<\/li>\n<li data-start=\"1353\" data-end=\"1370\">\n<p data-start=\"1355\" data-end=\"1370\">\u0142atwy monta\u017c,<\/p>\n<\/li>\n<li data-start=\"1371\" data-end=\"1397\">\n<p data-start=\"1373\" data-end=\"1397\">polska marka <strong data-start=\"1386\" data-end=\"1396\">Deante<\/strong>.<\/p>\n<\/li>\n<\/ul>\n<\/div>\n<\/div>\n<\/div>\n<\/div>\n<\/div>\n<\/div>\n","protected":false},"excerpt":{"rendered":"<p><strong>Bateria umywalkowa stoj\u0105ca DEANTE Maruna (BGM_021M) to po\u0142\u0105czenie eleganckiego chromowanego wyko\u0144czenia i praktycznych rozwi\u0105za\u0144, takich jak ruchomy aerator i korek klik-klak. Jednouchwytowy mieszacz z ceramiczn\u0105 g\u0142owic\u0105 35 mm zapewnia komfort, oszcz\u0119dno\u015b\u0107 wody i niezawodno\u015b\u0107 na lata.<\/strong><\/p>\n","protected":false},"featured_media":8139,"template":"","meta":{"_kad_blocks_custom_css":"","_kad_blocks_head_custom_js":"","_kad_blocks_body_custom_js":"","_kad_blocks_footer_custom_js":"","_kad_post_transparent":"default","_kad_post_title":"","_kad_post_layout":"default","_kad_post_sidebar_id":"","_kad_post_content_style":"default","_kad_post_vertical_padding":"default","_kad_post_feature":"","_kad_post_feature_position":"","_kad_post_header":false,"_kad_post_footer":false,"_kad_post_classname":""},"product_brand":[447],"product_cat":[291],"product_tag":[],"class_list":{"0":"post-8140","1":"product","2":"type-product","3":"status-publish","4":"has-post-thumbnail","6":"product_brand-deante","7":"product_cat-wyprzedaz","8":"product_shipping_class-drobnica","10":"first","11":"instock","12":"taxable","13":"shipping-taxable","14":"purchasable","15":"product-type-simple","16":"entry","17":"content-bg","18":"loop-entry"},"taxonomy_info":{"product_brand":[{"value":447,"label":"Deante"}],"product_cat":[{"value":291,"label":"Wyprzeda\u017c"}]},"featured_image_src_large":["https:\/\/e-systemygrzewcze.eu\/sklep\/wp-content\/uploads\/2025\/12\/Nowy-projekt-2025-12-18T163124.415.jpg",510,587,false],"author_info":[],"comment_info":"","_links":{"self":[{"href":"https:\/\/e-systemygrzewcze.eu\/sklep\/wp-json\/wp\/v2\/product\/8140","targetHints":{"allow":["GET"]}}],"collection":[{"href":"https:\/\/e-systemygrzewcze.eu\/sklep\/wp-json\/wp\/v2\/product"}],"about":[{"href":"https:\/\/e-systemygrzewcze.eu\/sklep\/wp-json\/wp\/v2\/types\/product"}],"wp:featuredmedia":[{"embeddable":true,"href":"https:\/\/e-systemygrzewcze.eu\/sklep\/wp-json\/wp\/v2\/media\/8139"}],"wp:attachment":[{"href":"https:\/\/e-systemygrzewcze.eu\/sklep\/wp-json\/wp\/v2\/media?parent=8140"}],"wp:term":[{"taxonomy":"product_brand","embeddable":true,"href":"https:\/\/e-systemygrzewcze.eu\/sklep\/wp-json\/wp\/v2\/product_brand?post=8140"},{"taxonomy":"product_cat","embeddable":true,"href":"https:\/\/e-systemygrzewcze.eu\/sklep\/wp-json\/wp\/v2\/product_cat?post=8140"},{"taxonomy":"product_tag","embeddable":true,"href":"https:\/\/e-systemygrzewcze.eu\/sklep\/wp-json\/wp\/v2\/product_tag?post=8140"}],"curies":[{"name":"wp","href":"https:\/\/api.w.org\/{rel}","templated":true}]}}