{"id":8110,"date":"2025-12-18T13:31:19","date_gmt":"2025-12-18T13:31:19","guid":{"rendered":"https:\/\/e-systemygrzewcze.eu\/sklep\/produkt\/deante-werbena-bateria-natryskowa-bez-kompletu-natryskowego-bcw_040m\/"},"modified":"2026-04-08T08:03:43","modified_gmt":"2026-04-08T08:03:43","slug":"deante-werbena-bateria-natryskowa-bez-kompletu-natryskowego-bcw_040m","status":"publish","type":"product","link":"https:\/\/e-systemygrzewcze.eu\/sklep\/produkt\/deante-werbena-bateria-natryskowa-bez-kompletu-natryskowego-bcw_040m\/","title":{"rendered":"DEANTE WERBENA Bateria natryskowa bez kompletu natryskowego (BCW_040M)"},"content":{"rendered":"<h2 style=\"text-align: center;\" data-start=\"0\" data-end=\"73\">! TOWAR POWYSTAWOWY !<\/h2>\n<h3 data-start=\"0\" data-end=\"53\">\ud83d\udebf Bateria natryskowa DEANTE WERBENA (BCW_040M)<\/h3>\n<p data-start=\"55\" data-end=\"365\">Bateria natryskowa <strong data-start=\"74\" data-end=\"92\">Deante Werbena<\/strong> to funkcjonalne i nowoczesne rozwi\u0105zanie do ka\u017cdej kabiny prysznicowej, przeznaczone do monta\u017cu \u015bciennego. Jednouchwytowy mieszacz z ceramiczn\u0105 g\u0142owic\u0105 35 mm zapewnia precyzyjn\u0105 regulacj\u0119 temperatury i strumienia wody, a chromowane wyko\u0144czenie dodaje elegancji \u0142azience.<\/p>\n<h2 data-start=\"367\" data-end=\"414\">\u2705 <strong>Najwa\u017cniejsze zalety<\/strong><\/h2>\n<ul data-start=\"415\" data-end=\"837\">\n<li data-start=\"415\" data-end=\"485\">\n<p data-start=\"417\" data-end=\"485\"><strong data-start=\"417\" data-end=\"444\">jednouchwytowy mieszacz<\/strong> \u2013 wygodna i precyzyjna regulacja wody,<\/p>\n<\/li>\n<li data-start=\"486\" data-end=\"555\">\n<p data-start=\"488\" data-end=\"555\"><strong data-start=\"488\" data-end=\"516\">ceramiczna g\u0142owica 35 mm<\/strong> \u2013 trwa\u0142o\u015b\u0107 i niezawodno\u015b\u0107 dzia\u0142ania,<\/p>\n<\/li>\n<li data-start=\"556\" data-end=\"633\">\n<p data-start=\"558\" data-end=\"633\"><strong data-start=\"558\" data-end=\"596\">mechaniczna regulacja wyp\u0142ywu wody<\/strong> \u2013 komfort i kontrola zu\u017cycia wody,<\/p>\n<\/li>\n<li data-start=\"634\" data-end=\"689\">\n<p data-start=\"636\" data-end=\"689\"><strong data-start=\"636\" data-end=\"660\">wysoki przep\u0142yw wody<\/strong> \u2013 klasa B (25,2\u201330 l\/min),<\/p>\n<\/li>\n<li data-start=\"690\" data-end=\"732\">\n<p data-start=\"692\" data-end=\"732\"><strong data-start=\"692\" data-end=\"707\">cicha praca<\/strong> \u2013 grupa akustyczna II,<\/p>\n<\/li>\n<li data-start=\"733\" data-end=\"837\">\n<p data-start=\"735\" data-end=\"837\"><strong data-start=\"735\" data-end=\"756\">solidne wykonanie<\/strong> \u2013 chromowane wyko\u0144czenie gwarantuje estetyk\u0119 i \u0142atwo\u015b\u0107 utrzymania w czysto\u015bci.<\/p>\n<\/li>\n<\/ul>\n<h2 data-start=\"839\" data-end=\"859\">\ud83d\udd27<strong> Dane techniczne<\/strong><\/h2>\n<ul data-start=\"860\" data-end=\"1111\">\n<li data-start=\"860\" data-end=\"901\">\n<p data-start=\"862\" data-end=\"901\">typ baterii: <strong data-start=\"875\" data-end=\"898\">natryskowa, \u015bcienna<\/strong>,<\/p>\n<\/li>\n<li data-start=\"902\" data-end=\"940\">\n<p data-start=\"904\" data-end=\"940\">typ mieszacza: <strong data-start=\"919\" data-end=\"937\">jednouchwytowa<\/strong>,<\/p>\n<\/li>\n<li data-start=\"941\" data-end=\"976\">\n<p data-start=\"943\" data-end=\"976\">g\u0142owica: <strong data-start=\"952\" data-end=\"973\">ceramiczna, 35 mm<\/strong>,<\/p>\n<\/li>\n<li data-start=\"977\" data-end=\"1020\">\n<p data-start=\"979\" data-end=\"1020\">klasa przep\u0142ywu: <strong data-start=\"996\" data-end=\"1017\">B (25,2\u201330 l\/min)<\/strong>,<\/p>\n<\/li>\n<li data-start=\"1021\" data-end=\"1050\">\n<p data-start=\"1023\" data-end=\"1050\">grupa akustyczna: <strong data-start=\"1041\" data-end=\"1047\">II<\/strong>,<\/p>\n<\/li>\n<li data-start=\"1051\" data-end=\"1078\">\n<p data-start=\"1053\" data-end=\"1078\">wyko\u0144czenie: <strong data-start=\"1066\" data-end=\"1075\">chrom<\/strong>,<\/p>\n<\/li>\n<li data-start=\"1079\" data-end=\"1111\">\n<p data-start=\"1081\" data-end=\"1111\">komplet natryskowy: <strong data-start=\"1101\" data-end=\"1108\">nie<\/strong>.<\/p>\n<\/li>\n<\/ul>\n<p data-start=\"1113\" data-end=\"1320\" data-is-last-node=\"\" data-is-only-node=\"\">\ud83c\uddf5\ud83c\uddf1 Polska marka Deante<br data-start=\"1137\" data-end=\"1140\" \/><strong data-start=\"1140\" data-end=\"1150\">Deante<\/strong> to polski producent armatury \u0142azienkowej, \u0142\u0105cz\u0105cy nowoczesny design z funkcjonalno\u015bci\u0105 i trwa\u0142o\u015bci\u0105. Bateria Werbena zapewnia komfort codziennego u\u017cytkowania i elegancki<\/p>\n","protected":false},"excerpt":{"rendered":"<p><strong>Bateria natryskowa DEANTE Werbena (BCW_040M) \u0142\u0105czy nowoczesny chromowany design z wygod\u0105 codziennego u\u017cytkowania. Jednouchwytowy mieszacz i ceramiczna g\u0142owica 35 mm zapewniaj\u0105 precyzyjn\u0105 regulacj\u0119 strumienia wody oraz trwa\u0142o\u015b\u0107 produktu.<\/strong><\/p>\n","protected":false},"featured_media":8111,"template":"","meta":{"_kad_blocks_custom_css":"","_kad_blocks_head_custom_js":"","_kad_blocks_body_custom_js":"","_kad_blocks_footer_custom_js":"","_kad_post_transparent":"default","_kad_post_title":"","_kad_post_layout":"default","_kad_post_sidebar_id":"","_kad_post_content_style":"default","_kad_post_vertical_padding":"default","_kad_post_feature":"","_kad_post_feature_position":"","_kad_post_header":false,"_kad_post_footer":false,"_kad_post_classname":""},"product_brand":[447],"product_cat":[291],"product_tag":[],"class_list":{"0":"post-8110","1":"product","2":"type-product","3":"status-publish","4":"has-post-thumbnail","6":"product_brand-deante","7":"product_cat-wyprzedaz","8":"product_shipping_class-drobnica","10":"first","11":"instock","12":"taxable","13":"shipping-taxable","14":"purchasable","15":"product-type-simple","16":"entry","17":"content-bg","18":"loop-entry"},"taxonomy_info":{"product_brand":[{"value":447,"label":"Deante"}],"product_cat":[{"value":291,"label":"Wyprzeda\u017c"}]},"featured_image_src_large":["https:\/\/e-systemygrzewcze.eu\/sklep\/wp-content\/uploads\/2025\/12\/Nowy-projekt-2025-12-18T142948.884.jpg",510,587,false],"author_info":[],"comment_info":"","_links":{"self":[{"href":"https:\/\/e-systemygrzewcze.eu\/sklep\/wp-json\/wp\/v2\/product\/8110","targetHints":{"allow":["GET"]}}],"collection":[{"href":"https:\/\/e-systemygrzewcze.eu\/sklep\/wp-json\/wp\/v2\/product"}],"about":[{"href":"https:\/\/e-systemygrzewcze.eu\/sklep\/wp-json\/wp\/v2\/types\/product"}],"wp:featuredmedia":[{"embeddable":true,"href":"https:\/\/e-systemygrzewcze.eu\/sklep\/wp-json\/wp\/v2\/media\/8111"}],"wp:attachment":[{"href":"https:\/\/e-systemygrzewcze.eu\/sklep\/wp-json\/wp\/v2\/media?parent=8110"}],"wp:term":[{"taxonomy":"product_brand","embeddable":true,"href":"https:\/\/e-systemygrzewcze.eu\/sklep\/wp-json\/wp\/v2\/product_brand?post=8110"},{"taxonomy":"product_cat","embeddable":true,"href":"https:\/\/e-systemygrzewcze.eu\/sklep\/wp-json\/wp\/v2\/product_cat?post=8110"},{"taxonomy":"product_tag","embeddable":true,"href":"https:\/\/e-systemygrzewcze.eu\/sklep\/wp-json\/wp\/v2\/product_tag?post=8110"}],"curies":[{"name":"wp","href":"https:\/\/api.w.org\/{rel}","templated":true}]}}