{"id":8078,"date":"2025-12-18T11:07:17","date_gmt":"2025-12-18T11:07:17","guid":{"rendered":"https:\/\/e-systemygrzewcze.eu\/sklep\/produkt\/deante-begonia-bateria-natryskowatermostatyczna-bcb_04at\/"},"modified":"2026-04-08T08:01:06","modified_gmt":"2026-04-08T08:01:06","slug":"deante-begonia-bateria-natryskowatermostatyczna-bcb_04at","status":"publish","type":"product","link":"https:\/\/e-systemygrzewcze.eu\/sklep\/produkt\/deante-begonia-bateria-natryskowatermostatyczna-bcb_04at\/","title":{"rendered":"DEANTE BEGONIA Bateria natryskowa,termostatyczna (BCB_04AT)"},"content":{"rendered":"<div class=\"text-base my-auto mx-auto pb-10 [--thread-content-margin:--spacing(4)] @w-sm\/main:[--thread-content-margin:--spacing(6)] @w-lg\/main:[--thread-content-margin:--spacing(16)] px-(--thread-content-margin)\">\n<div class=\"[--thread-content-max-width:40rem] @w-lg\/main:[--thread-content-max-width:48rem] mx-auto max-w-(--thread-content-max-width) flex-1 group\/turn-messages focus-visible:outline-hidden relative flex w-full min-w-0 flex-col agent-turn\" tabindex=\"-1\">\n<div class=\"flex max-w-full flex-col grow\">\n<div class=\"min-h-8 text-message relative flex w-full flex-col items-end gap-2 text-start break-words whitespace-normal [.text-message+&amp;]:mt-1\" dir=\"auto\" data-message-author-role=\"assistant\" data-message-id=\"e6b80fbc-f808-48a5-96f6-08762ad7375d\" data-message-model-slug=\"gpt-5-mini\">\n<div class=\"flex w-full flex-col gap-1 empty:hidden first:pt-[1px]\">\n<div class=\"markdown prose dark:prose-invert w-full break-words dark markdown-new-styling\">\n<h2 style=\"text-align: center;\" data-start=\"0\" data-end=\"73\">! TOWAR POWYSTAWOWY !<\/h2>\n<h3 data-start=\"0\" data-end=\"66\">\ud83d\udebf Bateria natryskowa termostatyczna DEANTE BEGONIA (BCB_04AT)<\/h3>\n<p data-start=\"68\" data-end=\"379\">Bateria natryskowa <strong data-start=\"87\" data-end=\"105\">Deante Begonia<\/strong> to nowoczesne i bezpieczne rozwi\u0105zanie do ka\u017cdej \u0142azienki, zapewniaj\u0105ce wygodn\u0105 kontrol\u0119 temperatury wody dzi\u0119ki termostatowi. Model \u015bcienny wyposa\u017cono w zawory zwrotne oraz blokad\u0119 temperatury na 38\u00b0C, co zwi\u0119ksza bezpiecze\u0144stwo u\u017cytkowania i komfort codziennej k\u0105pieli.<\/p>\n<h2 data-start=\"381\" data-end=\"428\">\u2705<strong> Najwa\u017cniejsze zalety\u00a0<\/strong><\/h2>\n<ul data-start=\"429\" data-end=\"860\">\n<li data-start=\"429\" data-end=\"499\">\n<p data-start=\"431\" data-end=\"499\"><strong data-start=\"431\" data-end=\"458\">termostatyczny mieszacz<\/strong> \u2013 sta\u0142a i bezpieczna temperatura wody,<\/p>\n<\/li>\n<li data-start=\"500\" data-end=\"573\">\n<p data-start=\"502\" data-end=\"573\"><strong data-start=\"502\" data-end=\"530\">blokada temperatury 38\u00b0C<\/strong> \u2013 chroni przed przypadkowym poparzeniem,<\/p>\n<\/li>\n<li data-start=\"574\" data-end=\"658\">\n<p data-start=\"576\" data-end=\"658\"><strong data-start=\"576\" data-end=\"592\">przycisk Eco<\/strong> \u2013 ogranicza przep\u0142yw wody do oko\u0142o 10 l\/min, oszcz\u0119dzaj\u0105c wod\u0119,<\/p>\n<\/li>\n<li data-start=\"659\" data-end=\"726\">\n<p data-start=\"661\" data-end=\"726\"><strong data-start=\"661\" data-end=\"679\">zawory zwrotne<\/strong> \u2013 zapobiegaj\u0105 cofaniu si\u0119 wody w instalacji,<\/p>\n<\/li>\n<li data-start=\"727\" data-end=\"769\">\n<p data-start=\"729\" data-end=\"769\"><strong data-start=\"729\" data-end=\"744\">cicha praca<\/strong> \u2013 grupa akustyczna II,<\/p>\n<\/li>\n<li data-start=\"770\" data-end=\"860\">\n<p data-start=\"772\" data-end=\"860\"><strong data-start=\"772\" data-end=\"795\">solidna konstrukcja<\/strong> \u2013 chromowane wyko\u0144czenie gwarantuje trwa\u0142o\u015b\u0107 i elegancki wygl\u0105d.<\/p>\n<\/li>\n<\/ul>\n<h2 data-start=\"862\" data-end=\"882\">\ud83d\udd27<strong> Dane techniczne:<\/strong><\/h2>\n<ul data-start=\"883\" data-end=\"1138\">\n<li data-start=\"883\" data-end=\"912\">\n<p data-start=\"885\" data-end=\"912\">typ baterii: <strong data-start=\"898\" data-end=\"909\">\u015bcienna<\/strong>,<\/p>\n<\/li>\n<li data-start=\"913\" data-end=\"968\">\n<p data-start=\"915\" data-end=\"968\">rodzaj mieszacza: <strong data-start=\"933\" data-end=\"965\">termostatyczny, dwuuchwytowa<\/strong>,<\/p>\n<\/li>\n<li data-start=\"969\" data-end=\"1014\">\n<p data-start=\"971\" data-end=\"1014\">klasa przep\u0142ywu: <strong data-start=\"988\" data-end=\"1011\">B (19,8\u201325,2 l\/min)<\/strong>,<\/p>\n<\/li>\n<li data-start=\"1015\" data-end=\"1044\">\n<p data-start=\"1017\" data-end=\"1044\">grupa akustyczna: <strong data-start=\"1035\" data-end=\"1041\">II<\/strong>,<\/p>\n<\/li>\n<li data-start=\"1045\" data-end=\"1066\">\n<p data-start=\"1047\" data-end=\"1066\">kolor: <strong data-start=\"1054\" data-end=\"1063\">chrom<\/strong>,<\/p>\n<\/li>\n<li data-start=\"1067\" data-end=\"1095\">\n<p data-start=\"1069\" data-end=\"1095\">zawory zwrotne: <strong data-start=\"1085\" data-end=\"1092\">tak<\/strong>,<\/p>\n<\/li>\n<li data-start=\"1096\" data-end=\"1138\">\n<p data-start=\"1098\" data-end=\"1138\">zestaw natryskowy: <strong data-start=\"1117\" data-end=\"1137\">brak w komplecie<\/strong>.<\/p>\n<\/li>\n<\/ul>\n<p data-start=\"1140\" data-end=\"1381\">\ud83c\uddf5\ud83c\uddf1 Polska marka Deante<br data-start=\"1164\" data-end=\"1167\" \/><strong data-start=\"1167\" data-end=\"1177\">Deante<\/strong> to uznana polska marka armatury \u0142azienkowej, kt\u00f3ra \u0142\u0105czy funkcjonalno\u015b\u0107, nowoczesny design i wysok\u0105 jako\u015b\u0107 wykonania. Bateria Begonia zapewnia komfort, bezpiecze\u0144stwo i trwa\u0142o\u015b\u0107 u\u017cytkowania przez lata.<\/p>\n<\/div>\n<\/div>\n<\/div>\n<\/div>\n<\/div>\n<\/div>\n","protected":false},"excerpt":{"rendered":"<p><strong>Natryskowa bateria termostatyczna DEANTE Begonia (BCB_04AT) gwarantuje bezpieczne i komfortowe korzystanie z wody dzi\u0119ki blokadzie temperatury na 38\u00b0C i zaworom zwrotnym. Przycisk Eco ogranicza przep\u0142yw wody, zapewniaj\u0105c oszcz\u0119dno\u015b\u0107 i wygod\u0119 codziennego u\u017cytkowania.<\/strong><\/p>\n","protected":false},"featured_media":8079,"template":"","meta":{"_kad_blocks_custom_css":"","_kad_blocks_head_custom_js":"","_kad_blocks_body_custom_js":"","_kad_blocks_footer_custom_js":"","_kad_post_transparent":"default","_kad_post_title":"","_kad_post_layout":"default","_kad_post_sidebar_id":"","_kad_post_content_style":"default","_kad_post_vertical_padding":"default","_kad_post_feature":"","_kad_post_feature_position":"","_kad_post_header":false,"_kad_post_footer":false,"_kad_post_classname":""},"product_brand":[447],"product_cat":[291],"product_tag":[],"class_list":{"0":"post-8078","1":"product","2":"type-product","3":"status-publish","4":"has-post-thumbnail","6":"product_brand-deante","7":"product_cat-wyprzedaz","8":"product_shipping_class-drobnica","10":"first","11":"instock","12":"taxable","13":"shipping-taxable","14":"purchasable","15":"product-type-simple","16":"entry","17":"content-bg","18":"loop-entry"},"taxonomy_info":{"product_brand":[{"value":447,"label":"Deante"}],"product_cat":[{"value":291,"label":"Wyprzeda\u017c"}]},"featured_image_src_large":["https:\/\/e-systemygrzewcze.eu\/sklep\/wp-content\/uploads\/2025\/12\/Nowy-projekt-2025-12-18T120423.324.jpg",510,587,false],"author_info":[],"comment_info":"","_links":{"self":[{"href":"https:\/\/e-systemygrzewcze.eu\/sklep\/wp-json\/wp\/v2\/product\/8078","targetHints":{"allow":["GET"]}}],"collection":[{"href":"https:\/\/e-systemygrzewcze.eu\/sklep\/wp-json\/wp\/v2\/product"}],"about":[{"href":"https:\/\/e-systemygrzewcze.eu\/sklep\/wp-json\/wp\/v2\/types\/product"}],"wp:featuredmedia":[{"embeddable":true,"href":"https:\/\/e-systemygrzewcze.eu\/sklep\/wp-json\/wp\/v2\/media\/8079"}],"wp:attachment":[{"href":"https:\/\/e-systemygrzewcze.eu\/sklep\/wp-json\/wp\/v2\/media?parent=8078"}],"wp:term":[{"taxonomy":"product_brand","embeddable":true,"href":"https:\/\/e-systemygrzewcze.eu\/sklep\/wp-json\/wp\/v2\/product_brand?post=8078"},{"taxonomy":"product_cat","embeddable":true,"href":"https:\/\/e-systemygrzewcze.eu\/sklep\/wp-json\/wp\/v2\/product_cat?post=8078"},{"taxonomy":"product_tag","embeddable":true,"href":"https:\/\/e-systemygrzewcze.eu\/sklep\/wp-json\/wp\/v2\/product_tag?post=8078"}],"curies":[{"name":"wp","href":"https:\/\/api.w.org\/{rel}","templated":true}]}}