{"id":7322,"date":"2025-10-03T06:42:56","date_gmt":"2025-10-03T06:42:56","guid":{"rendered":"https:\/\/e-systemygrzewcze.eu\/sklep\/produkt\/polsyfon-umywalkowy-5-4\/"},"modified":"2026-04-09T06:06:46","modified_gmt":"2026-04-09T06:06:46","slug":"polsyfon-umywalkowy-5-4","status":"publish","type":"product","link":"https:\/\/e-systemygrzewcze.eu\/sklep\/produkt\/polsyfon-umywalkowy-5-4\/","title":{"rendered":"P\u00f3\u0142syfon umywalkowy 5\/4"},"content":{"rendered":"<p>P\u00f3\u0142syfon umywalkowy wykonany jest \u00a0z wysokiej jako\u015bci tworzywa sztucznego, kt\u00f3re jest odporne na r\u00f3\u017cne uszkodzenia, w tym r\u00f3\u017cnic\u0119 temperatur. Specjalnie wyprofilowane elementy zabezpieczaj\u0105 przestrze\u0144 \u0142azienkow\u0105 przed przenikaniem nieprzyjemnych zapach\u00f3w z kanalizacji. Syfon plastikowy jest\u00a0 \u0142atwy i szybki w montowaniu, dzi\u0119ki zako\u0144czeniom gwintowanym.<\/p>\n","protected":false},"excerpt":{"rendered":"<p><strong>P\u00f3\u0142syfon umywalkowy 5\/4 S2005 \u2013 funkcjonalny syfon umywalkowy o kompaktowej konstrukcji, wykonany z wytrzyma\u0142ego tworzywa. Zapewnia niezawodne odprowadzanie wody i zabezpiecza przed cofaniem si\u0119 nieprzyjemnych zapach\u00f3w. \u0141atwy w monta\u017cu i utrzymaniu w czysto\u015bci.<\/strong><\/p>\n","protected":false},"featured_media":7324,"template":"","meta":{"_kad_blocks_custom_css":"","_kad_blocks_head_custom_js":"","_kad_blocks_body_custom_js":"","_kad_blocks_footer_custom_js":"","_kad_post_transparent":"default","_kad_post_title":"","_kad_post_layout":"default","_kad_post_sidebar_id":"","_kad_post_content_style":"default","_kad_post_vertical_padding":"default","_kad_post_feature":"","_kad_post_feature_position":"","_kad_post_header":false,"_kad_post_footer":false,"_kad_post_classname":""},"product_brand":[436],"product_cat":[302],"product_tag":[],"class_list":{"0":"post-7322","1":"product","2":"type-product","3":"status-publish","4":"has-post-thumbnail","6":"product_brand-jano","7":"product_cat-syfony","8":"product_shipping_class-drobnica","10":"first","11":"outofstock","12":"taxable","13":"shipping-taxable","14":"purchasable","15":"product-type-simple","16":"entry","17":"content-bg","18":"loop-entry"},"taxonomy_info":{"product_brand":[{"value":436,"label":"Jano"}],"product_cat":[{"value":302,"label":"Syfony"}]},"featured_image_src_large":["https:\/\/e-systemygrzewcze.eu\/sklep\/wp-content\/uploads\/2025\/10\/Nowy-projekt-2025-10-03T084554.379.jpg",510,578,false],"author_info":[],"comment_info":"","_links":{"self":[{"href":"https:\/\/e-systemygrzewcze.eu\/sklep\/wp-json\/wp\/v2\/product\/7322","targetHints":{"allow":["GET"]}}],"collection":[{"href":"https:\/\/e-systemygrzewcze.eu\/sklep\/wp-json\/wp\/v2\/product"}],"about":[{"href":"https:\/\/e-systemygrzewcze.eu\/sklep\/wp-json\/wp\/v2\/types\/product"}],"wp:featuredmedia":[{"embeddable":true,"href":"https:\/\/e-systemygrzewcze.eu\/sklep\/wp-json\/wp\/v2\/media\/7324"}],"wp:attachment":[{"href":"https:\/\/e-systemygrzewcze.eu\/sklep\/wp-json\/wp\/v2\/media?parent=7322"}],"wp:term":[{"taxonomy":"product_brand","embeddable":true,"href":"https:\/\/e-systemygrzewcze.eu\/sklep\/wp-json\/wp\/v2\/product_brand?post=7322"},{"taxonomy":"product_cat","embeddable":true,"href":"https:\/\/e-systemygrzewcze.eu\/sklep\/wp-json\/wp\/v2\/product_cat?post=7322"},{"taxonomy":"product_tag","embeddable":true,"href":"https:\/\/e-systemygrzewcze.eu\/sklep\/wp-json\/wp\/v2\/product_tag?post=7322"}],"curies":[{"name":"wp","href":"https:\/\/api.w.org\/{rel}","templated":true}]}}