{"id":6972,"date":"2025-09-19T13:56:50","date_gmt":"2025-09-19T13:56:50","guid":{"rendered":"https:\/\/e-systemygrzewcze.eu\/sklep\/produkt\/esbe-grupa-pompowa-bez-mieszacza-rs25-6-rk\/"},"modified":"2026-04-09T08:51:35","modified_gmt":"2026-04-09T08:51:35","slug":"esbe-grupa-pompowa-bez-mieszacza-rs25-6-rk","status":"publish","type":"product","link":"https:\/\/e-systemygrzewcze.eu\/sklep\/produkt\/esbe-grupa-pompowa-bez-mieszacza-rs25-6-rk\/","title":{"rendered":"ESBE Grupa pompowa bez mieszacza RS25\/6-RK"},"content":{"rendered":"<div class=\"flex flex-col text-sm pb-25\">\n<article class=\"text-token-text-primary w-full focus:outline-none [--shadow-height:45px] has-data-writing-block:pointer-events-none has-data-writing-block:-mt-(--shadow-height) has-data-writing-block:pt-(--shadow-height) [&amp;:has([data-writing-block])&gt;*]:pointer-events-auto scroll-mt-[calc(var(--header-height)+min(200px,max(70px,20svh)))]\" dir=\"auto\" tabindex=\"-1\" data-turn-id=\"request-698dc8d3-7568-8328-9fb1-5bd806595a20-13\" data-testid=\"conversation-turn-146\" data-scroll-anchor=\"true\" data-turn=\"assistant\">\n<div class=\"text-base my-auto mx-auto pb-10 [--thread-content-margin:--spacing(4)] @w-sm\/main:[--thread-content-margin:--spacing(6)] @w-lg\/main:[--thread-content-margin:--spacing(16)] px-(--thread-content-margin)\">\n<div class=\"[--thread-content-max-width:40rem] @w-lg\/main:[--thread-content-max-width:48rem] mx-auto max-w-(--thread-content-max-width) flex-1 group\/turn-messages focus-visible:outline-hidden relative flex w-full min-w-0 flex-col agent-turn\" tabindex=\"-1\">\n<div class=\"flex max-w-full flex-col grow\">\n<div class=\"min-h-8 text-message relative flex w-full flex-col items-end gap-2 text-start break-words whitespace-normal [.text-message+&amp;]:mt-1\" dir=\"auto\" data-message-author-role=\"assistant\" data-message-id=\"19f58b27-2376-4513-99b7-cdf218175dbd\" data-message-model-slug=\"gpt-5-mini\">\n<div class=\"flex w-full flex-col gap-1 empty:hidden first:pt-[1px]\">\n<div class=\"markdown prose dark:prose-invert w-full wrap-break-word dark markdown-new-styling\">\n<h2 data-start=\"0\" data-end=\"59\">\u2705 <strong data-start=\"2\" data-end=\"57\">ESBE Grupa pompowa bez mieszacza RS25\/6-RK (GDA100)<\/strong><\/h2>\n<p data-start=\"61\" data-end=\"421\">Grupa pompowa ESBE serii GDA100 to kompaktowe, gotowe do monta\u017cu urz\u0105dzenie przeznaczone do efektywnej dystrybucji ciep\u0142a w instalacjach grzewczych. Model RS25\/6-RK wyposa\u017cony jest w pomp\u0119 cyrkulacyjn\u0105, dwa zawory odcinaj\u0105ce z termometrami, zaw\u00f3r zwrotny oraz izolacj\u0119 termiczn\u0105, co zapewnia gotowe i energooszcz\u0119dne rozwi\u0105zanie dla nowoczesnych system\u00f3w CO.<\/p>\n<h2 data-start=\"423\" data-end=\"453\">\ud83d\udd25 <strong data-start=\"426\" data-end=\"451\">Najwa\u017cniejsze zalety:<\/strong><\/h2>\n<ul data-start=\"454\" data-end=\"770\">\n<li data-start=\"454\" data-end=\"498\">\n<p data-start=\"456\" data-end=\"498\">Bezpo\u015brednie zasilanie obiegu grzewczego<\/p>\n<\/li>\n<li data-start=\"499\" data-end=\"544\">\n<p data-start=\"501\" data-end=\"544\">Energooszcz\u0119dna pompa cyrkulacyjna RS25\/6<\/p>\n<\/li>\n<li data-start=\"545\" data-end=\"597\">\n<p data-start=\"547\" data-end=\"597\">Dwa zawory odcinaj\u0105ce z wbudowanymi termometrami<\/p>\n<\/li>\n<li data-start=\"598\" data-end=\"629\">\n<p data-start=\"600\" data-end=\"629\">Zaw\u00f3r zwrotny w standardzie<\/p>\n<\/li>\n<li data-start=\"630\" data-end=\"667\">\n<p data-start=\"632\" data-end=\"667\">Wysokiej klasy izolacja termiczna<\/p>\n<\/li>\n<li data-start=\"668\" data-end=\"702\">\n<p data-start=\"670\" data-end=\"702\">Kompaktowa i estetyczna budowa<\/p>\n<\/li>\n<li data-start=\"703\" data-end=\"738\">\n<p data-start=\"705\" data-end=\"738\">Gotowa do pracy po zamontowaniu<\/p>\n<\/li>\n<li data-start=\"739\" data-end=\"770\">\n<p data-start=\"741\" data-end=\"770\">Mo\u017cliwo\u015b\u0107 monta\u017cu \u015bciennego<\/p>\n<\/li>\n<\/ul>\n<h2 data-start=\"772\" data-end=\"977\">\ud83c\udfe0 <strong data-start=\"775\" data-end=\"792\">Zastosowanie:<\/strong><\/h2>\n<p data-start=\"772\" data-end=\"977\">Instalacje centralnego ogrzewania z kot\u0142ami, pompami ciep\u0142a i zbiornikami buforowymi, wymagaj\u0105ce bezpo\u015bredniego zasilania, stabilnego przep\u0142ywu i wysokiej sprawno\u015bci energetycznej.<\/p>\n<h2 data-start=\"979\" data-end=\"1013\">\ud83d\udee0\ufe0f <strong data-start=\"983\" data-end=\"1011\">Wyposa\u017cenie standardowe:<\/strong><\/h2>\n<ul data-start=\"1014\" data-end=\"1181\">\n<li data-start=\"1014\" data-end=\"1043\">\n<p data-start=\"1016\" data-end=\"1043\">Pompa cyrkulacyjna RS25\/6<\/p>\n<\/li>\n<li data-start=\"1044\" data-end=\"1082\">\n<p data-start=\"1046\" data-end=\"1082\">2 zawory odcinaj\u0105ce z termometrami<\/p>\n<\/li>\n<li data-start=\"1083\" data-end=\"1100\">\n<p data-start=\"1085\" data-end=\"1100\">Zaw\u00f3r zwrotny<\/p>\n<\/li>\n<li data-start=\"1101\" data-end=\"1123\">\n<p data-start=\"1103\" data-end=\"1123\">Izolacja termiczna<\/p>\n<\/li>\n<li data-start=\"1124\" data-end=\"1181\">\n<p data-start=\"1126\" data-end=\"1181\">Uchwyty monta\u017cowe, przygotowanie do monta\u017cu \u015bciennego<\/p>\n<\/li>\n<\/ul>\n<h2 data-start=\"1183\" data-end=\"1212\">\u2699\ufe0f <strong data-start=\"1186\" data-end=\"1210\">Cechy konstrukcyjne:<\/strong><\/h2>\n<ul data-start=\"1213\" data-end=\"1397\" data-is-last-node=\"\" data-is-only-node=\"\">\n<li data-start=\"1213\" data-end=\"1251\">\n<p data-start=\"1215\" data-end=\"1251\">Szybki monta\u017c dzi\u0119ki prefabrykacji<\/p>\n<\/li>\n<li data-start=\"1252\" data-end=\"1298\">\n<p data-start=\"1254\" data-end=\"1298\">Minimalizacja strat ciep\u0142a dzi\u0119ki izolacji<\/p>\n<\/li>\n<li data-start=\"1299\" data-end=\"1334\">\n<p data-start=\"1301\" data-end=\"1334\">Wytrzyma\u0142a i estetyczna obudowa<\/p>\n<\/li>\n<li data-start=\"1335\" data-end=\"1397\" data-is-last-node=\"\">\n<p data-start=\"1337\" data-end=\"1397\" data-is-last-node=\"\">Gotowa prefabrykowana grupa pompowa do natychmiastowej pracy<\/p>\n<\/li>\n<\/ul>\n<\/div>\n<\/div>\n<\/div>\n<\/div>\n<div class=\"z-0 flex min-h-[46px] justify-start\"><\/div>\n<div class=\"mt-3 w-full empty:hidden\">\n<div class=\"text-center\"><\/div>\n<\/div>\n<\/div>\n<\/div>\n<\/article>\n<\/div>\n<div class=\"pointer-events-none h-px w-px absolute bottom-0\" aria-hidden=\"true\" data-edge=\"true\"><\/div>\n","protected":false},"excerpt":{"rendered":"<p><strong>Kompaktowa i gotowa do monta\u017cu grupa pompowa ESBE z pomp\u0105 cyrkulacyjn\u0105, zaworami odcinaj\u0105cymi z termometrami i zaworem zwrotnym. Idealna do instalacji CO, kot\u0142\u00f3w, pomp ciep\u0142a i bufor\u00f3w \u2013 zapewnia stabilny przep\u0142yw, energooszcz\u0119dn\u0105 prac\u0119 i szybki monta\u017c.<\/strong><\/p>\n","protected":false},"featured_media":6976,"template":"","meta":{"_kad_blocks_custom_css":"","_kad_blocks_head_custom_js":"","_kad_blocks_body_custom_js":"","_kad_blocks_footer_custom_js":"","_kad_post_transparent":"default","_kad_post_title":"","_kad_post_layout":"default","_kad_post_sidebar_id":"","_kad_post_content_style":"default","_kad_post_vertical_padding":"default","_kad_post_feature":"","_kad_post_feature_position":"","_kad_post_header":false,"_kad_post_footer":false,"_kad_post_classname":""},"product_brand":[27],"product_cat":[317],"product_tag":[],"class_list":{"0":"post-6972","1":"product","2":"type-product","3":"status-publish","4":"has-post-thumbnail","6":"product_brand-goshe","7":"product_cat-grupy-pompowe","8":"product_shipping_class-drobnica","10":"first","11":"instock","12":"taxable","13":"shipping-taxable","14":"purchasable","15":"product-type-simple","16":"entry","17":"content-bg","18":"loop-entry"},"taxonomy_info":{"product_brand":[{"value":27,"label":"Goshe"}],"product_cat":[{"value":317,"label":"Grupy pompowe"}]},"featured_image_src_large":["https:\/\/e-systemygrzewcze.eu\/sklep\/wp-content\/uploads\/2025\/09\/Nowy-projekt-2025-09-19T160320.466.jpg",510,578,false],"author_info":[],"comment_info":"","_links":{"self":[{"href":"https:\/\/e-systemygrzewcze.eu\/sklep\/wp-json\/wp\/v2\/product\/6972","targetHints":{"allow":["GET"]}}],"collection":[{"href":"https:\/\/e-systemygrzewcze.eu\/sklep\/wp-json\/wp\/v2\/product"}],"about":[{"href":"https:\/\/e-systemygrzewcze.eu\/sklep\/wp-json\/wp\/v2\/types\/product"}],"wp:featuredmedia":[{"embeddable":true,"href":"https:\/\/e-systemygrzewcze.eu\/sklep\/wp-json\/wp\/v2\/media\/6976"}],"wp:attachment":[{"href":"https:\/\/e-systemygrzewcze.eu\/sklep\/wp-json\/wp\/v2\/media?parent=6972"}],"wp:term":[{"taxonomy":"product_brand","embeddable":true,"href":"https:\/\/e-systemygrzewcze.eu\/sklep\/wp-json\/wp\/v2\/product_brand?post=6972"},{"taxonomy":"product_cat","embeddable":true,"href":"https:\/\/e-systemygrzewcze.eu\/sklep\/wp-json\/wp\/v2\/product_cat?post=6972"},{"taxonomy":"product_tag","embeddable":true,"href":"https:\/\/e-systemygrzewcze.eu\/sklep\/wp-json\/wp\/v2\/product_tag?post=6972"}],"curies":[{"name":"wp","href":"https:\/\/api.w.org\/{rel}","templated":true}]}}