{"id":6918,"date":"2025-09-19T09:22:54","date_gmt":"2025-09-19T09:22:54","guid":{"rendered":"https:\/\/e-systemygrzewcze.eu\/sklep\/produkt\/esbe-zawor-4-drogowy-mieszajacy-50-kvs-40-vrg141\/"},"modified":"2026-03-19T08:21:01","modified_gmt":"2026-03-19T08:21:01","slug":"esbe-zawor-4-drogowy-mieszajacy-50-kvs-40-vrg141","status":"publish","type":"product","link":"https:\/\/e-systemygrzewcze.eu\/sklep\/produkt\/esbe-zawor-4-drogowy-mieszajacy-50-kvs-40-vrg141\/","title":{"rendered":"ESBE Zaw\u00f3r 4-drogowy mieszaj\u0105cy 50 Kvs-40 VRG141"},"content":{"rendered":"<h3 data-start=\"112\" data-end=\"170\"><strong data-start=\"116\" data-end=\"170\">ESBE Zaw\u00f3r 4-drogowy mieszaj\u0105cy DN50 Kvs 40 VRG141<\/strong><\/h3>\n<p data-start=\"172\" data-end=\"504\">ESBE VRG141 DN50 to 4-drogowy zaw\u00f3r mieszaj\u0105cy do instalacji grzewczych, kt\u00f3ry stabilizuje temperatur\u0119 obiegu, mieszaj\u0105c wod\u0119 zasilaj\u0105c\u0105 z powrotn\u0105.<br data-start=\"320\" data-end=\"323\" \/>Mo\u017ce by\u0107 sterowany r\u0119cznie lub automatycznie przy u\u017cyciu si\u0142ownika, a trwa\u0142y korpus z mosi\u0105dzu DZR i uszczelnienia EPDM zapewniaj\u0105 niezawodn\u0105 prac\u0119 przy du\u017cych przep\u0142ywach \ud83d\udd25\ud83d\udca7\ud83d\udee0\ufe0f<\/p>\n<hr data-start=\"506\" data-end=\"509\" \/>\n<h3 data-start=\"511\" data-end=\"537\"><strong data-start=\"515\" data-end=\"537\">\ud83d\udcca Dane techniczne<\/strong><\/h3>\n<ul data-start=\"539\" data-end=\"1013\">\n<li data-start=\"539\" data-end=\"568\">\n<p data-start=\"541\" data-end=\"568\">Typ: 4-drogowy mieszaj\u0105cy<\/p>\n<\/li>\n<li data-start=\"569\" data-end=\"591\">\n<p data-start=\"571\" data-end=\"591\">Model: ESBE VRG141<\/p>\n<\/li>\n<li data-start=\"592\" data-end=\"620\">\n<p data-start=\"594\" data-end=\"620\">\u015arednica nominalna: DN50<\/p>\n<\/li>\n<li data-start=\"621\" data-end=\"637\">\n<p data-start=\"623\" data-end=\"637\">Kvs: 40 m\u00b3\/h<\/p>\n<\/li>\n<li data-start=\"638\" data-end=\"663\">\n<p data-start=\"640\" data-end=\"663\">Klasa ci\u015bnienia: PN10<\/p>\n<\/li>\n<li data-start=\"664\" data-end=\"698\">\n<p data-start=\"666\" data-end=\"698\">Maks. temperatura pracy: 110\u00b0C<\/p>\n<\/li>\n<li data-start=\"699\" data-end=\"738\">\n<p data-start=\"701\" data-end=\"738\">Minimalna temperatura medium: -10\u00b0C<\/p>\n<\/li>\n<li data-start=\"739\" data-end=\"785\">\n<p data-start=\"741\" data-end=\"785\">Maks. ci\u015bnienie r\u00f3\u017cnicowe przy 20\u00b0C: 1 bar<\/p>\n<\/li>\n<li data-start=\"786\" data-end=\"845\">\n<p data-start=\"788\" data-end=\"845\">Materia\u0142 korpusu: mosi\u0105dz odporny na odcynkowanie (DZR)<\/p>\n<\/li>\n<li data-start=\"846\" data-end=\"875\">\n<p data-start=\"848\" data-end=\"875\">Materia\u0142 obudowy: mosi\u0105dz<\/p>\n<\/li>\n<li data-start=\"876\" data-end=\"899\">\n<p data-start=\"878\" data-end=\"899\">Uszczelnienie: EPDM<\/p>\n<\/li>\n<li data-start=\"900\" data-end=\"929\">\n<p data-start=\"902\" data-end=\"929\">Dzia\u0142anie \/ nap\u0119d: uchwyt<\/p>\n<\/li>\n<li data-start=\"930\" data-end=\"973\">\n<p data-start=\"932\" data-end=\"973\">Zabezpieczenie powierzchni: stan surowy<\/p>\n<\/li>\n<li data-start=\"974\" data-end=\"1013\">\n<p data-start=\"976\" data-end=\"1013\">Wysoko\u015b\u0107 uchwytu \/ trzpienia: 64 mm<\/p>\n<\/li>\n<\/ul>\n<p data-start=\"1015\" data-end=\"1039\"><strong data-start=\"1015\" data-end=\"1037\">Wymiary przy\u0142\u0105czy:<\/strong><\/p>\n<ul data-start=\"1040\" data-end=\"1073\">\n<li data-start=\"1040\" data-end=\"1073\">\n<p data-start=\"1042\" data-end=\"1073\">D\u0142ugo\u015b\u0107 po\u0142\u0105czenia 1\u20134: 60 mm<\/p>\n<\/li>\n<\/ul>\n","protected":false},"excerpt":{"rendered":"<p><strong>ESBE VRG141 DN50 Kvs 40 stabilizuje temperatur\u0119 w instalacjach C.O., mieszaj\u0105c wod\u0119 zasilaj\u0105c\u0105 z powrotn\u0105.R\u0119czne lub automatyczne sterowanie, trwa\u0142y korpus z mosi\u0105dzu DZR i uszczelnienia EPDM gwarantuj\u0105 niezawodn\u0105 prac\u0119.<\/strong><\/p>\n","protected":false},"featured_media":6920,"template":"","meta":{"_kad_blocks_custom_css":"","_kad_blocks_head_custom_js":"","_kad_blocks_body_custom_js":"","_kad_blocks_footer_custom_js":"","_kad_post_transparent":"default","_kad_post_title":"","_kad_post_layout":"default","_kad_post_sidebar_id":"","_kad_post_content_style":"default","_kad_post_vertical_padding":"default","_kad_post_feature":"","_kad_post_feature_position":"","_kad_post_header":false,"_kad_post_footer":false,"_kad_post_classname":""},"product_brand":[426],"product_cat":[165],"product_tag":[],"class_list":{"0":"post-6918","1":"product","2":"type-product","3":"status-publish","4":"has-post-thumbnail","6":"product_brand-esbe","7":"product_cat-zawory-4-drogowe","8":"product_shipping_class-drobnica","10":"first","11":"instock","12":"taxable","13":"shipping-taxable","14":"purchasable","15":"product-type-simple","16":"entry","17":"content-bg","18":"loop-entry"},"taxonomy_info":{"product_brand":[{"value":426,"label":"ESBE"}],"product_cat":[{"value":165,"label":"Zawory 4-drogowe do C.O"}]},"featured_image_src_large":["https:\/\/e-systemygrzewcze.eu\/sklep\/wp-content\/uploads\/2025\/09\/Nowy-projekt-2025-09-19T124918.809.jpg",510,578,false],"author_info":[],"comment_info":"","_links":{"self":[{"href":"https:\/\/e-systemygrzewcze.eu\/sklep\/wp-json\/wp\/v2\/product\/6918","targetHints":{"allow":["GET"]}}],"collection":[{"href":"https:\/\/e-systemygrzewcze.eu\/sklep\/wp-json\/wp\/v2\/product"}],"about":[{"href":"https:\/\/e-systemygrzewcze.eu\/sklep\/wp-json\/wp\/v2\/types\/product"}],"wp:featuredmedia":[{"embeddable":true,"href":"https:\/\/e-systemygrzewcze.eu\/sklep\/wp-json\/wp\/v2\/media\/6920"}],"wp:attachment":[{"href":"https:\/\/e-systemygrzewcze.eu\/sklep\/wp-json\/wp\/v2\/media?parent=6918"}],"wp:term":[{"taxonomy":"product_brand","embeddable":true,"href":"https:\/\/e-systemygrzewcze.eu\/sklep\/wp-json\/wp\/v2\/product_brand?post=6918"},{"taxonomy":"product_cat","embeddable":true,"href":"https:\/\/e-systemygrzewcze.eu\/sklep\/wp-json\/wp\/v2\/product_cat?post=6918"},{"taxonomy":"product_tag","embeddable":true,"href":"https:\/\/e-systemygrzewcze.eu\/sklep\/wp-json\/wp\/v2\/product_tag?post=6918"}],"curies":[{"name":"wp","href":"https:\/\/api.w.org\/{rel}","templated":true}]}}