{"id":6751,"date":"2025-09-17T14:03:18","date_gmt":"2025-09-17T14:03:18","guid":{"rendered":"https:\/\/e-systemygrzewcze.eu\/sklep\/produkt\/rbm-zawo-bezpieczenstwa-gw-3-4-3-bary\/"},"modified":"2026-03-30T10:26:24","modified_gmt":"2026-03-30T10:26:24","slug":"rbm-zawo-bezpieczenstwa-gw-3-4-3-bary","status":"publish","type":"product","link":"https:\/\/e-systemygrzewcze.eu\/sklep\/produkt\/rbm-zawo-bezpieczenstwa-gw-3-4-3-bary\/","title":{"rendered":"RBM Zaw\u00f3r bezpiecze\u0144stwa GW 3\/4&#8243; 3  Bary"},"content":{"rendered":"<p data-start=\"0\" data-end=\"31\">Gotowe \u2014 w tym samym stylu \ud83d\udc47<\/p>\n<hr data-start=\"33\" data-end=\"36\" \/>\n<h2 data-start=\"38\" data-end=\"82\">\ud83d\udd25 RBM Zaw\u00f3r bezpiecze\u0144stwa GW 3\/4\u2033 3 bar<\/h2>\n<p data-start=\"84\" data-end=\"365\">Zaw\u00f3r bezpiecze\u0144stwa <strong data-start=\"105\" data-end=\"118\">RBM 3 bar<\/strong> z przy\u0142\u0105czem <strong data-start=\"132\" data-end=\"140\">3\/4\u2033<\/strong> to niezawodne zabezpieczenie instalacji grzewczych i wodnych przed nadmiernym wzrostem ci\u015bnienia.<br data-start=\"238\" data-end=\"241\" \/>Po przekroczeniu warto\u015bci <strong data-start=\"267\" data-end=\"276\">3 bar<\/strong> zaw\u00f3r automatycznie odprowadza medium, chroni\u0105c kocio\u0142, bojler oraz elementy instalacji.<\/p>\n<p data-start=\"367\" data-end=\"553\">Solidny <strong data-start=\"375\" data-end=\"396\">korpus z mosi\u0105dzu<\/strong>, spr\u0119\u017cyna ze <strong data-start=\"410\" data-end=\"440\">stali nierdzewnej AISI 302<\/strong> oraz uszczelnienia elastomerowe zapewniaj\u0105 d\u0142ug\u0105 \u017cywotno\u015b\u0107 i bezawaryjn\u0105 prac\u0119 nawet przy wysokiej temperaturze.<\/p>\n<hr data-start=\"555\" data-end=\"558\" \/>\n<h2 data-start=\"560\" data-end=\"585\">\u2705 Najwa\u017cniejsze zalety<\/h2>\n<p data-start=\"587\" data-end=\"908\">\u2022 Ci\u015bnienie zadzia\u0142ania: <strong data-start=\"612\" data-end=\"621\">3 bar<\/strong><br data-start=\"621\" data-end=\"624\" \/>\u2022 Trwa\u0142y korpus z mosi\u0105dzu<br data-start=\"650\" data-end=\"653\" \/>\u2022 Spr\u0119\u017cyna ze stali nierdzewnej <strong data-start=\"685\" data-end=\"697\">AISI 302<\/strong><br data-start=\"697\" data-end=\"700\" \/>\u2022 Uszczelnienie i membrana elastomerowa<br data-start=\"739\" data-end=\"742\" \/>\u2022 Gwintowane po\u0142\u0105czenia k\u0105towe <strong data-start=\"773\" data-end=\"779\">FF<\/strong><br data-start=\"779\" data-end=\"782\" \/>\u2022 Odporno\u015b\u0107 temperaturowa do <strong data-start=\"811\" data-end=\"820\">110\u00b0C<\/strong><br data-start=\"820\" data-end=\"823\" \/>\u2022 Maksymalne dopuszczalne ci\u015bnienie <strong data-start=\"859\" data-end=\"872\">PS 10 bar<\/strong><br data-start=\"872\" data-end=\"875\" \/>\u2022 Do wody i powietrza (Grupa 2)<\/p>\n<hr data-start=\"910\" data-end=\"913\" \/>\n<h2 data-start=\"915\" data-end=\"936\">\ud83d\udcca Dane techniczne<\/h2>\n<p data-start=\"938\" data-end=\"1495\"><strong data-start=\"938\" data-end=\"946\">Typ:<\/strong> zaw\u00f3r bezpiecze\u0144stwa<br data-start=\"967\" data-end=\"970\" \/><strong data-start=\"970\" data-end=\"980\">Marka:<\/strong> RBM<br data-start=\"984\" data-end=\"987\" \/><strong data-start=\"987\" data-end=\"1012\">Ci\u015bnienie przelewowe:<\/strong> 3 bar<br data-start=\"1018\" data-end=\"1021\" \/><strong data-start=\"1021\" data-end=\"1043\">Rozmiar przy\u0142\u0105cza:<\/strong> 3\/4\u2033<br data-start=\"1048\" data-end=\"1051\" \/><strong data-start=\"1051\" data-end=\"1066\">Po\u0142\u0105czenia:<\/strong> gwintowane k\u0105towe FF UNI-EN-ISO 228<br data-start=\"1102\" data-end=\"1105\" \/><strong data-start=\"1105\" data-end=\"1126\">Materia\u0142 korpusu:<\/strong> mosi\u0105dz<br data-start=\"1134\" data-end=\"1137\" \/><strong data-start=\"1137\" data-end=\"1150\">Spr\u0119\u017cyna:<\/strong> stal nierdzewna AISI 302<br data-start=\"1175\" data-end=\"1178\" data-is-only-node=\"\" \/><strong data-start=\"1178\" data-end=\"1195\">Uszczelniacz:<\/strong> elastomer<br data-start=\"1205\" data-end=\"1208\" \/><strong data-start=\"1208\" data-end=\"1221\">Membrana:<\/strong> elastomerowa<br data-start=\"1234\" data-end=\"1237\" \/><strong data-start=\"1237\" data-end=\"1280\">Maksymalne dopuszczalne ci\u015bnienie (PS):<\/strong> 10 bar<br data-start=\"1287\" data-end=\"1290\" \/><strong data-start=\"1290\" data-end=\"1325\">Maksymalna temperatura robocza:<\/strong> 110\u00b0C<br data-start=\"1331\" data-end=\"1334\" \/><strong data-start=\"1334\" data-end=\"1353\">\u015arednica kryzy:<\/strong> 15 mm<br data-start=\"1359\" data-end=\"1362\" \/><strong data-start=\"1362\" data-end=\"1388\">Nadci\u015bnienie otwarcia:<\/strong> &lt; 20% Pt<br data-start=\"1397\" data-end=\"1400\" \/><strong data-start=\"1400\" data-end=\"1435\">Ci\u015bnienie zamkni\u0119cia (odrzutu):<\/strong> -20%<br data-start=\"1440\" data-end=\"1443\" \/><strong data-start=\"1443\" data-end=\"1467\">Dopuszczalne medium:<\/strong> woda, powietrze (Grupa 2)<\/p>\n","protected":false},"excerpt":{"rendered":"<p><strong>RBM 3\/4\u2033 3 bar to solidny zaw\u00f3r bezpiecze\u0144stwa do instalacji grzewczych i wodnych, kt\u00f3ry automatycznie chroni system przed nadci\u015bnieniem.Wysoka jako\u015b\u0107 materia\u0142\u00f3w zapewnia bezpieczn\u0105 i d\u0142ugotrwa\u0142\u0105 prac\u0119 <\/strong><\/p>\n","protected":false},"featured_media":6772,"template":"","meta":{"_kad_blocks_custom_css":"","_kad_blocks_head_custom_js":"","_kad_blocks_body_custom_js":"","_kad_blocks_footer_custom_js":"","_kad_post_transparent":"default","_kad_post_title":"","_kad_post_layout":"default","_kad_post_sidebar_id":"","_kad_post_content_style":"default","_kad_post_vertical_padding":"default","_kad_post_feature":"","_kad_post_feature_position":"","_kad_post_header":false,"_kad_post_footer":false,"_kad_post_classname":""},"product_brand":[312],"product_cat":[163],"product_tag":[],"class_list":{"0":"post-6751","1":"product","2":"type-product","3":"status-publish","4":"has-post-thumbnail","6":"product_brand-rbm","7":"product_cat-zawory-bezpieczenstwa","8":"product_shipping_class-drobnica","10":"first","11":"instock","12":"taxable","13":"shipping-taxable","14":"purchasable","15":"product-type-simple","16":"entry","17":"content-bg","18":"loop-entry"},"taxonomy_info":{"product_brand":[{"value":312,"label":"RBM"}],"product_cat":[{"value":163,"label":"Zawory bezpiecze\u0144stwa"}]},"featured_image_src_large":["https:\/\/e-systemygrzewcze.eu\/sklep\/wp-content\/uploads\/2025\/09\/Nowy-projekt-2025-09-18T071402.672.jpg",510,578,false],"author_info":[],"comment_info":"","_links":{"self":[{"href":"https:\/\/e-systemygrzewcze.eu\/sklep\/wp-json\/wp\/v2\/product\/6751","targetHints":{"allow":["GET"]}}],"collection":[{"href":"https:\/\/e-systemygrzewcze.eu\/sklep\/wp-json\/wp\/v2\/product"}],"about":[{"href":"https:\/\/e-systemygrzewcze.eu\/sklep\/wp-json\/wp\/v2\/types\/product"}],"wp:featuredmedia":[{"embeddable":true,"href":"https:\/\/e-systemygrzewcze.eu\/sklep\/wp-json\/wp\/v2\/media\/6772"}],"wp:attachment":[{"href":"https:\/\/e-systemygrzewcze.eu\/sklep\/wp-json\/wp\/v2\/media?parent=6751"}],"wp:term":[{"taxonomy":"product_brand","embeddable":true,"href":"https:\/\/e-systemygrzewcze.eu\/sklep\/wp-json\/wp\/v2\/product_brand?post=6751"},{"taxonomy":"product_cat","embeddable":true,"href":"https:\/\/e-systemygrzewcze.eu\/sklep\/wp-json\/wp\/v2\/product_cat?post=6751"},{"taxonomy":"product_tag","embeddable":true,"href":"https:\/\/e-systemygrzewcze.eu\/sklep\/wp-json\/wp\/v2\/product_tag?post=6751"}],"curies":[{"name":"wp","href":"https:\/\/api.w.org\/{rel}","templated":true}]}}