{"id":6636,"date":"2025-09-16T06:01:03","date_gmt":"2025-09-16T06:01:03","guid":{"rendered":"https:\/\/e-systemygrzewcze.eu\/sklep\/produkt\/wita-pompa-obiegowa-delta-up-70-32-180\/"},"modified":"2026-04-09T09:49:05","modified_gmt":"2026-04-09T09:49:05","slug":"wita-pompa-obiegowa-delta-up-70-32-180","status":"publish","type":"product","link":"https:\/\/e-systemygrzewcze.eu\/sklep\/produkt\/wita-pompa-obiegowa-delta-up-70-32-180\/","title":{"rendered":"WITA Pompa obiegowa DELTA UP 70-32 180"},"content":{"rendered":"<h2 data-start=\"110\" data-end=\"177\">\u2705 <strong data-start=\"115\" data-end=\"177\">WITA Pompa obiegowa DELTA UP 70-32 180 \u2013 Informacje og\u00f3lne<\/strong><\/h2>\n<p data-start=\"179\" data-end=\"330\">Wszystkie produkty z serii pomp obiegowych WITA charakteryzuj\u0105 si\u0119 nowoczesn\u0105 technologi\u0105, bardzo wysok\u0105 jako\u015bci\u0105 wykonania oraz du\u017c\u0105 niezawodno\u015bci\u0105.<\/p>\n<p data-start=\"332\" data-end=\"363\">Pompy WITA\u00ae produkowane s\u0105 z:<\/p>\n<ul data-start=\"364\" data-end=\"448\">\n<li data-start=\"364\" data-end=\"415\">\n<p data-start=\"366\" data-end=\"415\"><strong data-start=\"366\" data-end=\"412\">odlewu armaturowego powlekanego kataforez\u0105<\/strong>,<\/p>\n<\/li>\n<li data-start=\"416\" data-end=\"448\">\n<p data-start=\"418\" data-end=\"448\"><strong data-start=\"418\" data-end=\"445\">stali chromowo-niklowej<\/strong>.<\/p>\n<\/li>\n<\/ul>\n<p data-start=\"450\" data-end=\"545\">Zastosowanie tych materia\u0142\u00f3w zapewnia wysok\u0105 odporno\u015b\u0107 oraz szerokie mo\u017cliwo\u015bci zastosowania.<\/p>\n<p data-start=\"547\" data-end=\"592\">Ka\u017cda pompa dostarczana jest w komplecie z:<\/p>\n<ul data-start=\"593\" data-end=\"724\">\n<li data-start=\"593\" data-end=\"628\">\n<p data-start=\"595\" data-end=\"628\"><strong data-start=\"595\" data-end=\"625\">p\u0142aszczem termoizolacyjnym<\/strong>,<\/p>\n<\/li>\n<li data-start=\"629\" data-end=\"649\">\n<p data-start=\"631\" data-end=\"649\"><strong data-start=\"631\" data-end=\"646\">uszczelkami<\/strong>,<\/p>\n<\/li>\n<li data-start=\"650\" data-end=\"669\">\n<p data-start=\"652\" data-end=\"669\"><strong data-start=\"652\" data-end=\"666\">za\u015blepkami<\/strong>,<\/p>\n<\/li>\n<li data-start=\"670\" data-end=\"724\">\n<p data-start=\"672\" data-end=\"724\"><strong data-start=\"672\" data-end=\"721\">fabrycznie zamontowanym przewodem zasilaj\u0105cym<\/strong>.<\/p>\n<\/li>\n<\/ul>\n<hr data-start=\"726\" data-end=\"729\" \/>\n<h2 data-start=\"731\" data-end=\"759\">\u2705 <strong data-start=\"736\" data-end=\"759\">Oszcz\u0119dno\u015b\u0107 energii<\/strong><\/h2>\n<p data-start=\"761\" data-end=\"873\">W standardowym gospodarstwie domowym <strong data-start=\"798\" data-end=\"835\">od 10 do 15% energii elektrycznej<\/strong> zu\u017cywaj\u0105 tradycyjne pompy obiegowe.<\/p>\n<p data-start=\"875\" data-end=\"1060\">Dzi\u0119ki zastosowaniu <strong data-start=\"895\" data-end=\"919\">wydajnych pomp WITA\u00ae<\/strong> zu\u017cycie energii mo\u017ce zosta\u0107 <strong data-start=\"948\" data-end=\"981\">zmniejszone nawet o oko\u0142o 80%<\/strong>, przy zachowaniu por\u00f3wnywalnej mocy hydraulicznej wzgl\u0119dem pomp standardowych.<\/p>\n<hr data-start=\"1062\" data-end=\"1065\" \/>\n<h2 data-start=\"1067\" data-end=\"1110\">\u2705 <strong data-start=\"1072\" data-end=\"1110\">Cechy szczeg\u00f3lne i zalety produktu<\/strong><\/h2>\n<ul data-start=\"1112\" data-end=\"1589\">\n<li data-start=\"1112\" data-end=\"1191\">\n<p data-start=\"1114\" data-end=\"1191\">Najwy\u017csza wydajno\u015b\u0107 dzi\u0119ki <strong data-start=\"1141\" data-end=\"1189\">technologii silnik\u00f3w EC z magnesami trwa\u0142ymi<\/strong><\/p>\n<\/li>\n<li data-start=\"1192\" data-end=\"1230\">\n<p data-start=\"1194\" data-end=\"1230\"><strong data-start=\"1194\" data-end=\"1228\">Minimalna moc wej\u015bciowa od 3 W<\/strong><\/p>\n<\/li>\n<li data-start=\"1231\" data-end=\"1291\">\n<p data-start=\"1233\" data-end=\"1291\"><strong data-start=\"1233\" data-end=\"1262\">Sterowanie typu One Touch<\/strong> \u2013 wygodna nawigacja w menu<\/p>\n<\/li>\n<li data-start=\"1292\" data-end=\"1400\">\n<p data-start=\"1294\" data-end=\"1340\"><strong data-start=\"1294\" data-end=\"1337\">Wst\u0119pnie zaprogramowane tryby regulacji<\/strong>:<\/p>\n<ul data-start=\"1343\" data-end=\"1400\">\n<li data-start=\"1343\" data-end=\"1370\">\n<p data-start=\"1345\" data-end=\"1370\">sta\u0142a pr\u0119dko\u015b\u0107 obrotowa<\/p>\n<\/li>\n<li data-start=\"1373\" data-end=\"1400\">\n<p data-start=\"1375\" data-end=\"1400\">zmienna r\u00f3\u017cnica ci\u015bnie\u0144<\/p>\n<\/li>\n<\/ul>\n<\/li>\n<li data-start=\"1401\" data-end=\"1441\">\n<p data-start=\"1403\" data-end=\"1441\"><strong data-start=\"1403\" data-end=\"1439\">Funkcja zapobiegaj\u0105ca blokowaniu<\/strong><\/p>\n<\/li>\n<li data-start=\"1442\" data-end=\"1478\">\n<p data-start=\"1444\" data-end=\"1478\"><strong data-start=\"1444\" data-end=\"1476\">Zintegrowana ochrona silnika<\/strong><\/p>\n<\/li>\n<li data-start=\"1479\" data-end=\"1523\">\n<p data-start=\"1481\" data-end=\"1523\"><strong data-start=\"1481\" data-end=\"1521\">Wysokie bezpiecze\u0144stwo przy rozruchu<\/strong><\/p>\n<\/li>\n<li data-start=\"1524\" data-end=\"1589\">\n<p data-start=\"1526\" data-end=\"1589\"><strong data-start=\"1526\" data-end=\"1547\">Prosty monta\u017c rur<\/strong> dzi\u0119ki praktycznemu uchwytowi pod klucz<\/p>\n<\/li>\n<\/ul>\n","protected":false},"excerpt":{"rendered":"<p><strong>Pompa obiegowa WITA DELTA UP 70-32 180 to energooszcz\u0119dne urz\u0105dzenie przeznaczone do instalacji centralnego ogrzewania, charakteryzuj\u0105ce si\u0119 wysok\u0105 efektywno\u015bci\u0105 energetyczn\u0105 i niezawodno\u015bci\u0105<\/strong><\/p>\n","protected":false},"featured_media":6648,"template":"","meta":{"_kad_blocks_custom_css":"","_kad_blocks_head_custom_js":"","_kad_blocks_body_custom_js":"","_kad_blocks_footer_custom_js":"","_kad_post_transparent":"default","_kad_post_title":"","_kad_post_layout":"default","_kad_post_sidebar_id":"","_kad_post_content_style":"default","_kad_post_vertical_padding":"default","_kad_post_feature":"","_kad_post_feature_position":"","_kad_post_header":false,"_kad_post_footer":false,"_kad_post_classname":""},"product_brand":[26],"product_cat":[185],"product_tag":[],"class_list":{"0":"post-6636","1":"product","2":"type-product","3":"status-publish","4":"has-post-thumbnail","6":"product_brand-wita","7":"product_cat-obiegowe","8":"product_shipping_class-drobnica","10":"first","11":"instock","12":"taxable","13":"shipping-taxable","14":"purchasable","15":"product-type-simple","16":"entry","17":"content-bg","18":"loop-entry"},"taxonomy_info":{"product_brand":[{"value":26,"label":"WITA"}],"product_cat":[{"value":185,"label":"Pompy obiegowe"}]},"featured_image_src_large":["https:\/\/e-systemygrzewcze.eu\/sklep\/wp-content\/uploads\/2025\/09\/Nowy-projekt-2025-09-16T134020.253.jpg",510,578,false],"author_info":[],"comment_info":"","_links":{"self":[{"href":"https:\/\/e-systemygrzewcze.eu\/sklep\/wp-json\/wp\/v2\/product\/6636","targetHints":{"allow":["GET"]}}],"collection":[{"href":"https:\/\/e-systemygrzewcze.eu\/sklep\/wp-json\/wp\/v2\/product"}],"about":[{"href":"https:\/\/e-systemygrzewcze.eu\/sklep\/wp-json\/wp\/v2\/types\/product"}],"wp:featuredmedia":[{"embeddable":true,"href":"https:\/\/e-systemygrzewcze.eu\/sklep\/wp-json\/wp\/v2\/media\/6648"}],"wp:attachment":[{"href":"https:\/\/e-systemygrzewcze.eu\/sklep\/wp-json\/wp\/v2\/media?parent=6636"}],"wp:term":[{"taxonomy":"product_brand","embeddable":true,"href":"https:\/\/e-systemygrzewcze.eu\/sklep\/wp-json\/wp\/v2\/product_brand?post=6636"},{"taxonomy":"product_cat","embeddable":true,"href":"https:\/\/e-systemygrzewcze.eu\/sklep\/wp-json\/wp\/v2\/product_cat?post=6636"},{"taxonomy":"product_tag","embeddable":true,"href":"https:\/\/e-systemygrzewcze.eu\/sklep\/wp-json\/wp\/v2\/product_tag?post=6636"}],"curies":[{"name":"wp","href":"https:\/\/api.w.org\/{rel}","templated":true}]}}