{"id":6144,"date":"2025-09-08T08:46:10","date_gmt":"2025-09-08T08:46:10","guid":{"rendered":"https:\/\/e-systemygrzewcze.eu\/sklep\/produkt\/goshe-pakiet-termostatyczny-15-prosty\/"},"modified":"2026-04-09T10:12:39","modified_gmt":"2026-04-09T10:12:39","slug":"goshe-pakiet-termostatyczny-15-prosty","status":"publish","type":"product","link":"https:\/\/e-systemygrzewcze.eu\/sklep\/produkt\/goshe-pakiet-termostatyczny-15-prosty\/","title":{"rendered":"GOSHE Pakiet termostatyczny 1\/2&#8243; prosty"},"content":{"rendered":"<h2 data-start=\"86\" data-end=\"133\">\ud83d\udd27 GOSHE \u2013 Pakiet termostatyczny 1\/2&#8243; prosty<\/h2>\n<p data-start=\"135\" data-end=\"232\">Kompletny zestaw do pod\u0142\u0105czenia grzejnika w instalacji <strong data-start=\"190\" data-end=\"216\">centralnego ogrzewania<\/strong>, zawieraj\u0105cy:<\/p>\n<ul data-start=\"234\" data-end=\"330\">\n<li data-start=\"234\" data-end=\"269\">\n<p data-start=\"236\" data-end=\"269\"><strong data-start=\"236\" data-end=\"267\">Zaw\u00f3r termostatyczny prosty<\/strong><\/p>\n<\/li>\n<li data-start=\"270\" data-end=\"299\">\n<p data-start=\"272\" data-end=\"299\"><strong data-start=\"272\" data-end=\"297\">Zaw\u00f3r powrotny prosty<\/strong><\/p>\n<\/li>\n<li data-start=\"300\" data-end=\"330\">\n<p data-start=\"302\" data-end=\"330\"><strong data-start=\"302\" data-end=\"328\">G\u0142owic\u0119 termostatyczn\u0105<\/strong><\/p>\n<\/li>\n<\/ul>\n<hr data-start=\"332\" data-end=\"335\" \/>\n<h2 data-start=\"337\" data-end=\"365\">\ud83c\udff7 G\u0142owica termostatyczna<\/h2>\n<ul data-start=\"367\" data-end=\"509\">\n<li data-start=\"367\" data-end=\"415\">\n<p data-start=\"369\" data-end=\"415\">Wykonana z <strong data-start=\"380\" data-end=\"396\">tworzywa ABS<\/strong> w kolorze bia\u0142ym<\/p>\n<\/li>\n<li data-start=\"416\" data-end=\"453\">\n<p data-start=\"418\" data-end=\"453\">Gwint przy\u0142\u0105czeniowy: <strong data-start=\"440\" data-end=\"451\">M30x1,5<\/strong><\/p>\n<\/li>\n<li data-start=\"454\" data-end=\"509\">\n<p data-start=\"456\" data-end=\"509\">Pasuje do wi\u0119kszo\u015bci grzejnik\u00f3w dost\u0119pnych na rynku<\/p>\n<\/li>\n<\/ul>\n<hr data-start=\"511\" data-end=\"514\" \/>\n<h2 data-start=\"516\" data-end=\"542\">\ud83c\udf21 Parametry techniczne<\/h2>\n<ul data-start=\"544\" data-end=\"615\">\n<li data-start=\"544\" data-end=\"578\">\n<p data-start=\"546\" data-end=\"578\">Ci\u015bnienie pracy: <strong data-start=\"563\" data-end=\"576\">do 10 bar<\/strong><\/p>\n<\/li>\n<li data-start=\"579\" data-end=\"615\">\n<p data-start=\"581\" data-end=\"615\">Rozmiar zawor\u00f3w: <strong data-start=\"598\" data-end=\"613\">1\/2&#8243; prosty<\/strong><\/p>\n<\/li>\n<\/ul>\n<hr data-start=\"617\" data-end=\"620\" \/>\n<h2 data-start=\"622\" data-end=\"648\">\u2705 Zastosowanie i zalety<\/h2>\n<ul data-start=\"650\" data-end=\"822\">\n<li data-start=\"650\" data-end=\"690\">\n<p data-start=\"652\" data-end=\"690\"><strong data-start=\"652\" data-end=\"668\">\u0141atwy monta\u017c<\/strong> w instalacjach c.o.<\/p>\n<\/li>\n<li data-start=\"691\" data-end=\"747\">\n<p data-start=\"693\" data-end=\"747\"><strong data-start=\"693\" data-end=\"729\">Precyzyjna regulacja temperatury<\/strong> w pomieszczeniu<\/p>\n<\/li>\n<li data-start=\"748\" data-end=\"822\">\n<p data-start=\"750\" data-end=\"822\"><strong data-start=\"750\" data-end=\"770\">Kompletny zestaw<\/strong> \u2013 wszystko, co potrzebne do pod\u0142\u0105czenia grzejnika<\/p>\n<\/li>\n<\/ul>\n","protected":false},"excerpt":{"rendered":"<p><strong>GOSHE Pakiet termostatyczny 15 prosty to zestaw zaworu prostego 15 mm wraz z g\u0142owic\u0105 termostatyczn\u0105, umo\u017cliwiaj\u0105cy wygodn\u0105 i dok\u0142adn\u0105 regulacj\u0119 temperatury w systemach grzewczych.<\/strong><\/p>\n","protected":false},"featured_media":6146,"template":"","meta":{"_kad_blocks_custom_css":"","_kad_blocks_head_custom_js":"","_kad_blocks_body_custom_js":"","_kad_blocks_footer_custom_js":"","_kad_post_transparent":"default","_kad_post_title":"","_kad_post_layout":"default","_kad_post_sidebar_id":"","_kad_post_content_style":"default","_kad_post_vertical_padding":"default","_kad_post_feature":"","_kad_post_feature_position":"","_kad_post_header":false,"_kad_post_footer":false,"_kad_post_classname":""},"product_brand":[27],"product_cat":[348],"product_tag":[],"class_list":{"0":"post-6144","1":"product","2":"type-product","3":"status-publish","4":"has-post-thumbnail","6":"product_brand-goshe","7":"product_cat-glowice-termostatyczne","8":"product_shipping_class-drobnica","10":"first","11":"instock","12":"taxable","13":"shipping-taxable","14":"purchasable","15":"product-type-simple","16":"entry","17":"content-bg","18":"loop-entry"},"taxonomy_info":{"product_brand":[{"value":27,"label":"Goshe"}],"product_cat":[{"value":348,"label":"G\u0142owice termostatyczne"}]},"featured_image_src_large":["https:\/\/e-systemygrzewcze.eu\/sklep\/wp-content\/uploads\/2025\/09\/Nowy-projekt-2025-09-08T104855.182.jpg",510,578,false],"author_info":[],"comment_info":"","_links":{"self":[{"href":"https:\/\/e-systemygrzewcze.eu\/sklep\/wp-json\/wp\/v2\/product\/6144","targetHints":{"allow":["GET"]}}],"collection":[{"href":"https:\/\/e-systemygrzewcze.eu\/sklep\/wp-json\/wp\/v2\/product"}],"about":[{"href":"https:\/\/e-systemygrzewcze.eu\/sklep\/wp-json\/wp\/v2\/types\/product"}],"wp:featuredmedia":[{"embeddable":true,"href":"https:\/\/e-systemygrzewcze.eu\/sklep\/wp-json\/wp\/v2\/media\/6146"}],"wp:attachment":[{"href":"https:\/\/e-systemygrzewcze.eu\/sklep\/wp-json\/wp\/v2\/media?parent=6144"}],"wp:term":[{"taxonomy":"product_brand","embeddable":true,"href":"https:\/\/e-systemygrzewcze.eu\/sklep\/wp-json\/wp\/v2\/product_brand?post=6144"},{"taxonomy":"product_cat","embeddable":true,"href":"https:\/\/e-systemygrzewcze.eu\/sklep\/wp-json\/wp\/v2\/product_cat?post=6144"},{"taxonomy":"product_tag","embeddable":true,"href":"https:\/\/e-systemygrzewcze.eu\/sklep\/wp-json\/wp\/v2\/product_tag?post=6144"}],"curies":[{"name":"wp","href":"https:\/\/api.w.org\/{rel}","templated":true}]}}