{"id":6129,"date":"2025-09-08T07:02:48","date_gmt":"2025-09-08T07:02:48","guid":{"rendered":"https:\/\/e-systemygrzewcze.eu\/sklep\/produkt\/vario-term-glowica-termostatyczna-tredny-biala-gs-05-105c\/"},"modified":"2026-04-09T10:14:31","modified_gmt":"2026-04-09T10:14:31","slug":"vario-term-glowica-termostatyczna-tredny-biala-gs-05-105c","status":"publish","type":"product","link":"https:\/\/e-systemygrzewcze.eu\/sklep\/produkt\/vario-term-glowica-termostatyczna-tredny-biala-gs-05-105c\/","title":{"rendered":"VARIO TERM G\u0142owica termostatyczna TREDNY Bia\u0142a (GS.05-105C)"},"content":{"rendered":"<h2 data-start=\"74\" data-end=\"135\">\ud83d\udd27 VARIO TERM \u2013 G\u0142owica termostatyczna TRENDY GS.05-105C<\/h2>\n<p data-start=\"137\" data-end=\"244\"><strong data-start=\"137\" data-end=\"147\">Kolor:<\/strong> bia\u0142y<br data-start=\"153\" data-end=\"156\" \/><strong data-start=\"156\" data-end=\"164\">Typ:<\/strong> GS.05-106C<br data-start=\"175\" data-end=\"178\" \/><strong data-start=\"178\" data-end=\"198\">Gwint monta\u017cowy:<\/strong> M30x1,5<\/p>\n<hr data-start=\"246\" data-end=\"249\" \/>\n<h2 data-start=\"251\" data-end=\"279\">\ud83c\udf21 Funkcje i zastosowanie<\/h2>\n<p data-start=\"281\" data-end=\"501\">G\u0142owica termostatyczna <strong data-start=\"304\" data-end=\"325\">TRENDY GS.05-105C<\/strong> to ekonomiczny regulator temperatury do grzejnik\u00f3w, umo\u017cliwiaj\u0105cy utrzymanie komfortowej temperatury w pomieszczeniu, uwzgl\u0119dniaj\u0105c zyski ciep\u0142a z innych \u017ar\u00f3de\u0142, takich jak:<\/p>\n<ul data-start=\"503\" data-end=\"571\">\n<li data-start=\"503\" data-end=\"535\">\n<p data-start=\"505\" data-end=\"535\">ciep\u0142o emitowane przez ludzi<\/p>\n<\/li>\n<li data-start=\"536\" data-end=\"551\">\n<p data-start=\"538\" data-end=\"551\">o\u015bwietlenie<\/p>\n<\/li>\n<li data-start=\"552\" data-end=\"571\">\n<p data-start=\"554\" data-end=\"571\">nas\u0142onecznienie<\/p>\n<\/li>\n<\/ul>\n<p data-start=\"573\" data-end=\"660\">Dzi\u0119ki konstrukcji g\u0142owica jest \u0142atwa w utrzymaniu czysto\u015bci, co czyni j\u0105 idealn\u0105 do:<\/p>\n<ul data-start=\"662\" data-end=\"719\">\n<li data-start=\"662\" data-end=\"674\">\n<p data-start=\"664\" data-end=\"674\">szpitali<\/p>\n<\/li>\n<li data-start=\"675\" data-end=\"689\">\n<p data-start=\"677\" data-end=\"689\">sanatori\u00f3w<\/p>\n<\/li>\n<li data-start=\"690\" data-end=\"699\">\n<p data-start=\"692\" data-end=\"699\">szk\u00f3\u0142<\/p>\n<\/li>\n<li data-start=\"700\" data-end=\"719\">\n<p data-start=\"702\" data-end=\"719\">mieszka\u0144 i biur<\/p>\n<\/li>\n<\/ul>\n<hr data-start=\"721\" data-end=\"724\" \/>\n<h2 data-start=\"726\" data-end=\"737\">\u2705 Zalety<\/h2>\n<ul data-start=\"739\" data-end=\"1207\">\n<li data-start=\"739\" data-end=\"784\">\n<p data-start=\"741\" data-end=\"784\"><strong data-start=\"741\" data-end=\"782\">Wbudowany niezawodny czujnik cieczowy<\/strong><\/p>\n<\/li>\n<li data-start=\"785\" data-end=\"840\">\n<p data-start=\"787\" data-end=\"840\">Pokr\u0119t\u0142o regulacyjne z cyfrowym oznakowaniem nastaw<\/p>\n<\/li>\n<li data-start=\"841\" data-end=\"913\">\n<p data-start=\"843\" data-end=\"913\">Funkcja ochrony przed zamro\u017ceniem instalacji (8\u00b0C przy nastawie \u201e*\u201d)<\/p>\n<\/li>\n<li data-start=\"914\" data-end=\"987\">\n<p data-start=\"916\" data-end=\"987\">Cok\u00f3\u0142 z wysokiej jako\u015bci tworzywa, odporny na podwy\u017cszone temperatury<\/p>\n<\/li>\n<li data-start=\"988\" data-end=\"1046\">\n<p data-start=\"990\" data-end=\"1046\">Korpus i pokr\u0119t\u0142o wykonane z estetycznego tworzywa ABS<\/p>\n<\/li>\n<li data-start=\"1047\" data-end=\"1130\">\n<p data-start=\"1049\" data-end=\"1130\">Mo\u017cliwo\u015b\u0107 ograniczenia zakresu regulacji temperatury (maksymalnej i minimalnej)<\/p>\n<\/li>\n<li data-start=\"1131\" data-end=\"1207\">\n<p data-start=\"1133\" data-end=\"1207\">Opcja zabezpieczenia antykradzie\u017cowego (dost\u0119pne po kontakcie z doradc\u0105)<\/p>\n<\/li>\n<\/ul>\n","protected":false},"excerpt":{"rendered":"<p><strong>Vario Term Trendy GS.05-106C (bia\u0142a g\u0142owica termostatyczna) to ekonomiczny, bia\u0142y regulator temperatury z gwintem M30\u00d71,5, wyposa\u017cony w czujnik cieczowy, pokr\u0119t\u0142o z oznakowaniem cyfrowym, funkcj\u0119 ochrony przed zamarzaniem (~8\u00a0\u00b0C) oraz mo\u017cliwo\u015b\u0107 ograniczania zakresu temperatur, idealny do miejsc wymagaj\u0105cych \u0142atwego utrzymania czysto\u015bci jak szko\u0142y czy szpitale<\/strong><\/p>\n","protected":false},"featured_media":6132,"template":"","meta":{"_kad_blocks_custom_css":"","_kad_blocks_head_custom_js":"","_kad_blocks_body_custom_js":"","_kad_blocks_footer_custom_js":"","_kad_post_transparent":"default","_kad_post_title":"","_kad_post_layout":"default","_kad_post_sidebar_id":"","_kad_post_content_style":"default","_kad_post_vertical_padding":"default","_kad_post_feature":"","_kad_post_feature_position":"","_kad_post_header":false,"_kad_post_footer":false,"_kad_post_classname":""},"product_brand":[415],"product_cat":[348],"product_tag":[],"class_list":{"0":"post-6129","1":"product","2":"type-product","3":"status-publish","4":"has-post-thumbnail","6":"product_brand-vario-term","7":"product_cat-glowice-termostatyczne","8":"product_shipping_class-drobnica","10":"first","11":"instock","12":"taxable","13":"shipping-taxable","14":"purchasable","15":"product-type-simple","16":"entry","17":"content-bg","18":"loop-entry"},"taxonomy_info":{"product_brand":[{"value":415,"label":"Vario Term"}],"product_cat":[{"value":348,"label":"G\u0142owice termostatyczne"}]},"featured_image_src_large":["https:\/\/e-systemygrzewcze.eu\/sklep\/wp-content\/uploads\/2025\/09\/Nowy-projekt-2025-09-08T090506.977.jpg",510,578,false],"author_info":[],"comment_info":"","_links":{"self":[{"href":"https:\/\/e-systemygrzewcze.eu\/sklep\/wp-json\/wp\/v2\/product\/6129","targetHints":{"allow":["GET"]}}],"collection":[{"href":"https:\/\/e-systemygrzewcze.eu\/sklep\/wp-json\/wp\/v2\/product"}],"about":[{"href":"https:\/\/e-systemygrzewcze.eu\/sklep\/wp-json\/wp\/v2\/types\/product"}],"wp:featuredmedia":[{"embeddable":true,"href":"https:\/\/e-systemygrzewcze.eu\/sklep\/wp-json\/wp\/v2\/media\/6132"}],"wp:attachment":[{"href":"https:\/\/e-systemygrzewcze.eu\/sklep\/wp-json\/wp\/v2\/media?parent=6129"}],"wp:term":[{"taxonomy":"product_brand","embeddable":true,"href":"https:\/\/e-systemygrzewcze.eu\/sklep\/wp-json\/wp\/v2\/product_brand?post=6129"},{"taxonomy":"product_cat","embeddable":true,"href":"https:\/\/e-systemygrzewcze.eu\/sklep\/wp-json\/wp\/v2\/product_cat?post=6129"},{"taxonomy":"product_tag","embeddable":true,"href":"https:\/\/e-systemygrzewcze.eu\/sklep\/wp-json\/wp\/v2\/product_tag?post=6129"}],"curies":[{"name":"wp","href":"https:\/\/api.w.org\/{rel}","templated":true}]}}