{"id":6128,"date":"2025-09-08T07:02:44","date_gmt":"2025-09-08T07:02:44","guid":{"rendered":"https:\/\/e-systemygrzewcze.eu\/sklep\/produkt\/vario-term-glowica-termostatyczna-plus-biala-gs-05-06c\/"},"modified":"2026-03-19T15:24:56","modified_gmt":"2026-03-19T15:24:56","slug":"vario-term-glowica-termostatyczna-plus-biala-gs-05-06c","status":"publish","type":"product","link":"https:\/\/e-systemygrzewcze.eu\/sklep\/produkt\/vario-term-glowica-termostatyczna-plus-biala-gs-05-06c\/","title":{"rendered":"VARIO TERM G\u0142owica termostatyczna PLUS Bia\u0142a (GS.05-06C)"},"content":{"rendered":"<h2 data-start=\"94\" data-end=\"152\">\ud83d\udd27 VARIO TERM \u2013 G\u0142owica termostatyczna PLUS GS.05-06C<\/h2>\n<p data-start=\"154\" data-end=\"288\"><strong data-start=\"154\" data-end=\"164\">Kolor:<\/strong> bia\u0142y<br data-start=\"170\" data-end=\"173\" \/><strong data-start=\"173\" data-end=\"181\">Typ:<\/strong> GS.05-06C<br data-start=\"191\" data-end=\"194\" \/><strong data-start=\"194\" data-end=\"214\">Gwint monta\u017cowy:<\/strong> M30x1,5<\/p>\n<hr data-start=\"290\" data-end=\"293\" \/>\n<h2 data-start=\"295\" data-end=\"323\">\ud83c\udf21 Funkcje i zastosowanie<\/h2>\n<p data-start=\"325\" data-end=\"538\">G\u0142owica termostatyczna <strong data-start=\"348\" data-end=\"366\">Plus GS.05-06C<\/strong> to nowoczesny regulator temperatury do grzejnik\u00f3w, kt\u00f3ry umo\u017cliwia utrzymanie komfortowej temperatury w pomieszczeniu, uwzgl\u0119dniaj\u0105c dodatkowe zyski ciep\u0142a pochodz\u0105ce z:<\/p>\n<ul data-start=\"540\" data-end=\"595\">\n<li data-start=\"540\" data-end=\"559\">\n<p data-start=\"542\" data-end=\"559\">obecno\u015bci ludzi<\/p>\n<\/li>\n<li data-start=\"560\" data-end=\"575\">\n<p data-start=\"562\" data-end=\"575\">o\u015bwietlenia<\/p>\n<\/li>\n<li data-start=\"576\" data-end=\"595\">\n<p data-start=\"578\" data-end=\"595\">nas\u0142onecznienia<\/p>\n<\/li>\n<\/ul>\n<p data-start=\"597\" data-end=\"709\">Dzi\u0119ki ergonomicznemu kszta\u0142towi i \u0142atwej w utrzymaniu czysto\u015bci konstrukcji, g\u0142owica sprawdza si\u0119 idealnie w:<\/p>\n<ul data-start=\"711\" data-end=\"781\">\n<li data-start=\"711\" data-end=\"725\">\n<p data-start=\"713\" data-end=\"725\">szpitalach<\/p>\n<\/li>\n<li data-start=\"726\" data-end=\"741\">\n<p data-start=\"728\" data-end=\"741\">sanatoriach<\/p>\n<\/li>\n<li data-start=\"742\" data-end=\"754\">\n<p data-start=\"744\" data-end=\"754\">szko\u0142ach<\/p>\n<\/li>\n<li data-start=\"755\" data-end=\"781\">\n<p data-start=\"757\" data-end=\"781\">mieszkaniach i biurach<\/p>\n<\/li>\n<\/ul>\n<hr data-start=\"783\" data-end=\"786\" \/>\n<h2 data-start=\"788\" data-end=\"799\">\u2705 Zalety<\/h2>\n<ul data-start=\"801\" data-end=\"1258\">\n<li data-start=\"801\" data-end=\"842\">\n<p data-start=\"803\" data-end=\"842\">Wbudowany niezawodny czujnik cieczowy<\/p>\n<\/li>\n<li data-start=\"843\" data-end=\"898\">\n<p data-start=\"845\" data-end=\"898\">Pokr\u0119t\u0142o regulacyjne z cyfrowym oznakowaniem nastaw<\/p>\n<\/li>\n<li data-start=\"899\" data-end=\"971\">\n<p data-start=\"901\" data-end=\"971\">Funkcja ochrony przed zamro\u017ceniem instalacji (8\u00b0C przy nastawie \u201e*\u201d)<\/p>\n<\/li>\n<li data-start=\"972\" data-end=\"1047\">\n<p data-start=\"974\" data-end=\"1047\">Cok\u00f3\u0142 z tworzywa o wysokiej jako\u015bci, odporny na podwy\u017cszone temperatury<\/p>\n<\/li>\n<li data-start=\"1048\" data-end=\"1106\">\n<p data-start=\"1050\" data-end=\"1106\">Korpus i pokr\u0119t\u0142o wykonane z estetycznego tworzywa ABS<\/p>\n<\/li>\n<li data-start=\"1107\" data-end=\"1190\">\n<p data-start=\"1109\" data-end=\"1190\">Mo\u017cliwo\u015b\u0107 ograniczenia zakresu regulacji temperatury (maksymalnej i minimalnej)<\/p>\n<\/li>\n<li data-start=\"1191\" data-end=\"1258\">\n<p data-start=\"1193\" data-end=\"1258\">Certyfikowana produkcja zgodna z ISO 9001:2008 (certyfikat SGS)<\/p>\n<\/li>\n<\/ul>\n<hr data-start=\"1260\" data-end=\"1263\" \/>\n<h2 data-start=\"1265\" data-end=\"1285\">\ud83d\udd27 Kompatybilno\u015b\u0107<\/h2>\n<p data-start=\"1287\" data-end=\"1393\">Pasuje do grzejnik\u00f3w z zamontowan\u0105 wk\u0142adk\u0105 zaworow\u0105 w standardzie Heimeier (gwint M30x1,5), w tym m.in.:<\/p>\n<p data-start=\"1395\" data-end=\"1546\">ARBONIA, BARLO, BIASI, CARADON, DF, DIANORM, DITHERM, FERROLI, HENRAD, IDMAR, ITEMAR, KERMI, KORADO, MANAUT, PURMO, RADSON, STELRAD, TERMOTEKNIK VENA<\/p>\n","protected":false},"excerpt":{"rendered":"<p><strong>G\u0142owica termostatyczna Vario Term Plus GS.05-06C w kolorze bia\u0142ym to ekonomiczny regulator temperatury przeznaczony do grzejnik\u00f3w z gwintem M30x1,5, takich jak Arbonia, Ferro, Kermi, Purmo czy Stelrad, wyposa\u017cony w niezawodny czujnik cieczowy i mo\u017cliwo\u015b\u0107 ograniczenia zakresu temperatury.<\/strong><\/p>\n","protected":false},"featured_media":6132,"template":"","meta":{"_kad_blocks_custom_css":"","_kad_blocks_head_custom_js":"","_kad_blocks_body_custom_js":"","_kad_blocks_footer_custom_js":"","_kad_post_transparent":"default","_kad_post_title":"","_kad_post_layout":"default","_kad_post_sidebar_id":"","_kad_post_content_style":"default","_kad_post_vertical_padding":"default","_kad_post_feature":"","_kad_post_feature_position":"","_kad_post_header":false,"_kad_post_footer":false,"_kad_post_classname":""},"product_brand":[415],"product_cat":[348],"product_tag":[],"class_list":{"0":"post-6128","1":"product","2":"type-product","3":"status-publish","4":"has-post-thumbnail","6":"product_brand-vario-term","7":"product_cat-glowice-termostatyczne","8":"product_shipping_class-drobnica","10":"first","11":"instock","12":"taxable","13":"shipping-taxable","14":"purchasable","15":"product-type-simple","16":"entry","17":"content-bg","18":"loop-entry"},"taxonomy_info":{"product_brand":[{"value":415,"label":"Vario Term"}],"product_cat":[{"value":348,"label":"G\u0142owice termostatyczne"}]},"featured_image_src_large":["https:\/\/e-systemygrzewcze.eu\/sklep\/wp-content\/uploads\/2025\/09\/Nowy-projekt-2025-09-08T090506.977.jpg",510,578,false],"author_info":[],"comment_info":"","_links":{"self":[{"href":"https:\/\/e-systemygrzewcze.eu\/sklep\/wp-json\/wp\/v2\/product\/6128","targetHints":{"allow":["GET"]}}],"collection":[{"href":"https:\/\/e-systemygrzewcze.eu\/sklep\/wp-json\/wp\/v2\/product"}],"about":[{"href":"https:\/\/e-systemygrzewcze.eu\/sklep\/wp-json\/wp\/v2\/types\/product"}],"wp:featuredmedia":[{"embeddable":true,"href":"https:\/\/e-systemygrzewcze.eu\/sklep\/wp-json\/wp\/v2\/media\/6132"}],"wp:attachment":[{"href":"https:\/\/e-systemygrzewcze.eu\/sklep\/wp-json\/wp\/v2\/media?parent=6128"}],"wp:term":[{"taxonomy":"product_brand","embeddable":true,"href":"https:\/\/e-systemygrzewcze.eu\/sklep\/wp-json\/wp\/v2\/product_brand?post=6128"},{"taxonomy":"product_cat","embeddable":true,"href":"https:\/\/e-systemygrzewcze.eu\/sklep\/wp-json\/wp\/v2\/product_cat?post=6128"},{"taxonomy":"product_tag","embeddable":true,"href":"https:\/\/e-systemygrzewcze.eu\/sklep\/wp-json\/wp\/v2\/product_tag?post=6128"}],"curies":[{"name":"wp","href":"https:\/\/api.w.org\/{rel}","templated":true}]}}