{"id":5690,"date":"2025-09-03T05:24:44","date_gmt":"2025-09-03T05:24:44","guid":{"rendered":"https:\/\/e-systemygrzewcze.eu\/sklep\/produkt\/uszczelniacz-dekarski-bezbarwny\/"},"modified":"2026-04-07T06:02:42","modified_gmt":"2026-04-07T06:02:42","slug":"uszczelniacz-dekarski-bezbarwny","status":"publish","type":"product","link":"https:\/\/e-systemygrzewcze.eu\/sklep\/produkt\/uszczelniacz-dekarski-bezbarwny\/","title":{"rendered":"Uszczelniacz dekarski bezbarwny 280 ml"},"content":{"rendered":"<h2 data-start=\"71\" data-end=\"128\">\ud83c\udfe0 Uszczelniacz Dekarski Kauczukowy \u2013 Bezbarwny 280 ml<\/h2>\n<p data-start=\"130\" data-end=\"497\">Uszczelniacz dekarski kauczukowy zapewnia <strong data-start=\"172\" data-end=\"235\">wytrzyma\u0142e, trwa\u0142e oraz plastyczno-elastyczne uszczelnienie<\/strong> o bardzo wysokiej elastyczno\u015bci. Charakteryzuje si\u0119 <strong data-start=\"288\" data-end=\"316\">doskona\u0142\u0105 przyczepno\u015bci\u0105<\/strong> do wielu typowych materia\u0142\u00f3w budowlanych. Mo\u017ce by\u0107 stosowany zar\u00f3wno na <strong data-start=\"389\" data-end=\"419\">suche, jak i mokre pod\u0142o\u017ca<\/strong>. Jest odporny na <strong data-start=\"437\" data-end=\"496\">starzenie, warunki atmosferyczne oraz promieniowanie UV<\/strong>.<\/p>\n<hr data-start=\"499\" data-end=\"502\" \/>\n<h2 data-start=\"504\" data-end=\"520\">\u2705 W\u0142a\u015bciwo\u015bci<\/h2>\n<ul data-start=\"522\" data-end=\"808\">\n<li data-start=\"522\" data-end=\"559\">\n<p data-start=\"524\" data-end=\"559\">trwa\u0142e i elastyczne uszczelnienie<\/p>\n<\/li>\n<li data-start=\"560\" data-end=\"650\">\n<p data-start=\"562\" data-end=\"650\">bardzo dobra przyczepno\u015b\u0107 do: papy, bitum\u00f3w, stali, ceramiki, kamienia, drewna i szk\u0142a<\/p>\n<\/li>\n<li data-start=\"651\" data-end=\"699\">\n<p data-start=\"653\" data-end=\"699\">mo\u017cliwo\u015b\u0107 aplikacji na pod\u0142o\u017ca suche i mokre<\/p>\n<\/li>\n<li data-start=\"700\" data-end=\"738\">\n<p data-start=\"702\" data-end=\"738\">odporno\u015b\u0107 na warunki atmosferyczne<\/p>\n<\/li>\n<li data-start=\"739\" data-end=\"773\">\n<p data-start=\"741\" data-end=\"773\">odporno\u015b\u0107 na promieniowanie UV<\/p>\n<\/li>\n<li data-start=\"774\" data-end=\"808\">\n<p data-start=\"776\" data-end=\"808\">odporno\u015b\u0107 na procesy starzenia<\/p>\n<\/li>\n<\/ul>\n<hr data-start=\"810\" data-end=\"813\" \/>\n<h2 data-start=\"815\" data-end=\"834\">\ud83c\udfd7\ufe0f Zastosowanie<\/h2>\n<ul data-start=\"836\" data-end=\"1064\">\n<li data-start=\"836\" data-end=\"863\">\n<p data-start=\"838\" data-end=\"863\">uszczelnienia dekarskie<\/p>\n<\/li>\n<li data-start=\"864\" data-end=\"887\">\n<p data-start=\"866\" data-end=\"887\">obr\u00f3bki blacharskie<\/p>\n<\/li>\n<li data-start=\"888\" data-end=\"913\">\n<p data-start=\"890\" data-end=\"913\">uszczelnianie komin\u00f3w<\/p>\n<\/li>\n<li data-start=\"914\" data-end=\"937\">\n<p data-start=\"916\" data-end=\"937\">okapy i wiatrownice<\/p>\n<\/li>\n<li data-start=\"938\" data-end=\"976\">\n<p data-start=\"940\" data-end=\"976\">po\u0142\u0105czenia rynien i rur spustowych<\/p>\n<\/li>\n<li data-start=\"977\" data-end=\"1004\">\n<p data-start=\"979\" data-end=\"1004\">papowe pokrycia dachowe<\/p>\n<\/li>\n<li data-start=\"1005\" data-end=\"1064\">\n<p data-start=\"1007\" data-end=\"1064\">dachy pokryte dach\u00f3wk\u0105, blach\u0105 oraz p\u0142ytami azbestowymi<\/p>\n<\/li>\n<\/ul>\n<hr data-start=\"1066\" data-end=\"1069\" \/>\n<h2 data-start=\"1071\" data-end=\"1092\">\u2699\ufe0f Dane techniczne<\/h2>\n<ul data-start=\"1094\" data-end=\"1216\">\n<li data-start=\"1094\" data-end=\"1118\">\n<p data-start=\"1096\" data-end=\"1118\">Kolor: <strong data-start=\"1103\" data-end=\"1116\">bezbarwny<\/strong><\/p>\n<\/li>\n<li data-start=\"1119\" data-end=\"1144\">\n<p data-start=\"1121\" data-end=\"1144\">Pojemno\u015b\u0107: <strong data-start=\"1132\" data-end=\"1142\">280 m<\/strong><\/p>\n<\/li>\n<\/ul>\n","protected":false},"excerpt":{"rendered":"<p><strong>Uszczelniacz dekarski bezbarwny to elastyczny preparat do uszczelniania i naprawy pokry\u0107 dachowych, odporny na warunki atmosferyczne.<\/strong><\/p>\n","protected":false},"featured_media":5696,"template":"","meta":{"_kad_blocks_custom_css":"","_kad_blocks_head_custom_js":"","_kad_blocks_body_custom_js":"","_kad_blocks_footer_custom_js":"","_kad_post_transparent":"default","_kad_post_title":"","_kad_post_layout":"default","_kad_post_sidebar_id":"","_kad_post_content_style":"default","_kad_post_vertical_padding":"default","_kad_post_feature":"","_kad_post_feature_position":"","_kad_post_header":false,"_kad_post_footer":false,"_kad_post_classname":""},"product_brand":[411],"product_cat":[327],"product_tag":[],"class_list":{"0":"post-5690","1":"product","2":"type-product","3":"status-publish","4":"has-post-thumbnail","6":"product_brand-baum","7":"product_cat-pianki-silikony-uszczelniacze","8":"product_shipping_class-drobnica","10":"first","11":"instock","12":"taxable","13":"shipping-taxable","14":"purchasable","15":"product-type-simple","16":"entry","17":"content-bg","18":"loop-entry"},"taxonomy_info":{"product_brand":[{"value":411,"label":"Baum"}],"product_cat":[{"value":327,"label":"Pianki\/Silikony\/Uszczelniacze"}]},"featured_image_src_large":["https:\/\/e-systemygrzewcze.eu\/sklep\/wp-content\/uploads\/2025\/09\/Nowy-projekt-2025-09-03T073650.994.jpg",510,578,false],"author_info":[],"comment_info":"","_links":{"self":[{"href":"https:\/\/e-systemygrzewcze.eu\/sklep\/wp-json\/wp\/v2\/product\/5690","targetHints":{"allow":["GET"]}}],"collection":[{"href":"https:\/\/e-systemygrzewcze.eu\/sklep\/wp-json\/wp\/v2\/product"}],"about":[{"href":"https:\/\/e-systemygrzewcze.eu\/sklep\/wp-json\/wp\/v2\/types\/product"}],"wp:featuredmedia":[{"embeddable":true,"href":"https:\/\/e-systemygrzewcze.eu\/sklep\/wp-json\/wp\/v2\/media\/5696"}],"wp:attachment":[{"href":"https:\/\/e-systemygrzewcze.eu\/sklep\/wp-json\/wp\/v2\/media?parent=5690"}],"wp:term":[{"taxonomy":"product_brand","embeddable":true,"href":"https:\/\/e-systemygrzewcze.eu\/sklep\/wp-json\/wp\/v2\/product_brand?post=5690"},{"taxonomy":"product_cat","embeddable":true,"href":"https:\/\/e-systemygrzewcze.eu\/sklep\/wp-json\/wp\/v2\/product_cat?post=5690"},{"taxonomy":"product_tag","embeddable":true,"href":"https:\/\/e-systemygrzewcze.eu\/sklep\/wp-json\/wp\/v2\/product_tag?post=5690"}],"curies":[{"name":"wp","href":"https:\/\/api.w.org\/{rel}","templated":true}]}}