{"id":5682,"date":"2025-09-03T05:09:28","date_gmt":"2025-09-03T05:09:28","guid":{"rendered":"https:\/\/e-systemygrzewcze.eu\/sklep\/produkt\/konopie-lniane-500g\/"},"modified":"2026-04-07T06:10:11","modified_gmt":"2026-04-07T06:10:11","slug":"konopie-lniane-500g","status":"publish","type":"product","link":"https:\/\/e-systemygrzewcze.eu\/sklep\/produkt\/konopie-lniane-500g\/","title":{"rendered":"AGAM Konopie lniane 500g"},"content":{"rendered":"<h2 data-start=\"73\" data-end=\"97\">\ud83e\uddf5 AGAM Paku\u0142y lniane<\/h2>\n<p data-start=\"99\" data-end=\"347\"><strong data-start=\"99\" data-end=\"121\">Paku\u0142y lniane AGAM<\/strong> odznaczaj\u0105 si\u0119 <strong data-start=\"137\" data-end=\"155\">jasnym kolorem<\/strong>, kt\u00f3ry \u015bwiadczy o ich <strong data-start=\"178\" data-end=\"210\">wysokiej jako\u015bci i \u015bwie\u017co\u015bci<\/strong>. Dzi\u0119ki <strong data-start=\"219\" data-end=\"248\">bardzo dobremu wyczesaniu<\/strong> w\u0142\u00f3kna s\u0105 <strong data-start=\"259\" data-end=\"299\">d\u0142ugie, regularne i pozbawione s\u0142omy<\/strong>, co znacz\u0105co podnosi komfort pracy instalatora.<\/p>\n<p data-start=\"349\" data-end=\"536\">Jasne i idealnie przygotowane w\u0142\u00f3kno sprawia, \u017ce <strong data-start=\"398\" data-end=\"449\">proces uszczelniania gwint\u00f3w przebiega szybciej<\/strong>, a paku\u0142y <strong data-start=\"460\" data-end=\"489\">doskonale nasi\u0105kaj\u0105 past\u0105<\/strong>, zapewniaj\u0105c <strong data-start=\"503\" data-end=\"535\">trwa\u0142e i szczelne po\u0142\u0105czenia<\/strong>.<\/p>\n<hr data-start=\"538\" data-end=\"541\" \/>\n<h2 data-start=\"543\" data-end=\"563\">\u2705 Zalety produktu<\/h2>\n<ul data-start=\"565\" data-end=\"837\">\n<li data-start=\"565\" data-end=\"621\">\n<p data-start=\"567\" data-end=\"621\">jasny kolor \u2013 gwarancja \u015bwie\u017co\u015bci i wysokiej jako\u015bci<\/p>\n<\/li>\n<li data-start=\"622\" data-end=\"656\">\n<p data-start=\"624\" data-end=\"656\">bardzo dobrze wyczesane w\u0142\u00f3kno<\/p>\n<\/li>\n<li data-start=\"657\" data-end=\"701\">\n<p data-start=\"659\" data-end=\"701\">d\u0142ugi, regularny w\u0142os bez zanieczyszcze\u0144<\/p>\n<\/li>\n<li data-start=\"702\" data-end=\"745\">\n<p data-start=\"704\" data-end=\"745\">szybkie i wygodne uszczelnianie gwint\u00f3w<\/p>\n<\/li>\n<li data-start=\"746\" data-end=\"791\">\n<p data-start=\"748\" data-end=\"791\">doskona\u0142a ch\u0142onno\u015b\u0107 pasty uszczelniaj\u0105cej<\/p>\n<\/li>\n<li data-start=\"792\" data-end=\"837\">\n<p data-start=\"794\" data-end=\"837\">trwa\u0142e i skuteczne uszczelnienie po\u0142\u0105cze\u0144<\/p>\n<\/li>\n<\/ul>\n","protected":false},"excerpt":{"rendered":"<p><strong>Konopie lniane 500\u00a0g to naturalny materia\u0142 uszczelniaj\u0105cy do po\u0142\u0105cze\u0144 gwintowanych w instalacjach wodnych, grzewczych i gazowych.<\/strong><\/p>\n","protected":false},"featured_media":5686,"template":"","meta":{"_kad_blocks_custom_css":"","_kad_blocks_head_custom_js":"","_kad_blocks_body_custom_js":"","_kad_blocks_footer_custom_js":"","_kad_post_transparent":"default","_kad_post_title":"","_kad_post_layout":"default","_kad_post_sidebar_id":"","_kad_post_content_style":"default","_kad_post_vertical_padding":"default","_kad_post_feature":"","_kad_post_feature_position":"","_kad_post_header":false,"_kad_post_footer":false,"_kad_post_classname":""},"product_brand":[410],"product_cat":[327],"product_tag":[],"class_list":{"0":"post-5682","1":"product","2":"type-product","3":"status-publish","4":"has-post-thumbnail","6":"product_brand-agam","7":"product_cat-pianki-silikony-uszczelniacze","8":"product_shipping_class-drobnica","10":"first","11":"instock","12":"taxable","13":"shipping-taxable","14":"purchasable","15":"product-type-simple","16":"entry","17":"content-bg","18":"loop-entry"},"taxonomy_info":{"product_brand":[{"value":410,"label":"Agam"}],"product_cat":[{"value":327,"label":"Pianki\/Silikony\/Uszczelniacze"}]},"featured_image_src_large":["https:\/\/e-systemygrzewcze.eu\/sklep\/wp-content\/uploads\/2025\/09\/Nowy-projekt-2025-09-03T071445.697.jpg",510,578,false],"author_info":[],"comment_info":"","_links":{"self":[{"href":"https:\/\/e-systemygrzewcze.eu\/sklep\/wp-json\/wp\/v2\/product\/5682","targetHints":{"allow":["GET"]}}],"collection":[{"href":"https:\/\/e-systemygrzewcze.eu\/sklep\/wp-json\/wp\/v2\/product"}],"about":[{"href":"https:\/\/e-systemygrzewcze.eu\/sklep\/wp-json\/wp\/v2\/types\/product"}],"wp:featuredmedia":[{"embeddable":true,"href":"https:\/\/e-systemygrzewcze.eu\/sklep\/wp-json\/wp\/v2\/media\/5686"}],"wp:attachment":[{"href":"https:\/\/e-systemygrzewcze.eu\/sklep\/wp-json\/wp\/v2\/media?parent=5682"}],"wp:term":[{"taxonomy":"product_brand","embeddable":true,"href":"https:\/\/e-systemygrzewcze.eu\/sklep\/wp-json\/wp\/v2\/product_brand?post=5682"},{"taxonomy":"product_cat","embeddable":true,"href":"https:\/\/e-systemygrzewcze.eu\/sklep\/wp-json\/wp\/v2\/product_cat?post=5682"},{"taxonomy":"product_tag","embeddable":true,"href":"https:\/\/e-systemygrzewcze.eu\/sklep\/wp-json\/wp\/v2\/product_tag?post=5682"}],"curies":[{"name":"wp","href":"https:\/\/api.w.org\/{rel}","templated":true}]}}