{"id":5543,"date":"2025-09-01T10:18:17","date_gmt":"2025-09-01T10:18:17","guid":{"rendered":"https:\/\/e-systemygrzewcze.eu\/sklep\/produkt\/beretta-kociol-ciao-x-25r\/"},"modified":"2026-04-07T05:19:55","modified_gmt":"2026-04-07T05:19:55","slug":"beretta-kociol-ciao-x-25r","status":"publish","type":"product","link":"https:\/\/e-systemygrzewcze.eu\/sklep\/produkt\/beretta-kociol-ciao-x-25r\/","title":{"rendered":"BERETTA Kocio\u0142 Ciao X 25R"},"content":{"rendered":"<h2 data-start=\"114\" data-end=\"173\">\ud83d\udd25 <strong data-start=\"120\" data-end=\"173\">Beretta Ciao X 25R \u2013 wisz\u0105cy kocio\u0142 kondensacyjny<\/strong><\/h2>\n<p data-start=\"175\" data-end=\"414\">Wisz\u0105cy <strong data-start=\"183\" data-end=\"214\">kocio\u0142 gazowy kondensacyjny<\/strong> Beretta Ciao X 25R przeznaczony do instalacji centralnego ogrzewania. Wyposa\u017cony w <strong data-start=\"298\" data-end=\"353\">kondensacyjny wymiennik ciep\u0142a ze stali nierdzewnej<\/strong>, zapewniaj\u0105cy wysok\u0105 sprawno\u015b\u0107 i d\u0142ug\u0105 \u017cywotno\u015b\u0107 urz\u0105dzenia.<\/p>\n<hr data-start=\"416\" data-end=\"419\" \/>\n<h2 data-start=\"421\" data-end=\"459\">\u2699\ufe0f <strong data-start=\"427\" data-end=\"459\">Parametry i cechy techniczne<\/strong><\/h2>\n<ul data-start=\"461\" data-end=\"942\">\n<li data-start=\"461\" data-end=\"510\">\n<p data-start=\"463\" data-end=\"510\">Typ kot\u0142a: gazowy, kondensacyjny, wisz\u0105cy<\/p>\n<\/li>\n<li data-start=\"511\" data-end=\"545\">\n<p data-start=\"513\" data-end=\"545\">Zakres modulacji mocy: 1:8<\/p>\n<\/li>\n<li data-start=\"546\" data-end=\"621\">\n<p data-start=\"548\" data-end=\"621\">Certyfikat: RANGE RATED (mo\u017cliwo\u015b\u0107 dostosowania mocy do instalacji)<\/p>\n<\/li>\n<li data-start=\"622\" data-end=\"665\">\n<p data-start=\"624\" data-end=\"665\">Klasa efektywno\u015bci energetycznej: A<\/p>\n<\/li>\n<li data-start=\"666\" data-end=\"707\">\n<p data-start=\"668\" data-end=\"707\">Wymiennik ciep\u0142a: stal nierdzewna<\/p>\n<\/li>\n<li data-start=\"708\" data-end=\"756\">\n<p data-start=\"710\" data-end=\"756\">Emisja NOx: klasa 6 (zgodnie z EN 15502)<\/p>\n<\/li>\n<li data-start=\"757\" data-end=\"844\">\n<p data-start=\"759\" data-end=\"844\">Rodzaj gazu: wszystkie rodzaje gazu (po zastosowaniu zestawu przezbrojeniowego)<\/p>\n<\/li>\n<li data-start=\"845\" data-end=\"896\">\n<p data-start=\"847\" data-end=\"896\">Przystosowanie do gazu z wodorem: do 20% H\u2082<\/p>\n<\/li>\n<li data-start=\"897\" data-end=\"942\">\n<p data-start=\"899\" data-end=\"942\">Sterowanie: dotykowy panel sterowania<\/p>\n<\/li>\n<\/ul>\n<hr data-start=\"944\" data-end=\"947\" \/>\n<h2 data-start=\"949\" data-end=\"982\">\ud83c\udf21 <strong data-start=\"955\" data-end=\"982\">Instalacja i wsp\u00f3\u0142praca<\/strong><\/h2>\n<ul data-start=\"984\" data-end=\"1204\">\n<li data-start=\"984\" data-end=\"1064\">\n<p data-start=\"986\" data-end=\"1004\">Mo\u017cliwo\u015b\u0107 pracy z:<\/p>\n<ul data-start=\"1007\" data-end=\"1064\">\n<li data-start=\"1007\" data-end=\"1035\">\n<p data-start=\"1009\" data-end=\"1035\">ogrzewaniem grzejnikowym<\/p>\n<\/li>\n<li data-start=\"1038\" data-end=\"1064\">\n<p data-start=\"1040\" data-end=\"1064\">ogrzewaniem pod\u0142ogowym<\/p>\n<\/li>\n<\/ul>\n<\/li>\n<li data-start=\"1065\" data-end=\"1132\">\n<p data-start=\"1067\" data-end=\"1132\">Obs\u0142uga do 3 stref grzewczych (wymagane akcesorium CONNECT)<\/p>\n<\/li>\n<li data-start=\"1133\" data-end=\"1204\">\n<p data-start=\"1135\" data-end=\"1165\">Kompatybilno\u015b\u0107 z regulatorami:<\/p>\n<ul data-start=\"1168\" data-end=\"1204\">\n<li data-start=\"1168\" data-end=\"1174\">\n<p data-start=\"1170\" data-end=\"1174\">Hi<\/p>\n<\/li>\n<li data-start=\"1177\" data-end=\"1188\">\n<p data-start=\"1179\" data-end=\"1188\">Comfort<\/p>\n<\/li>\n<li data-start=\"1191\" data-end=\"1204\">\n<p data-start=\"1193\" data-end=\"1204\">Smart Key<\/p>\n<\/li>\n<\/ul>\n<\/li>\n<\/ul>\n<hr data-start=\"1206\" data-end=\"1209\" \/>\n<h2 data-start=\"1211\" data-end=\"1244\">\ud83d\udd27 <strong data-start=\"1217\" data-end=\"1244\">Wyposa\u017cenie standardowe<\/strong><\/h2>\n<ul data-start=\"1246\" data-end=\"1428\">\n<li data-start=\"1246\" data-end=\"1277\">\n<p data-start=\"1248\" data-end=\"1277\">Naczynie wzbiorcze: 8 l<\/p>\n<\/li>\n<li data-start=\"1278\" data-end=\"1332\">\n<p data-start=\"1280\" data-end=\"1332\">Pompa cyrkulacyjna: energooszcz\u0119dna, wbudowana<\/p>\n<\/li>\n<li data-start=\"1333\" data-end=\"1377\">\n<p data-start=\"1335\" data-end=\"1377\">Modu\u0142 regulacji pogodowej: wbudowany<\/p>\n<\/li>\n<li data-start=\"1378\" data-end=\"1428\">\n<p data-start=\"1380\" data-end=\"1428\">Sonda zewn\u0119trzna: dost\u0119pna jako akcesorium<\/p>\n<\/li>\n<\/ul>\n<hr data-start=\"1430\" data-end=\"1433\" \/>\n<h2 data-start=\"1435\" data-end=\"1454\">\ud83d\udee1 <strong data-start=\"1441\" data-end=\"1454\">Gwarancja<\/strong><\/h2>\n<ul data-start=\"1456\" data-end=\"1511\">\n<li data-start=\"1456\" data-end=\"1511\">\n<p data-start=\"1458\" data-end=\"1511\"><strong data-start=\"1458\" data-end=\"1477\">5 lat gwarancji<\/strong> (*zgodnie z warunkami producenta)<\/p>\n<\/li>\n<\/ul>\n","protected":false},"excerpt":{"rendered":"<p><strong>Kocio\u0142 Beretta Ciao X 25R to kompaktowy kocio\u0142 gazowy dwufunkcyjny, przeznaczony do ogrzewania pomieszcze\u0144 i przygotowania ciep\u0142ej wody u\u017cytkowej. Charakteryzuje si\u0119 wysok\u0105 sprawno\u015bci\u0105, nowoczesnym designem i \u0142atw\u0105 obs\u0142ug\u0105.<\/strong><\/p>\n","protected":false},"featured_media":5552,"template":"","meta":{"_kad_blocks_custom_css":"","_kad_blocks_head_custom_js":"","_kad_blocks_body_custom_js":"","_kad_blocks_footer_custom_js":"","_kad_post_transparent":"default","_kad_post_title":"","_kad_post_layout":"default","_kad_post_sidebar_id":"","_kad_post_content_style":"default","_kad_post_vertical_padding":"default","_kad_post_feature":"","_kad_post_feature_position":"","_kad_post_header":false,"_kad_post_footer":false,"_kad_post_classname":""},"product_brand":[29],"product_cat":[222],"product_tag":[],"class_list":{"0":"post-5543","1":"product","2":"type-product","3":"status-publish","4":"has-post-thumbnail","6":"product_brand-berreta","7":"product_cat-gazowe","8":"product_shipping_class-paleta_700","10":"first","11":"instock","12":"taxable","13":"shipping-taxable","14":"purchasable","15":"product-type-simple","16":"entry","17":"content-bg","18":"loop-entry"},"taxonomy_info":{"product_brand":[{"value":29,"label":"Berreta"}],"product_cat":[{"value":222,"label":"Gazowe"}]},"featured_image_src_large":["https:\/\/e-systemygrzewcze.eu\/sklep\/wp-content\/uploads\/2025\/09\/Nowy-projekt-2025-09-01T123510.001.jpg",510,578,false],"author_info":[],"comment_info":"","_links":{"self":[{"href":"https:\/\/e-systemygrzewcze.eu\/sklep\/wp-json\/wp\/v2\/product\/5543","targetHints":{"allow":["GET"]}}],"collection":[{"href":"https:\/\/e-systemygrzewcze.eu\/sklep\/wp-json\/wp\/v2\/product"}],"about":[{"href":"https:\/\/e-systemygrzewcze.eu\/sklep\/wp-json\/wp\/v2\/types\/product"}],"wp:featuredmedia":[{"embeddable":true,"href":"https:\/\/e-systemygrzewcze.eu\/sklep\/wp-json\/wp\/v2\/media\/5552"}],"wp:attachment":[{"href":"https:\/\/e-systemygrzewcze.eu\/sklep\/wp-json\/wp\/v2\/media?parent=5543"}],"wp:term":[{"taxonomy":"product_brand","embeddable":true,"href":"https:\/\/e-systemygrzewcze.eu\/sklep\/wp-json\/wp\/v2\/product_brand?post=5543"},{"taxonomy":"product_cat","embeddable":true,"href":"https:\/\/e-systemygrzewcze.eu\/sklep\/wp-json\/wp\/v2\/product_cat?post=5543"},{"taxonomy":"product_tag","embeddable":true,"href":"https:\/\/e-systemygrzewcze.eu\/sklep\/wp-json\/wp\/v2\/product_tag?post=5543"}],"curies":[{"name":"wp","href":"https:\/\/api.w.org\/{rel}","templated":true}]}}