{"id":5466,"date":"2025-08-29T11:27:27","date_gmt":"2025-08-29T11:27:27","guid":{"rendered":"https:\/\/e-systemygrzewcze.eu\/sklep\/produkt\/czujnik-gazu-ziemnego-i-lpg-fireangel\/"},"modified":"2026-04-07T05:22:43","modified_gmt":"2026-04-07T05:22:43","slug":"czujnik-gazu-ziemnego-i-lpg-fireangel","status":"publish","type":"product","link":"https:\/\/e-systemygrzewcze.eu\/sklep\/produkt\/czujnik-gazu-ziemnego-i-lpg-fireangel\/","title":{"rendered":"FireAngel Czujnik gazu ziemnego i LPG"},"content":{"rendered":"<h2 data-start=\"123\" data-end=\"169\">\ud83d\uded1 Czujnik gazu FireAngel SafeHaus SHG-02<\/h2>\n<p data-start=\"171\" data-end=\"442\">Czujnik <strong data-start=\"179\" data-end=\"189\">SHG-02<\/strong> dokonuje <strong data-start=\"199\" data-end=\"233\">ci\u0105g\u0142ego pomiaru st\u0119\u017cenia gazu<\/strong> w otaczaj\u0105cym powietrzu.<br data-start=\"258\" data-end=\"261\" \/>W razie wykrycia ulatniaj\u0105cego si\u0119 gazu w\u0142\u0105cza <strong data-start=\"308\" data-end=\"355\">optyczn\u0105 i akustyczn\u0105 sygnalizacj\u0119 alarmow\u0105<\/strong>. Alarm wy\u0142\u0105cza si\u0119 automatycznie, gdy st\u0119\u017cenie gazu spada poni\u017cej warto\u015bci progowej.<\/p>\n<p data-start=\"444\" data-end=\"642\">Czujnik wyposa\u017cony jest w <strong data-start=\"470\" data-end=\"498\">uk\u0142ad auto-diagnostyczny<\/strong>, monitoruj\u0105cy sensor oraz wewn\u0119trzne obwody. W przypadku nieprawid\u0142owej pracy zapala si\u0119 <strong data-start=\"588\" data-end=\"607\">\u017c\u00f3\u0142ta dioda LED<\/strong>, informuj\u0105ca o wykryciu usterki.<\/p>\n<hr data-start=\"644\" data-end=\"647\" \/>\n<h3 data-start=\"649\" data-end=\"671\">\u2699\ufe0f Dane techniczne<\/h3>\n<ul data-start=\"672\" data-end=\"984\">\n<li data-start=\"672\" data-end=\"702\">\n<p data-start=\"674\" data-end=\"702\">Zasilanie: 230V \/ 50Hz<\/p>\n<\/li>\n<li data-start=\"703\" data-end=\"746\">\n<p data-start=\"705\" data-end=\"746\">Sygnalizacja prawid\u0142owej pracy: Tak<\/p>\n<\/li>\n<li data-start=\"747\" data-end=\"776\">\n<p data-start=\"749\" data-end=\"776\">Wilgotno\u015b\u0107: Maks. 95%<\/p>\n<\/li>\n<li data-start=\"777\" data-end=\"831\">\n<p data-start=\"779\" data-end=\"831\">Certyfikaty i dopuszczenia: EN50194-1:2009, CE<\/p>\n<\/li>\n<li data-start=\"832\" data-end=\"890\">\n<p data-start=\"834\" data-end=\"890\">Sygnalizacja alarmowa: Akustyczna 85 dB i optyczna<\/p>\n<\/li>\n<li data-start=\"891\" data-end=\"984\">\n<p data-start=\"893\" data-end=\"924\">Rodzaj wykrywanych gaz\u00f3w:<\/p>\n<ul data-start=\"927\" data-end=\"984\">\n<li data-start=\"927\" data-end=\"959\">\n<p data-start=\"929\" data-end=\"959\">Gaz ziemny (CNG, LNG, metan)<\/p>\n<\/li>\n<li data-start=\"962\" data-end=\"984\">\n<p data-start=\"964\" data-end=\"984\">Propan-butan (LPG)<\/p>\n<\/li>\n<\/ul>\n<\/li>\n<\/ul>\n<hr data-start=\"986\" data-end=\"989\" \/>\n<h3 data-start=\"991\" data-end=\"1016\">\ud83c\udfe0 Monta\u017c i gwarancja<\/h3>\n<ul data-start=\"1017\" data-end=\"1056\">\n<li data-start=\"1017\" data-end=\"1056\">\n<p data-start=\"1019\" data-end=\"1056\"><strong data-start=\"1019\" data-end=\"1033\">Gwarancja:<\/strong> 36 miesi\u0119cy (3 lata)<\/p>\n<\/li>\n<\/ul>\n","protected":false},"excerpt":{"rendered":"<p><strong>Czujnik gazu ziemnego i LPG FireAngel wykrywa niebezpieczne st\u0119\u017cenia gazu w pomieszczeniach, ostrzegaj\u0105c przed wyciekiem. Wyposa\u017cony w alarm d\u017awi\u0119kowy i \u015bwietlny, zapewnia bezpiecze\u0144stwo i ochron\u0119 domownik\u00f3w.<\/strong><\/p>\n","protected":false},"featured_media":5476,"template":"","meta":{"_kad_blocks_custom_css":"","_kad_blocks_head_custom_js":"","_kad_blocks_body_custom_js":"","_kad_blocks_footer_custom_js":"","_kad_post_transparent":"default","_kad_post_title":"","_kad_post_layout":"default","_kad_post_sidebar_id":"","_kad_post_content_style":"default","_kad_post_vertical_padding":"default","_kad_post_feature":"","_kad_post_feature_position":"","_kad_post_header":false,"_kad_post_footer":false,"_kad_post_classname":""},"product_brand":[405],"product_cat":[319],"product_tag":[],"class_list":{"0":"post-5466","1":"product","2":"type-product","3":"status-publish","4":"has-post-thumbnail","6":"product_brand-fireangel","7":"product_cat-akcesoria-gazowe","8":"product_shipping_class-drobnica","10":"first","11":"instock","12":"taxable","13":"shipping-taxable","14":"purchasable","15":"product-type-simple","16":"entry","17":"content-bg","18":"loop-entry"},"taxonomy_info":{"product_brand":[{"value":405,"label":"FireAngel"}],"product_cat":[{"value":319,"label":"Akcesoria"}]},"featured_image_src_large":["https:\/\/e-systemygrzewcze.eu\/sklep\/wp-content\/uploads\/2025\/08\/Nowy-projekt-2025-08-29T134248.089.jpg",510,578,false],"author_info":[],"comment_info":"","_links":{"self":[{"href":"https:\/\/e-systemygrzewcze.eu\/sklep\/wp-json\/wp\/v2\/product\/5466","targetHints":{"allow":["GET"]}}],"collection":[{"href":"https:\/\/e-systemygrzewcze.eu\/sklep\/wp-json\/wp\/v2\/product"}],"about":[{"href":"https:\/\/e-systemygrzewcze.eu\/sklep\/wp-json\/wp\/v2\/types\/product"}],"wp:featuredmedia":[{"embeddable":true,"href":"https:\/\/e-systemygrzewcze.eu\/sklep\/wp-json\/wp\/v2\/media\/5476"}],"wp:attachment":[{"href":"https:\/\/e-systemygrzewcze.eu\/sklep\/wp-json\/wp\/v2\/media?parent=5466"}],"wp:term":[{"taxonomy":"product_brand","embeddable":true,"href":"https:\/\/e-systemygrzewcze.eu\/sklep\/wp-json\/wp\/v2\/product_brand?post=5466"},{"taxonomy":"product_cat","embeddable":true,"href":"https:\/\/e-systemygrzewcze.eu\/sklep\/wp-json\/wp\/v2\/product_cat?post=5466"},{"taxonomy":"product_tag","embeddable":true,"href":"https:\/\/e-systemygrzewcze.eu\/sklep\/wp-json\/wp\/v2\/product_tag?post=5466"}],"curies":[{"name":"wp","href":"https:\/\/api.w.org\/{rel}","templated":true}]}}