{"id":5296,"date":"2025-08-28T14:14:29","date_gmt":"2025-08-28T14:14:29","guid":{"rendered":"https:\/\/e-systemygrzewcze.eu\/sklep\/produkt\/wianek-zebaty-paleniska-15-kw\/"},"modified":"2026-03-23T13:01:44","modified_gmt":"2026-03-23T13:01:44","slug":"wianek-zebaty-paleniska-15-kw","status":"publish","type":"product","link":"https:\/\/e-systemygrzewcze.eu\/sklep\/produkt\/wianek-zebaty-paleniska-15-kw\/","title":{"rendered":"Wianek z\u0119baty paleniska 15 KW"},"content":{"rendered":"<section class=\"text-token-text-primary w-full focus:outline-none [--shadow-height:45px] has-data-writing-block:pointer-events-none has-data-writing-block:-mt-(--shadow-height) has-data-writing-block:pt-(--shadow-height) [&amp;:has([data-writing-block])&gt;*]:pointer-events-auto scroll-mt-(--header-height)\" dir=\"auto\" data-turn-id=\"d22235ec-2e24-48ab-932d-adf768dc8ff2\" data-testid=\"conversation-turn-59\" data-scroll-anchor=\"false\" data-turn=\"user\"><\/section>\n<section class=\"text-token-text-primary w-full focus:outline-none [--shadow-height:45px] has-data-writing-block:pointer-events-none has-data-writing-block:-mt-(--shadow-height) has-data-writing-block:pt-(--shadow-height) [&amp;:has([data-writing-block])&gt;*]:pointer-events-auto scroll-mt-[calc(var(--header-height)+min(200px,max(70px,20svh)))]\" dir=\"auto\" data-turn-id=\"request-69b50b05-693c-8329-aef2-7f17e4aa7f4d-8\" data-testid=\"conversation-turn-60\" data-scroll-anchor=\"true\" data-turn=\"assistant\">\n<div class=\"text-base my-auto mx-auto pb-10 [--thread-content-margin:var(--thread-content-margin-xs,calc(var(--spacing)*4))] @w-sm\/main:[--thread-content-margin:var(--thread-content-margin-sm,calc(var(--spacing)*6))] @w-lg\/main:[--thread-content-margin:var(--thread-content-margin-lg,calc(var(--spacing)*16))] px-(--thread-content-margin)\">\n<div class=\"[--thread-content-max-width:40rem] @w-lg\/main:[--thread-content-max-width:48rem] mx-auto max-w-(--thread-content-max-width) flex-1 group\/turn-messages focus-visible:outline-hidden relative flex w-full min-w-0 flex-col agent-turn\">\n<div class=\"flex max-w-full flex-col gap-4 grow\">\n<div class=\"min-h-8 text-message relative flex w-full flex-col items-end gap-2 text-start break-words whitespace-normal outline-none keyboard-focused:focus-ring [.text-message+&amp;]:mt-1\" dir=\"auto\" tabindex=\"0\" data-message-author-role=\"assistant\" data-message-id=\"de33fb69-00cd-4b2d-839a-c7fafbfb15bd\" data-message-model-slug=\"gpt-5-3\" data-turn-start-message=\"true\">\n<div class=\"flex w-full flex-col gap-1 empty:hidden\">\n<div class=\"markdown prose dark:prose-invert w-full wrap-break-word dark markdown-new-styling\">\n<h2 data-start=\"0\" data-end=\"269\"><strong data-start=\"0\" data-end=\"57\">\u00a0Wianek z\u0119baty paleniska 15 kW<\/strong><\/h2>\n<p data-start=\"0\" data-end=\"269\">to element podajnika \u015blimakowego stosowany w kot\u0142ach na ekogroszek. Wykonany z \u017celiwa ognioodpornego zapewnia wysok\u0105 odporno\u015b\u0107 na temperatur\u0119, deformacje oraz wstrz\u0105sy cieplne powstaj\u0105ce podczas spalania paliwa.Produkt przeznaczony jest do podajnik\u00f3w firmy Pancerpol stosowanych w kot\u0142ach o mocy oko\u0142o 15 kW. Solidna konstrukcja gwarantuje stabiln\u0105 prac\u0119 paleniska oraz r\u00f3wnomierne spalanie paliwa w systemach automatycznego podawania opa\u0142u.<\/p>\n<hr data-start=\"503\" data-end=\"506\" \/>\n<h2 data-start=\"508\" data-end=\"527\">\ud83c\udfe0 <strong data-start=\"511\" data-end=\"527\">Zastosowanie<\/strong><\/h2>\n<p data-start=\"529\" data-end=\"718\">\u2022 Podajniki \u015blimakowe do kot\u0142\u00f3w na ekogroszek<br data-start=\"574\" data-end=\"577\" \/>\u2022 Piece centralnego ogrzewania o mocy 15 kW<br data-start=\"620\" data-end=\"623\" \/>\u2022 Podajniki firmy Pancerpol<br data-start=\"650\" data-end=\"653\" \/>\u2022 Instalacje grzewcze z automatycznym systemem podawania paliwa<\/p>\n<hr data-start=\"720\" data-end=\"723\" \/>\n<h2 data-start=\"725\" data-end=\"746\">\u2b50 <strong data-start=\"727\" data-end=\"746\">Zalety produktu<\/strong><\/h2>\n<p data-start=\"748\" data-end=\"982\">\u2022 Wykonany z wytrzyma\u0142ego \u017celiwa ognioodpornego<br data-start=\"795\" data-end=\"798\" \/>\u2022 Odporno\u015b\u0107 na wysok\u0105 temperatur\u0119 i wstrz\u0105sy cieplne<br data-start=\"850\" data-end=\"853\" \/>\u2022 Stabilna i trwa\u0142a konstrukcja<br data-start=\"884\" data-end=\"887\" \/>\u2022 Zapewnia prawid\u0142ow\u0105 prac\u0119 paleniska<br data-start=\"924\" data-end=\"927\" \/>\u2022 D\u0142uga \u017cywotno\u015b\u0107 nawet przy intensywnej eksploatacji<\/p>\n<hr data-start=\"984\" data-end=\"987\" \/>\n<h2 data-start=\"989\" data-end=\"1016\">\u2699\ufe0f <strong data-start=\"992\" data-end=\"1016\">Parametry techniczne<\/strong><\/h2>\n<p data-start=\"1018\" data-end=\"1187\">\u2022 Przeznaczenie: podajniki do kot\u0142\u00f3w 15 kW<br data-start=\"1060\" data-end=\"1063\" \/>\u2022 Materia\u0142: \u017celiwo ognioodporne<br data-start=\"1094\" data-end=\"1097\" \/>\u2022 \u015arednica zewn\u0119trzna: 120 mm<br data-start=\"1126\" data-end=\"1129\" \/>\u2022 Wysoko\u015b\u0107: 28 mm<br data-start=\"1146\" data-end=\"1149\" \/>\u2022 \u015arednica otworu centralnego: 70 mm<\/p>\n<\/div>\n<\/div>\n<\/div>\n<\/div>\n<\/div>\n<\/div>\n<\/section>\n","protected":false},"excerpt":{"rendered":"<p><strong>Wianek z\u0119baty paleniska 15 kW stosowany jest w kot\u0142ach na paliwo sta\u0142e do przenoszenia i mieszania paliwa w palenisku. Wykonany z trwa\u0142ych materia\u0142\u00f3w, zapewnia niezawodn\u0105 prac\u0119 i r\u00f3wnomierne spalanie.<\/strong><\/p>\n","protected":false},"featured_media":5321,"template":"","meta":{"_kad_blocks_custom_css":"","_kad_blocks_head_custom_js":"","_kad_blocks_body_custom_js":"","_kad_blocks_footer_custom_js":"","_kad_post_transparent":"default","_kad_post_title":"","_kad_post_layout":"default","_kad_post_sidebar_id":"","_kad_post_content_style":"default","_kad_post_vertical_padding":"default","_kad_post_feature":"","_kad_post_feature_position":"","_kad_post_header":false,"_kad_post_footer":false,"_kad_post_classname":""},"product_brand":[],"product_cat":[224],"product_tag":[],"class_list":{"0":"post-5296","1":"product","2":"type-product","3":"status-publish","4":"has-post-thumbnail","6":"product_cat-czesci-zamienne-kotlow","7":"product_shipping_class-drobnica","9":"first","10":"instock","11":"taxable","12":"shipping-taxable","13":"purchasable","14":"product-type-simple","15":"entry","16":"content-bg","17":"loop-entry"},"taxonomy_info":{"product_cat":[{"value":224,"label":"Cz\u0119\u015bci zamienne kot\u0142\u00f3w na eko-groszek"}]},"featured_image_src_large":["https:\/\/e-systemygrzewcze.eu\/sklep\/wp-content\/uploads\/2025\/08\/Nowy-projekt-2025-08-28T162718.755.jpg",510,578,false],"author_info":[],"comment_info":"","_links":{"self":[{"href":"https:\/\/e-systemygrzewcze.eu\/sklep\/wp-json\/wp\/v2\/product\/5296","targetHints":{"allow":["GET"]}}],"collection":[{"href":"https:\/\/e-systemygrzewcze.eu\/sklep\/wp-json\/wp\/v2\/product"}],"about":[{"href":"https:\/\/e-systemygrzewcze.eu\/sklep\/wp-json\/wp\/v2\/types\/product"}],"wp:featuredmedia":[{"embeddable":true,"href":"https:\/\/e-systemygrzewcze.eu\/sklep\/wp-json\/wp\/v2\/media\/5321"}],"wp:attachment":[{"href":"https:\/\/e-systemygrzewcze.eu\/sklep\/wp-json\/wp\/v2\/media?parent=5296"}],"wp:term":[{"taxonomy":"product_brand","embeddable":true,"href":"https:\/\/e-systemygrzewcze.eu\/sklep\/wp-json\/wp\/v2\/product_brand?post=5296"},{"taxonomy":"product_cat","embeddable":true,"href":"https:\/\/e-systemygrzewcze.eu\/sklep\/wp-json\/wp\/v2\/product_cat?post=5296"},{"taxonomy":"product_tag","embeddable":true,"href":"https:\/\/e-systemygrzewcze.eu\/sklep\/wp-json\/wp\/v2\/product_tag?post=5296"}],"curies":[{"name":"wp","href":"https:\/\/api.w.org\/{rel}","templated":true}]}}