{"id":5026,"date":"2025-08-27T06:22:36","date_gmt":"2025-08-27T06:22:36","guid":{"rendered":"https:\/\/e-systemygrzewcze.eu\/sklep\/produkt\/czujnik-dymu-na-baterie-fireangel-st625\/"},"modified":"2026-04-03T05:52:10","modified_gmt":"2026-04-03T05:52:10","slug":"czujnik-dymu-na-baterie-fireangel-st625","status":"publish","type":"product","link":"https:\/\/e-systemygrzewcze.eu\/sklep\/produkt\/czujnik-dymu-na-baterie-fireangel-st625\/","title":{"rendered":"FireAngel Czujnik dymu na baterie (ST625)"},"content":{"rendered":"<h2 data-start=\"112\" data-end=\"175\">\ud83d\udd25 Czujnik dymu FireAngel ST-625 \u2013 certyfikowany, THERMOPTEK<\/h2>\n<p data-start=\"177\" data-end=\"486\"><strong data-start=\"177\" data-end=\"197\">FireAngel ST-625<\/strong> to nowoczesny, certyfikowany czujnik dymu, kt\u00f3ry dzi\u0119ki <strong data-start=\"254\" data-end=\"294\">opatentowanej technologii THERMOPTEK<\/strong> reaguje nawet <strong data-start=\"309\" data-end=\"371\">dwukrotnie szybciej na pojawiaj\u0105ce si\u0119 zagro\u017cenie po\u017carowe<\/strong>. To rozwi\u0105zanie, kt\u00f3re znacz\u0105co podnosi poziom bezpiecze\u0144stwa w domu, mieszkaniu, biurze czy obiektach u\u017cytkowych.<\/p>\n<p data-start=\"488\" data-end=\"638\">Urz\u0105dzenie charakteryzuje si\u0119 <strong data-start=\"518\" data-end=\"543\">10-letni\u0105 \u017cywotno\u015bci\u0105<\/strong>, wysok\u0105 jako\u015bci\u0105 wykonania oraz niezawodnym dzia\u0142aniem potwierdzonym certyfikatem <strong data-start=\"626\" data-end=\"637\">EN14604<\/strong>.<\/p>\n<hr data-start=\"640\" data-end=\"643\" \/>\n<h2 data-start=\"645\" data-end=\"664\">\u2705 Kluczowe cechy<\/h2>\n<ul data-start=\"666\" data-end=\"1143\">\n<li data-start=\"666\" data-end=\"739\">\n<p data-start=\"668\" data-end=\"739\">zaawansowana technologia THERMOPTEK (sensor optyczny + termiczny)<\/p>\n<\/li>\n<li data-start=\"740\" data-end=\"774\">\n<p data-start=\"742\" data-end=\"774\">5 lat gwarancji producenta<\/p>\n<\/li>\n<li data-start=\"775\" data-end=\"806\">\n<p data-start=\"777\" data-end=\"806\">certyfikat EN14604:2005<\/p>\n<\/li>\n<li data-start=\"807\" data-end=\"849\">\n<p data-start=\"809\" data-end=\"849\">zasilanie: 2 baterie AA (wymienne)<\/p>\n<\/li>\n<li data-start=\"850\" data-end=\"884\">\n<p data-start=\"852\" data-end=\"884\">10 lat \u017cywotno\u015bci czujnika<\/p>\n<\/li>\n<li data-start=\"885\" data-end=\"949\">\n<p data-start=\"887\" data-end=\"949\">sygnalizacja s\u0142abej baterii i ko\u0144ca dzia\u0142ania urz\u0105dzenia<\/p>\n<\/li>\n<li data-start=\"950\" data-end=\"997\">\n<p data-start=\"952\" data-end=\"997\">funkcja automatycznego testu sprawno\u015bci<\/p>\n<\/li>\n<li data-start=\"998\" data-end=\"1027\">\n<p data-start=\"1000\" data-end=\"1027\">przycisk TEST \/ RESET<\/p>\n<\/li>\n<li data-start=\"1028\" data-end=\"1089\">\n<p data-start=\"1030\" data-end=\"1089\">technologia Toast Proof \u2013 redukcja fa\u0142szywych alarm\u00f3w<\/p>\n<\/li>\n<li data-start=\"1090\" data-end=\"1143\">\n<p data-start=\"1092\" data-end=\"1143\">funkcja SLEEP-EASY \u2013 czasowe wyciszenie sygna\u0142u<\/p>\n<\/li>\n<\/ul>\n<hr data-start=\"1145\" data-end=\"1148\" \/>\n<h2 data-start=\"1150\" data-end=\"1197\">\ud83d\udee1 Technologia THERMOPTEK \u2013 podw\u00f3jna ochrona<\/h2>\n<p data-start=\"1199\" data-end=\"1232\">Technologia <strong data-start=\"1211\" data-end=\"1225\">THERMOPTEK<\/strong> \u0142\u0105czy:<\/p>\n<ul data-start=\"1233\" data-end=\"1286\">\n<li data-start=\"1233\" data-end=\"1260\">\n<p data-start=\"1235\" data-end=\"1260\">czujnik optyczny dymu<\/p>\n<\/li>\n<li data-start=\"1261\" data-end=\"1286\">\n<p data-start=\"1263\" data-end=\"1286\">czujnik temperatury<\/p>\n<\/li>\n<\/ul>\n<p data-start=\"1288\" data-end=\"1526\">Dzi\u0119ki temu czujnik nie tylko wykrywa dym, ale r\u00f3wnie\u017c dynamiczne zmiany temperatury, co pozwala na znacznie szybsz\u0105 reakcj\u0119 w przypadku rozwijaj\u0105cego si\u0119 po\u017caru \u2013 nawet dwa razy szybciej ni\u017c w standardowych czujnikach optycznych.<\/p>\n<hr data-start=\"1528\" data-end=\"1531\" \/>\n<h2 data-start=\"1533\" data-end=\"1573\">\ud83d\udd0b Zasilanie i funkcje bezpiecze\u0144stwa<\/h2>\n<p data-start=\"1575\" data-end=\"1642\">Czujnik zasilany jest przez <strong data-start=\"1603\" data-end=\"1628\">2 wymienne baterie AA<\/strong>, co zapewnia:<\/p>\n<ul data-start=\"1643\" data-end=\"1726\">\n<li data-start=\"1643\" data-end=\"1660\">\n<p data-start=\"1645\" data-end=\"1660\">\u0142atw\u0105 wymian\u0119<\/p>\n<\/li>\n<li data-start=\"1661\" data-end=\"1687\">\n<p data-start=\"1663\" data-end=\"1687\">d\u0142ug\u0105 i stabiln\u0105 prac\u0119<\/p>\n<\/li>\n<li data-start=\"1688\" data-end=\"1726\">\n<p data-start=\"1690\" data-end=\"1726\">niezale\u017cno\u015b\u0107 od sieci elektrycznej<\/p>\n<\/li>\n<\/ul>\n<p data-start=\"1728\" data-end=\"1754\">Dodatkowo czujnik posiada:<\/p>\n<ul data-start=\"1755\" data-end=\"1902\">\n<li data-start=\"1755\" data-end=\"1796\">\n<p data-start=\"1757\" data-end=\"1796\">sygnalizacj\u0119 niskiego poziomu baterii<\/p>\n<\/li>\n<li data-start=\"1797\" data-end=\"1841\">\n<p data-start=\"1799\" data-end=\"1841\">informacj\u0119 o ko\u0144cu \u017cywotno\u015bci urz\u0105dzenia<\/p>\n<\/li>\n<li data-start=\"1842\" data-end=\"1902\">\n<p data-start=\"1844\" data-end=\"1902\">system <strong data-start=\"1851\" data-end=\"1902\">automatycznego testowania poprawno\u015bci dzia\u0142ania<\/strong><\/p>\n<\/li>\n<\/ul>\n<hr data-start=\"1904\" data-end=\"1907\" \/>\n<h2 data-start=\"1909\" data-end=\"1963\">\ud83d\udd15 Funkcja SLEEP-EASY i redukcja fa\u0142szywych alarm\u00f3w<\/h2>\n<ul data-start=\"1965\" data-end=\"2148\">\n<li data-start=\"1965\" data-end=\"2058\">\n<p data-start=\"1967\" data-end=\"2058\">SLEEP-EASY \u2013 pozwala chwilowo wyciszy\u0107 urz\u0105dzenie, np. przy wyczerpuj\u0105cej si\u0119 baterii<\/p>\n<\/li>\n<li data-start=\"2059\" data-end=\"2148\">\n<p data-start=\"2061\" data-end=\"2148\">Toast Proof \u2013 ogranicza przypadkowe alarmy wywo\u0142ane np. gotowaniem czy par\u0105 wodn\u0105<\/p>\n<\/li>\n<\/ul>\n<p data-start=\"2150\" data-end=\"2252\">Dzi\u0119ki temu czujnik jest <strong data-start=\"2175\" data-end=\"2214\">komfortowy w codziennym u\u017cytkowaniu<\/strong>, bez uci\u0105\u017cliwych fa\u0142szywych sygna\u0142\u00f3w.<\/p>\n<hr data-start=\"2254\" data-end=\"2257\" \/>\n<h2 data-start=\"2259\" data-end=\"2280\">\ud83d\udcc4 Dane techniczne<\/h2>\n<ul data-start=\"2282\" data-end=\"2590\">\n<li data-start=\"2282\" data-end=\"2313\">\n<p data-start=\"2284\" data-end=\"2313\">Model: FireAngel ST-625<\/p>\n<\/li>\n<li data-start=\"2314\" data-end=\"2347\">\n<p data-start=\"2316\" data-end=\"2347\">Zasilanie: 2 \u00d7 bateria AA<\/p>\n<\/li>\n<li data-start=\"2348\" data-end=\"2400\">\n<p data-start=\"2350\" data-end=\"2400\">Technologia: THERMOPTEK (optyczno-termiczna)<\/p>\n<\/li>\n<li data-start=\"2401\" data-end=\"2426\">\n<p data-start=\"2403\" data-end=\"2426\">\u017bywotno\u015b\u0107: 10 lat<\/p>\n<\/li>\n<li data-start=\"2427\" data-end=\"2451\">\n<p data-start=\"2429\" data-end=\"2451\">Gwarancja: 5 lat<\/p>\n<\/li>\n<li data-start=\"2452\" data-end=\"2479\">\n<p data-start=\"2454\" data-end=\"2479\">Norma: EN14604:2005<\/p>\n<\/li>\n<li data-start=\"2480\" data-end=\"2540\">\n<p data-start=\"2482\" data-end=\"2540\">Funkcje: TEST \/ RESET, SLEEP-EASY, automatyczny autotest<\/p>\n<\/li>\n<li data-start=\"2541\" data-end=\"2590\">\n<p data-start=\"2543\" data-end=\"2590\">Sygnalizacja: s\u0142aba bateria, koniec dzia\u0142ania<\/p>\n<\/li>\n<\/ul>\n","protected":false},"excerpt":{"rendered":"<p><strong>Czujnik dymu na baterie FireAngel ST625 wykrywa dym i szybko alarmuje mieszka\u0144c\u00f3w w przypadku po\u017caru. Zasilany bateriami, zapewnia \u0142atwy monta\u017c i niezawodn\u0105, d\u0142ugotrwa\u0142\u0105 ochron\u0119 domu.<\/strong><\/p>\n","protected":false},"featured_media":5040,"template":"","meta":{"_kad_blocks_custom_css":"","_kad_blocks_head_custom_js":"","_kad_blocks_body_custom_js":"","_kad_blocks_footer_custom_js":"","_kad_post_transparent":"default","_kad_post_title":"","_kad_post_layout":"default","_kad_post_sidebar_id":"","_kad_post_content_style":"default","_kad_post_vertical_padding":"default","_kad_post_feature":"","_kad_post_feature_position":"","_kad_post_header":false,"_kad_post_footer":false,"_kad_post_classname":""},"product_brand":[405],"product_cat":[315],"product_tag":[],"class_list":{"0":"post-5026","1":"product","2":"type-product","3":"status-publish","4":"has-post-thumbnail","6":"product_brand-fireangel","7":"product_cat-akcesoria-czesci-zamienne-kotlow","8":"product_shipping_class-drobnica","10":"first","11":"instock","12":"taxable","13":"shipping-taxable","14":"purchasable","15":"product-type-simple","16":"entry","17":"content-bg","18":"loop-entry"},"taxonomy_info":{"product_brand":[{"value":405,"label":"FireAngel"}],"product_cat":[{"value":315,"label":"Akcesoria"}]},"featured_image_src_large":["https:\/\/e-systemygrzewcze.eu\/sklep\/wp-content\/uploads\/2025\/08\/Nowy-projekt-2025-08-27T093359.964.jpg",510,578,false],"author_info":[],"comment_info":"","_links":{"self":[{"href":"https:\/\/e-systemygrzewcze.eu\/sklep\/wp-json\/wp\/v2\/product\/5026","targetHints":{"allow":["GET"]}}],"collection":[{"href":"https:\/\/e-systemygrzewcze.eu\/sklep\/wp-json\/wp\/v2\/product"}],"about":[{"href":"https:\/\/e-systemygrzewcze.eu\/sklep\/wp-json\/wp\/v2\/types\/product"}],"wp:featuredmedia":[{"embeddable":true,"href":"https:\/\/e-systemygrzewcze.eu\/sklep\/wp-json\/wp\/v2\/media\/5040"}],"wp:attachment":[{"href":"https:\/\/e-systemygrzewcze.eu\/sklep\/wp-json\/wp\/v2\/media?parent=5026"}],"wp:term":[{"taxonomy":"product_brand","embeddable":true,"href":"https:\/\/e-systemygrzewcze.eu\/sklep\/wp-json\/wp\/v2\/product_brand?post=5026"},{"taxonomy":"product_cat","embeddable":true,"href":"https:\/\/e-systemygrzewcze.eu\/sklep\/wp-json\/wp\/v2\/product_cat?post=5026"},{"taxonomy":"product_tag","embeddable":true,"href":"https:\/\/e-systemygrzewcze.eu\/sklep\/wp-json\/wp\/v2\/product_tag?post=5026"}],"curies":[{"name":"wp","href":"https:\/\/api.w.org\/{rel}","templated":true}]}}