{"id":4742,"date":"2025-08-23T05:40:52","date_gmt":"2025-08-23T05:40:52","guid":{"rendered":"https:\/\/e-systemygrzewcze.eu\/sklep\/produkt\/ibo-wylacznik-cisnieniowy-pc-sk-2-gw-zenski\/"},"modified":"2026-03-31T08:11:29","modified_gmt":"2026-03-31T08:11:29","slug":"ibo-wylacznik-cisnieniowy-pc-sk-2-gw-zenski","status":"publish","type":"product","link":"https:\/\/e-systemygrzewcze.eu\/sklep\/produkt\/ibo-wylacznik-cisnieniowy-pc-sk-2-gw-zenski\/","title":{"rendered":"IBO Wy\u0142\u0105cznik ci\u015bnieniowy PC SK-2 GW \u017ce\u0144ski"},"content":{"rendered":"<h2 data-start=\"509\" data-end=\"552\">\u26a1\ud83d\udd27 IBO Wy\u0142\u0105cznik ci\u015bnieniowy PC SK\u20112 GW<\/h2>\n<p data-start=\"577\" data-end=\"963\">Wy\u0142\u0105cznik ci\u015bnieniowy IBO PC SK\u20112 przeznaczony jest do automatycznego za\u0142\u0105czania i wy\u0142\u0105czania zestaw\u00f3w hydroforowych wsp\u00f3\u0142pracuj\u0105cych z pompami powierzchniowymi oraz g\u0142\u0119binowymi wyposa\u017conymi w silniki jednofazowe 230 V. Urz\u0105dzenie steruje prac\u0105 pompy na podstawie ustawionych prog\u00f3w ci\u015bnienia w\u0142\u0105czania i wy\u0142\u0105czania, zapewniaj\u0105c stabiln\u0105 oraz bezpieczn\u0105 prac\u0119 ca\u0142ej instalacji wodnej.<\/p>\n<p data-start=\"965\" data-end=\"1243\">Obudowa wykonana z trwa\u0142ego tworzywa sztucznego chroni elementy wewn\u0119trzne przed uszkodzeniami mechanicznymi, a styki robocze z miedzi lub srebra gwarantuj\u0105 wysok\u0105 przewodno\u015b\u0107 i d\u0142ug\u0105 \u017cywotno\u015b\u0107. Gwint wewn\u0119trzny (GW) umo\u017cliwia szybki i wygodny monta\u017c w instalacji hydraulicznej.<\/p>\n<h3 data-start=\"1245\" data-end=\"1266\">\ud83c\udfed Zastosowanie<\/h3>\n<p data-start=\"1267\" data-end=\"1327\">Wy\u0142\u0105cznik ci\u015bnieniowy IBO PC SK\u20112 znajduje zastosowanie w:<\/p>\n<ul data-start=\"1328\" data-end=\"1472\">\n<li data-start=\"1328\" data-end=\"1355\">\n<p data-start=\"1330\" data-end=\"1355\">zestawach hydroforowych<\/p>\n<\/li>\n<li data-start=\"1356\" data-end=\"1386\">\n<p data-start=\"1358\" data-end=\"1386\">instalacjach wodoci\u0105gowych<\/p>\n<\/li>\n<li data-start=\"1387\" data-end=\"1425\">\n<p data-start=\"1389\" data-end=\"1425\">systemach podlewania i nawadniania<\/p>\n<\/li>\n<li data-start=\"1426\" data-end=\"1472\">\n<p data-start=\"1428\" data-end=\"1472\">domowych i ogrodowych instalacjach wodnych<\/p>\n<\/li>\n<\/ul>\n<p data-start=\"1474\" data-end=\"1553\">Przystosowany do wsp\u00f3\u0142pracy z pompami jednofazowymi zasilanymi napi\u0119ciem 230 V.<\/p>\n<h3 data-start=\"2440\" data-end=\"2464\">\ud83d\udcca Dane techniczne<\/h3>\n<ul data-start=\"2465\" data-end=\"2657\">\n<li data-start=\"2465\" data-end=\"2500\">\n<p data-start=\"2467\" data-end=\"2500\">Zakres ci\u015bnienia: 1,6 \u2013 4,6 bar<\/p>\n<\/li>\n<li data-start=\"2501\" data-end=\"2523\">\n<p data-start=\"2503\" data-end=\"2523\">Zasilanie: 1~230 V<\/p>\n<\/li>\n<li data-start=\"2524\" data-end=\"2548\">\n<p data-start=\"2526\" data-end=\"2548\">Cz\u0119stotliwo\u015b\u0107: 50 Hz<\/p>\n<\/li>\n<li data-start=\"2549\" data-end=\"2585\">\n<p data-start=\"2551\" data-end=\"2585\">Maksymalne nat\u0119\u017cenie pr\u0105du: 12 A<\/p>\n<\/li>\n<li data-start=\"2586\" data-end=\"2609\">\n<p data-start=\"2588\" data-end=\"2609\">Pob\u00f3r pr\u0105du: 12,0 A<\/p>\n<\/li>\n<li data-start=\"2610\" data-end=\"2635\">\n<p data-start=\"2612\" data-end=\"2635\">\u015arednica kr\u00f3\u0107ca: 1\/4&#8243;<\/p>\n<\/li>\n<li data-start=\"2636\" data-end=\"2657\">\n<p data-start=\"2638\" data-end=\"2657\">Rodzaj gwintu: GW<\/p>\n<\/li>\n<\/ul>\n<h3 data-start=\"1894\" data-end=\"1922\">\ud83d\udee0\ufe0f Zalecenia u\u017cytkowe<\/h3>\n<p data-start=\"1923\" data-end=\"1969\">Dla prawid\u0142owej pracy urz\u0105dzenia zaleca si\u0119:<\/p>\n<ul data-start=\"1970\" data-end=\"2162\">\n<li data-start=\"1970\" data-end=\"2010\">\n<p data-start=\"1972\" data-end=\"2010\">monta\u017c zgodny z kierunkiem przep\u0142ywu<\/p>\n<\/li>\n<li data-start=\"2011\" data-end=\"2051\">\n<p data-start=\"2013\" data-end=\"2051\">w\u0142a\u015bciwe ustawienie prog\u00f3w ci\u015bnienia<\/p>\n<\/li>\n<li data-start=\"2052\" data-end=\"2096\">\n<p data-start=\"2054\" data-end=\"2096\">okresow\u0105 kontrol\u0119 po\u0142\u0105cze\u0144 elektrycznych<\/p>\n<\/li>\n<li data-start=\"2097\" data-end=\"2162\">\n<p data-start=\"2099\" data-end=\"2162\">stosowanie w instalacjach zgodnych z parametrami technicznymi<\/p>\n<\/li>\n<\/ul>\n<h3 data-start=\"2164\" data-end=\"2185\">\ud83d\udce6 Podsumowanie<\/h3>\n<p data-start=\"2186\" data-end=\"2438\">IBO PC SK\u20112 GW to solidny i niezawodny wy\u0142\u0105cznik ci\u015bnieniowy do zestaw\u00f3w hydroforowych z pompami jednofazowymi. Zapewnia automatyczn\u0105 kontrol\u0119 pracy pompy, stabilne ci\u015bnienie w instalacji oraz komfort u\u017cytkowania w warunkach domowych i ogrodowych \u2699\ufe0f\ud83d\udca7.<\/p>\n","protected":false},"excerpt":{"rendered":"<p><strong>IBO PC SK\u20112 GW to wy\u0142\u0105cznik ci\u015bnieniowy do zestaw\u00f3w hydroforowych z pompami jednofazowymi 230 V. Automatycznie steruje prac\u0105 pompy w zakresie 1,6\u20134,6 bar, zapewniaj\u0105c stabilne ci\u015bnienie w instalacji wodnej oraz bezpieczn\u0105 i niezawodn\u0105 eksploatacj\u0119 w zastosowaniach domowych i ogrodowych.<\/strong><\/p>\n","protected":false},"featured_media":4757,"template":"","meta":{"_kad_blocks_custom_css":"","_kad_blocks_head_custom_js":"","_kad_blocks_body_custom_js":"","_kad_blocks_footer_custom_js":"","_kad_post_transparent":"default","_kad_post_title":"","_kad_post_layout":"default","_kad_post_sidebar_id":"","_kad_post_content_style":"default","_kad_post_vertical_padding":"default","_kad_post_feature":"","_kad_post_feature_position":"","_kad_post_header":false,"_kad_post_footer":false,"_kad_post_classname":""},"product_brand":[120],"product_cat":[257],"product_tag":[],"class_list":{"0":"post-4742","1":"product","2":"type-product","3":"status-publish","4":"has-post-thumbnail","6":"product_brand-ibo","7":"product_cat-wylaczniki-cisnieniowe","8":"product_shipping_class-drobnica","10":"first","11":"instock","12":"taxable","13":"shipping-taxable","14":"purchasable","15":"product-type-simple","16":"entry","17":"content-bg","18":"loop-entry"},"taxonomy_info":{"product_brand":[{"value":120,"label":"Ibo"}],"product_cat":[{"value":257,"label":"Wy\u0142\u0105czniki ci\u015bnieniowe"}]},"featured_image_src_large":["https:\/\/e-systemygrzewcze.eu\/sklep\/wp-content\/uploads\/2025\/08\/Nowy-projekt-2025-08-23T075317.492.jpg",510,578,false],"author_info":[],"comment_info":"","_links":{"self":[{"href":"https:\/\/e-systemygrzewcze.eu\/sklep\/wp-json\/wp\/v2\/product\/4742","targetHints":{"allow":["GET"]}}],"collection":[{"href":"https:\/\/e-systemygrzewcze.eu\/sklep\/wp-json\/wp\/v2\/product"}],"about":[{"href":"https:\/\/e-systemygrzewcze.eu\/sklep\/wp-json\/wp\/v2\/types\/product"}],"wp:featuredmedia":[{"embeddable":true,"href":"https:\/\/e-systemygrzewcze.eu\/sklep\/wp-json\/wp\/v2\/media\/4757"}],"wp:attachment":[{"href":"https:\/\/e-systemygrzewcze.eu\/sklep\/wp-json\/wp\/v2\/media?parent=4742"}],"wp:term":[{"taxonomy":"product_brand","embeddable":true,"href":"https:\/\/e-systemygrzewcze.eu\/sklep\/wp-json\/wp\/v2\/product_brand?post=4742"},{"taxonomy":"product_cat","embeddable":true,"href":"https:\/\/e-systemygrzewcze.eu\/sklep\/wp-json\/wp\/v2\/product_cat?post=4742"},{"taxonomy":"product_tag","embeddable":true,"href":"https:\/\/e-systemygrzewcze.eu\/sklep\/wp-json\/wp\/v2\/product_tag?post=4742"}],"curies":[{"name":"wp","href":"https:\/\/api.w.org\/{rel}","templated":true}]}}