{"id":4740,"date":"2025-08-23T05:40:46","date_gmt":"2025-08-23T05:40:46","guid":{"rendered":"https:\/\/e-systemygrzewcze.eu\/sklep\/produkt\/ibo-automatyczny-elektroniczny-wylacznik-pompy-pc-59\/"},"modified":"2026-03-31T08:12:23","modified_gmt":"2026-03-31T08:12:23","slug":"ibo-automatyczny-elektroniczny-wylacznik-pompy-pc-59","status":"publish","type":"product","link":"https:\/\/e-systemygrzewcze.eu\/sklep\/produkt\/ibo-automatyczny-elektroniczny-wylacznik-pompy-pc-59\/","title":{"rendered":"IBO Automatyczny elektroniczny wy\u0142\u0105cznik pompy PC-59"},"content":{"rendered":"<h2 data-start=\"562\" data-end=\"622\">\u2699\ufe0f IBO Automatyczny elektroniczny wy\u0142\u0105cznik pompy PC\u201159<\/h2>\n<p data-start=\"647\" data-end=\"961\">Automatyczny elektroniczny sterownik PC\u201159 IBO to uniwersalne urz\u0105dzenie przeznaczone do sterowania prac\u0105 pomp powierzchniowych (hydroforowych, ss\u0105cych) oraz pomp g\u0142\u0119binowych. Zapewnia pe\u0142n\u0105 automatyzacj\u0119 pracy instalacji wodnej, zwi\u0119kszaj\u0105c komfort u\u017cytkowania oraz skutecznie chroni\u0105c pomp\u0119 przed uszkodzeniem.<\/p>\n<p data-start=\"963\" data-end=\"1235\">Sterownik zosta\u0142 zaprojektowany z my\u015bl\u0105 o r\u00f3\u017cnorodnych zastosowaniach \u2013 od instalacji domowych, przez ogrodowe, a\u017c po lekkie zastosowania gospodarcze. Dzi\u0119ki dw\u00f3m trybom pracy mo\u017ce pracowa\u0107 zar\u00f3wno z klasycznym zbiornikiem hydroforowym, jak i w instalacjach bez zbiornika.<\/p>\n<hr data-start=\"1237\" data-end=\"1240\" \/>\n<h3 data-start=\"1242\" data-end=\"1277\">\ud83d\udd04 Dwa tryby pracy sterownika<\/h3>\n<h4 data-start=\"1279\" data-end=\"1307\">\u00a0Kontrola ci\u015bnienia<\/h4>\n<p data-start=\"1308\" data-end=\"1424\">Tryb przeznaczony do instalacji ze zbiornikiem hydroforowym.<br data-start=\"1368\" data-end=\"1371\" \/>Pod manometrem znajduj\u0105 si\u0119 dwie \u015bruby regulacyjne:<\/p>\n<ul data-start=\"1425\" data-end=\"1521\">\n<li data-start=\"1425\" data-end=\"1472\">\n<p data-start=\"1427\" data-end=\"1472\">lewa \u2013 regulacja ci\u015bnienia za\u0142\u0105czania pompy<\/p>\n<\/li>\n<li data-start=\"1473\" data-end=\"1521\">\n<p data-start=\"1475\" data-end=\"1521\">prawa \u2013 regulacja ci\u015bnienia wy\u0142\u0105czania pompy<\/p>\n<\/li>\n<\/ul>\n<p data-start=\"1523\" data-end=\"1610\">W tym trybie sterownik PC\u201159 mo\u017ce ca\u0142kowicie zast\u0105pi\u0107 tradycyjny wy\u0142\u0105cznik ci\u015bnieniowy.<\/p>\n<h4 data-start=\"1612\" data-end=\"1640\">\u00a0Kontrola przep\u0142ywu<\/h4>\n<p data-start=\"1641\" data-end=\"1703\">Tryb idealny do instalacji bez zbiornika hydroforowego, np.:<\/p>\n<ul data-start=\"1704\" data-end=\"1767\">\n<li data-start=\"1704\" data-end=\"1725\">\n<p data-start=\"1706\" data-end=\"1725\">podlewanie ogrodu<\/p>\n<\/li>\n<li data-start=\"1726\" data-end=\"1745\">\n<p data-start=\"1728\" data-end=\"1745\">mycie samochodu<\/p>\n<\/li>\n<li data-start=\"1746\" data-end=\"1767\">\n<p data-start=\"1748\" data-end=\"1767\">prace gospodarcze<\/p>\n<\/li>\n<\/ul>\n<p data-start=\"1769\" data-end=\"1903\">Otwarcie kranu uruchamia pomp\u0119, a po zamkni\u0119ciu wszystkich odbiornik\u00f3w pompa pracuje jeszcze ok. 8 sekund i automatycznie si\u0119 wy\u0142\u0105cza.<\/p>\n<hr data-start=\"1905\" data-end=\"1908\" \/>\n<h3 data-start=\"1910\" data-end=\"1945\">\ud83d\udee1 Ochrona przed suchobiegiem<\/h3>\n<p data-start=\"1946\" data-end=\"2014\">Sterownik PC\u201159 skutecznie zabezpiecza pomp\u0119 przed prac\u0105 na sucho:<\/p>\n<ul data-start=\"2015\" data-end=\"2250\">\n<li data-start=\"2015\" data-end=\"2079\">\n<p data-start=\"2017\" data-end=\"2079\">w przypadku braku wody pompa zostaje automatycznie wy\u0142\u0105czona<\/p>\n<\/li>\n<li data-start=\"2080\" data-end=\"2116\">\n<p data-start=\"2082\" data-end=\"2116\">zaczyna miga\u0107 kontrolka \u201eSTATUS\u201d<\/p>\n<\/li>\n<li data-start=\"2117\" data-end=\"2182\">\n<p data-start=\"2119\" data-end=\"2182\">u\u017cytkownik mo\u017ce uruchomi\u0107 pomp\u0119 r\u0119cznie przyciskiem\u00a0<strong data-start=\"2171\" data-end=\"2180\">RESET<\/strong><\/p>\n<\/li>\n<li data-start=\"2183\" data-end=\"2250\">\n<p data-start=\"2185\" data-end=\"2250\">sterownik co godzin\u0119 sam podejmuje pr\u00f3b\u0119 ponownego uruchomienia<\/p>\n<\/li>\n<\/ul>\n<p data-start=\"2252\" data-end=\"2326\">Rozwi\u0105zanie to idealnie sprawdza si\u0119 w instalacjach domowych i ogrodowych.<\/p>\n<hr data-start=\"2328\" data-end=\"2331\" \/>\n<h3 data-start=\"2333\" data-end=\"2357\">\u2705 Dodatkowe zalety<\/h3>\n<ul data-start=\"2358\" data-end=\"2692\">\n<li data-start=\"2358\" data-end=\"2414\">\n<p data-start=\"2360\" data-end=\"2414\">wbudowany zaw\u00f3r zwrotny \u2013 zapobiega cofaniu si\u0119 wody<\/p>\n<\/li>\n<li data-start=\"2415\" data-end=\"2476\">\n<p data-start=\"2417\" data-end=\"2476\">manometr \u2013 wskazuje aktualne ci\u015bnienie oraz nastawy pracy<\/p>\n<\/li>\n<li data-start=\"2477\" data-end=\"2571\">\n<p data-start=\"2479\" data-end=\"2503\">fabryczne okablowanie:<\/p>\n<ul data-start=\"2506\" data-end=\"2571\">\n<li data-start=\"2506\" data-end=\"2533\">\n<p data-start=\"2508\" data-end=\"2533\">przew\u00f3d do pompy: 60 cm<\/p>\n<\/li>\n<li data-start=\"2536\" data-end=\"2571\">\n<p data-start=\"2538\" data-end=\"2571\">kabel zasilaj\u0105cy z wtyczk\u0105: 1 m<\/p>\n<\/li>\n<\/ul>\n<\/li>\n<li data-start=\"2572\" data-end=\"2644\">\n<p data-start=\"2574\" data-end=\"2644\">prosty monta\u017c pionowy \u2013 pomi\u0119dzy pomp\u0105 a pierwszym odbiornikiem wody<\/p>\n<\/li>\n<li data-start=\"2645\" data-end=\"2692\">\n<p data-start=\"2647\" data-end=\"2692\">mo\u017cliwo\u015b\u0107 pracy z r\u00f3\u017cnymi typami instalacji<\/p>\n<\/li>\n<\/ul>\n<hr data-start=\"2694\" data-end=\"2697\" \/>\n<h3 data-start=\"2699\" data-end=\"2727\">\ud83d\udd01 Informacja handlowa<\/h3>\n<p data-start=\"2728\" data-end=\"2777\">Sterownik wyst\u0119puje r\u00f3wnie\u017c pod innymi nazwami:<\/p>\n<ul data-start=\"2778\" data-end=\"2882\">\n<li data-start=\"2778\" data-end=\"2797\">\n<p data-start=\"2780\" data-end=\"2797\"><strong data-start=\"2780\" data-end=\"2795\">PC\u201159 \u2013 IBO<\/strong><\/p>\n<\/li>\n<li data-start=\"2798\" data-end=\"2823\">\n<p data-start=\"2800\" data-end=\"2823\"><strong data-start=\"2800\" data-end=\"2821\">OPC\u201159 \u2013 Omnigena<\/strong><\/p>\n<\/li>\n<li data-start=\"2824\" data-end=\"2882\">\n<p data-start=\"2826\" data-end=\"2882\"><strong data-start=\"2826\" data-end=\"2835\">PC\u201179<\/strong>\u00a0(dro\u017csza wersja \u2013 r\u00f3\u017cni si\u0119 wy\u0142\u0105cznie kolorem)<\/p>\n<\/li>\n<\/ul>\n<hr data-start=\"3199\" data-end=\"3202\" \/>\n<h3 data-start=\"3204\" data-end=\"3228\">\ud83d\udcca Dane techniczne<\/h3>\n<ul data-start=\"3229\" data-end=\"3547\">\n<li data-start=\"3229\" data-end=\"3251\">\n<p data-start=\"3231\" data-end=\"3251\">Kr\u00f3ciec: DN25 (1&#8243;)<\/p>\n<\/li>\n<li data-start=\"3252\" data-end=\"3292\">\n<p data-start=\"3254\" data-end=\"3292\">Maksymalne ci\u015bnienie robocze: 10 bar<\/p>\n<\/li>\n<li data-start=\"3293\" data-end=\"3329\">\n<p data-start=\"3295\" data-end=\"3329\">Ci\u015bnienie wy\u0142\u0105czania: 2 \u2013 10 bar<\/p>\n<\/li>\n<li data-start=\"3330\" data-end=\"3364\">\n<p data-start=\"3332\" data-end=\"3364\">Ci\u015bnienie w\u0142\u0105czania: 0 \u2013 6 bar<\/p>\n<\/li>\n<li data-start=\"3365\" data-end=\"3408\">\n<p data-start=\"3367\" data-end=\"3408\">Maksymalne zr\u00f3\u017cnicowanie ci\u015bnie\u0144: 7 bar<\/p>\n<\/li>\n<li data-start=\"3409\" data-end=\"3447\">\n<p data-start=\"3411\" data-end=\"3447\">Maksymalny pob\u00f3r pr\u0105du pompy: 10 A<\/p>\n<\/li>\n<li data-start=\"3448\" data-end=\"3478\">\n<p data-start=\"3450\" data-end=\"3478\">Napi\u0119cie znamionowe: 230 V<\/p>\n<\/li>\n<li data-start=\"3479\" data-end=\"3521\">\n<p data-start=\"3481\" data-end=\"3521\">Maksymalna temperatura otoczenia: 60\u00b0C<\/p>\n<\/li>\n<li data-start=\"3522\" data-end=\"3547\">\n<p data-start=\"3524\" data-end=\"3547\">Stopie\u0144 ochrony: IP65<\/p>\n<\/li>\n<\/ul>\n<h2 data-start=\"3524\" data-end=\"3547\">\ud83d\udce6 Podsumowanie<\/h2>\n<p data-start=\"2911\" data-end=\"3197\">IBO PC\u201159 to wszechstronny i niezawodny elektroniczny wy\u0142\u0105cznik pompy, kt\u00f3ry \u0142\u0105czy funkcje wy\u0142\u0105cznika ci\u015bnieniowego i sterownika przep\u0142ywu. Zapewnia automatyczn\u0105 prac\u0119 pompy, skuteczn\u0105 ochron\u0119 przed suchobiegiem oraz wysoki komfort u\u017cytkowania w instalacjach domowych i ogrodowych \u2699\ufe0f\ud83d\udca7.<\/p>\n","protected":false},"excerpt":{"rendered":"<p><strong>IBO PC\u201159 to automatyczny elektroniczny wy\u0142\u0105cznik pompy, kt\u00f3ry umo\u017cliwia pe\u0142n\u0105 automatyzacj\u0119 pracy pomp hydroforowych i g\u0142\u0119binowych 230 V. Oferuje dwa tryby pracy \u2013 kontrol\u0119 ci\u015bnienia lub przep\u0142ywu \u2013 skutecznie chroni pomp\u0119 przed suchobiegiem i mo\u017ce zast\u0105pi\u0107 klasyczny wy\u0142\u0105cznik ci\u015bnieniowy, zapewniaj\u0105c wygod\u0119 i bezpiecze\u0144stwo u\u017cytkowania.<\/strong><\/p>\n","protected":false},"featured_media":4752,"template":"","meta":{"_kad_blocks_custom_css":"","_kad_blocks_head_custom_js":"","_kad_blocks_body_custom_js":"","_kad_blocks_footer_custom_js":"","_kad_post_transparent":"default","_kad_post_title":"","_kad_post_layout":"default","_kad_post_sidebar_id":"","_kad_post_content_style":"default","_kad_post_vertical_padding":"default","_kad_post_feature":"","_kad_post_feature_position":"","_kad_post_header":false,"_kad_post_footer":false,"_kad_post_classname":""},"product_brand":[120],"product_cat":[257],"product_tag":[],"class_list":{"0":"post-4740","1":"product","2":"type-product","3":"status-publish","4":"has-post-thumbnail","6":"product_brand-ibo","7":"product_cat-wylaczniki-cisnieniowe","8":"product_shipping_class-drobnica","10":"first","11":"instock","12":"taxable","13":"shipping-taxable","14":"purchasable","15":"product-type-simple","16":"entry","17":"content-bg","18":"loop-entry"},"taxonomy_info":{"product_brand":[{"value":120,"label":"Ibo"}],"product_cat":[{"value":257,"label":"Wy\u0142\u0105czniki ci\u015bnieniowe"}]},"featured_image_src_large":["https:\/\/e-systemygrzewcze.eu\/sklep\/wp-content\/uploads\/2025\/08\/Nowy-projekt-2025-08-23T074901.741.jpg",510,578,false],"author_info":[],"comment_info":"","_links":{"self":[{"href":"https:\/\/e-systemygrzewcze.eu\/sklep\/wp-json\/wp\/v2\/product\/4740","targetHints":{"allow":["GET"]}}],"collection":[{"href":"https:\/\/e-systemygrzewcze.eu\/sklep\/wp-json\/wp\/v2\/product"}],"about":[{"href":"https:\/\/e-systemygrzewcze.eu\/sklep\/wp-json\/wp\/v2\/types\/product"}],"wp:featuredmedia":[{"embeddable":true,"href":"https:\/\/e-systemygrzewcze.eu\/sklep\/wp-json\/wp\/v2\/media\/4752"}],"wp:attachment":[{"href":"https:\/\/e-systemygrzewcze.eu\/sklep\/wp-json\/wp\/v2\/media?parent=4740"}],"wp:term":[{"taxonomy":"product_brand","embeddable":true,"href":"https:\/\/e-systemygrzewcze.eu\/sklep\/wp-json\/wp\/v2\/product_brand?post=4740"},{"taxonomy":"product_cat","embeddable":true,"href":"https:\/\/e-systemygrzewcze.eu\/sklep\/wp-json\/wp\/v2\/product_cat?post=4740"},{"taxonomy":"product_tag","embeddable":true,"href":"https:\/\/e-systemygrzewcze.eu\/sklep\/wp-json\/wp\/v2\/product_tag?post=4740"}],"curies":[{"name":"wp","href":"https:\/\/api.w.org\/{rel}","templated":true}]}}