{"id":4738,"date":"2025-08-23T05:40:41","date_gmt":"2025-08-23T05:40:41","guid":{"rendered":"https:\/\/e-systemygrzewcze.eu\/sklep\/produkt\/ibo-automatyczny-wylacznik-cisnieniowy-sk-15\/"},"modified":"2026-03-31T08:12:52","modified_gmt":"2026-03-31T08:12:52","slug":"ibo-automatyczny-wylacznik-cisnieniowy-sk-15","status":"publish","type":"product","link":"https:\/\/e-systemygrzewcze.eu\/sklep\/produkt\/ibo-automatyczny-wylacznik-cisnieniowy-sk-15\/","title":{"rendered":"IBO Automatyczny wy\u0142\u0105cznik ci\u015bnieniowy SK-15"},"content":{"rendered":"<h2 data-start=\"583\" data-end=\"652\">\u2699\ufe0f Wy\u0142\u0105cznik hydroforowy automat SK\u201115 suchobieg IBO z 2 kablami<\/h2>\n<p data-start=\"677\" data-end=\"974\">Wy\u0142\u0105cznik hydroforowy SK\u201115 IBO to nowoczesne urz\u0105dzenie steruj\u0105ce, zaprojektowane do automatycznej kontroli pracy pomp w instalacjach wodnych. Dzi\u0119ki zastosowaniu aktualnych rozwi\u0105za\u0144 technologicznych sterownik cechuje si\u0119 uniwersalno\u015bci\u0105, wysok\u0105 skuteczno\u015bci\u0105 dzia\u0142ania oraz d\u0142ug\u0105 \u017cywotno\u015bci\u0105.<\/p>\n<p data-start=\"976\" data-end=\"1216\">Urz\u0105dzenie przeznaczone jest do wsp\u00f3\u0142pracy z pompami zasilanymi napi\u0119ciem 230 V i umo\u017cliwia ich automatyczne w\u0142\u0105czanie oraz wy\u0142\u0105czanie w zale\u017cno\u015bci od ci\u015bnienia w instalacji. Dodatkowo chroni pomp\u0119 przed uszkodzeniem w przypadku braku wody.<\/p>\n<hr data-start=\"1218\" data-end=\"1221\" \/>\n<h3 data-start=\"1223\" data-end=\"1262\">\ud83d\udd29 Trwa\u0142a konstrukcja i odporno\u015b\u0107<\/h3>\n<p data-start=\"1263\" data-end=\"1339\">Wy\u0142\u0105cznik SK\u201115 wykonany zosta\u0142 z wysokiej jako\u015bci materia\u0142\u00f3w, takich jak:<\/p>\n<ul data-start=\"1340\" data-end=\"1370\">\n<li data-start=\"1340\" data-end=\"1359\">\n<p data-start=\"1342\" data-end=\"1359\">stal nierdzewna<\/p>\n<\/li>\n<li data-start=\"1360\" data-end=\"1370\">\n<p data-start=\"1362\" data-end=\"1370\">\u017celiwo<\/p>\n<\/li>\n<\/ul>\n<p data-start=\"1372\" data-end=\"1413\">Zastosowanie tych komponent\u00f3w zapewnia:<\/p>\n<ul data-start=\"1414\" data-end=\"1593\">\n<li data-start=\"1414\" data-end=\"1461\">\n<p data-start=\"1416\" data-end=\"1461\">wysok\u0105 odporno\u015b\u0107 na uszkodzenia mechaniczne<\/p>\n<\/li>\n<li data-start=\"1462\" data-end=\"1497\">\n<p data-start=\"1464\" data-end=\"1497\">skuteczn\u0105 ochron\u0119 przed korozj\u0105<\/p>\n<\/li>\n<li data-start=\"1498\" data-end=\"1546\">\n<p data-start=\"1500\" data-end=\"1546\">mniejsze ryzyko osadzania si\u0119 zanieczyszcze\u0144<\/p>\n<\/li>\n<li data-start=\"1547\" data-end=\"1593\">\n<p data-start=\"1549\" data-end=\"1593\">d\u0142ugotrwa\u0142\u0105 i bezawaryjn\u0105 prac\u0119 urz\u0105dzenia<\/p>\n<\/li>\n<\/ul>\n<hr data-start=\"1595\" data-end=\"1598\" \/>\n<h3 data-start=\"1600\" data-end=\"1642\">\ud83d\udd04 Zasada dzia\u0142ania i zabezpieczenia<\/h3>\n<p data-start=\"1643\" data-end=\"1736\">Wy\u0142\u0105cznik SK\u201115 automatycznie steruje prac\u0105 pompy na podstawie ci\u015bnienia wody w instalacji.<\/p>\n<p data-start=\"1738\" data-end=\"1810\">Kluczowym elementem jest\u00a0<strong data-start=\"1763\" data-end=\"1800\">zabezpieczenie przed suchobiegiem<\/strong>, kt\u00f3re:<\/p>\n<ul data-start=\"1811\" data-end=\"1959\">\n<li data-start=\"1811\" data-end=\"1851\">\n<p data-start=\"1813\" data-end=\"1851\">wy\u0142\u0105cza pomp\u0119 w przypadku braku wody<\/p>\n<\/li>\n<li data-start=\"1852\" data-end=\"1903\">\n<p data-start=\"1854\" data-end=\"1903\">chroni silnik przed przegrzaniem i uszkodzeniem<\/p>\n<\/li>\n<li data-start=\"1904\" data-end=\"1959\">\n<p data-start=\"1906\" data-end=\"1959\">zwi\u0119ksza bezpiecze\u0144stwo i trwa\u0142o\u015b\u0107 ca\u0142ej instalacji<\/p>\n<\/li>\n<\/ul>\n<p data-start=\"1961\" data-end=\"1987\">Urz\u0105dzenie wyposa\u017cono w:<\/p>\n<ul data-start=\"1988\" data-end=\"2101\">\n<li data-start=\"1988\" data-end=\"2009\">\n<p data-start=\"1990\" data-end=\"2009\">kr\u00f3ciec DN25 (1&#8243;)<\/p>\n<\/li>\n<li data-start=\"2010\" data-end=\"2042\">\n<p data-start=\"2012\" data-end=\"2042\">przew\u00f3d zasilaj\u0105cy z wtyczk\u0105<\/p>\n<\/li>\n<li data-start=\"2043\" data-end=\"2101\">\n<p data-start=\"2045\" data-end=\"2101\">drugi przew\u00f3d zako\u0144czony gniazdem do pod\u0142\u0105czenia pompy<\/p>\n<\/li>\n<\/ul>\n<hr data-start=\"2103\" data-end=\"2106\" \/>\n<h3 data-start=\"2108\" data-end=\"2129\">\ud83c\udfe0 Zastosowanie<\/h3>\n<p data-start=\"2130\" data-end=\"2188\">Wy\u0142\u0105cznik hydroforowy SK\u201115 IBO znajduje zastosowanie w:<\/p>\n<ul data-start=\"2189\" data-end=\"2334\">\n<li data-start=\"2189\" data-end=\"2233\">\n<p data-start=\"2191\" data-end=\"2233\">domach jednorodzinnych i wielorodzinnych<\/p>\n<\/li>\n<li data-start=\"2234\" data-end=\"2260\">\n<p data-start=\"2236\" data-end=\"2260\">gospodarstwach rolnych<\/p>\n<\/li>\n<li data-start=\"2261\" data-end=\"2288\">\n<p data-start=\"2263\" data-end=\"2288\">zak\u0142adach produkcyjnych<\/p>\n<\/li>\n<li data-start=\"2289\" data-end=\"2334\">\n<p data-start=\"2291\" data-end=\"2334\">instalacjach przemys\u0142owych i technicznych<\/p>\n<\/li>\n<\/ul>\n<p data-start=\"2336\" data-end=\"2460\">Mo\u017ce by\u0107 stosowany praktycznie z ka\u017cdym typem pompy, tam gdzie wymagane jest automatyczne, stabilne i bezpieczne sterowanie.<\/p>\n<hr data-start=\"2462\" data-end=\"2465\" \/>\n<h3 data-start=\"3086\" data-end=\"3110\">\ud83d\udcca Dane techniczne<\/h3>\n<ul data-start=\"3111\" data-end=\"3339\">\n<li data-start=\"3111\" data-end=\"3133\">\n<p data-start=\"3113\" data-end=\"3133\">Kr\u00f3ciec: DN25 (1&#8243;)<\/p>\n<\/li>\n<li data-start=\"3134\" data-end=\"3174\">\n<p data-start=\"3136\" data-end=\"3174\">Maksymalne ci\u015bnienie robocze: 10 bar<\/p>\n<\/li>\n<li data-start=\"3175\" data-end=\"3207\">\n<p data-start=\"3177\" data-end=\"3207\">Maksymalna moc pompy: 1,3 kW<\/p>\n<\/li>\n<li data-start=\"3208\" data-end=\"3240\">\n<p data-start=\"3210\" data-end=\"3240\">Maksymalny pob\u00f3r pr\u0105du: 10 A<\/p>\n<\/li>\n<li data-start=\"3241\" data-end=\"3271\">\n<p data-start=\"3243\" data-end=\"3271\">Napi\u0119cie znamionowe: 230 V<\/p>\n<\/li>\n<li data-start=\"3272\" data-end=\"3313\">\n<p data-start=\"3274\" data-end=\"3313\">Maksymalna temperatura czynnika: 40\u00b0C<\/p>\n<\/li>\n<li data-start=\"3314\" data-end=\"3339\">\n<p data-start=\"3316\" data-end=\"3339\">Stopie\u0144 ochrony: IP65<\/p>\n<\/li>\n<\/ul>\n<hr data-start=\"2784\" data-end=\"2787\" \/>\n<h3 data-start=\"2789\" data-end=\"2810\">\ud83d\udce6 Podsumowanie<\/h3>\n<p data-start=\"2811\" data-end=\"3079\">IBO SK\u201115 to solidny i niezawodny automatyczny wy\u0142\u0105cznik hydroforowy z ochron\u0105 przed suchobiegiem. Dzi\u0119ki trwa\u0142ej konstrukcji, prostemu monta\u017cowi i fabrycznym przewodom zapewnia bezpieczn\u0105 oraz stabiln\u0105 prac\u0119 pomp w instalacjach domowych, rolnych i przemys\u0142owych \u2699\ufe0f\ud83d\udca7.<\/p>\n<p data-start=\"3316\" data-end=\"3339\">\n","protected":false},"excerpt":{"rendered":"<p><strong>IBO SK\u201115 to automatyczny wy\u0142\u0105cznik hydroforowy z zabezpieczeniem przed suchobiegiem, przeznaczony do sterowania prac\u0105 pomp 230 V. Wyposa\u017cony w dwa fabryczne kable, wbudowan\u0105 ochron\u0119 przed prac\u0105 bez wody oraz solidn\u0105 konstrukcj\u0119 odporn\u0105 na korozj\u0119, zapewnia bezpieczn\u0105 i stabiln\u0105 prac\u0119 instalacji wodnej w zastosowaniach domowych i przemys\u0142owych.<\/strong><\/p>\n","protected":false},"featured_media":4749,"template":"","meta":{"_kad_blocks_custom_css":"","_kad_blocks_head_custom_js":"","_kad_blocks_body_custom_js":"","_kad_blocks_footer_custom_js":"","_kad_post_transparent":"default","_kad_post_title":"","_kad_post_layout":"default","_kad_post_sidebar_id":"","_kad_post_content_style":"default","_kad_post_vertical_padding":"default","_kad_post_feature":"","_kad_post_feature_position":"","_kad_post_header":false,"_kad_post_footer":false,"_kad_post_classname":""},"product_brand":[120],"product_cat":[257],"product_tag":[],"class_list":{"0":"post-4738","1":"product","2":"type-product","3":"status-publish","4":"has-post-thumbnail","6":"product_brand-ibo","7":"product_cat-wylaczniki-cisnieniowe","8":"product_shipping_class-drobnica","10":"first","11":"instock","12":"taxable","13":"shipping-taxable","14":"purchasable","15":"product-type-simple","16":"entry","17":"content-bg","18":"loop-entry"},"taxonomy_info":{"product_brand":[{"value":120,"label":"Ibo"}],"product_cat":[{"value":257,"label":"Wy\u0142\u0105czniki ci\u015bnieniowe"}]},"featured_image_src_large":["https:\/\/e-systemygrzewcze.eu\/sklep\/wp-content\/uploads\/2025\/08\/Nowy-projekt-2025-08-23T074449.194.jpg",510,578,false],"author_info":[],"comment_info":"","_links":{"self":[{"href":"https:\/\/e-systemygrzewcze.eu\/sklep\/wp-json\/wp\/v2\/product\/4738","targetHints":{"allow":["GET"]}}],"collection":[{"href":"https:\/\/e-systemygrzewcze.eu\/sklep\/wp-json\/wp\/v2\/product"}],"about":[{"href":"https:\/\/e-systemygrzewcze.eu\/sklep\/wp-json\/wp\/v2\/types\/product"}],"wp:featuredmedia":[{"embeddable":true,"href":"https:\/\/e-systemygrzewcze.eu\/sklep\/wp-json\/wp\/v2\/media\/4749"}],"wp:attachment":[{"href":"https:\/\/e-systemygrzewcze.eu\/sklep\/wp-json\/wp\/v2\/media?parent=4738"}],"wp:term":[{"taxonomy":"product_brand","embeddable":true,"href":"https:\/\/e-systemygrzewcze.eu\/sklep\/wp-json\/wp\/v2\/product_brand?post=4738"},{"taxonomy":"product_cat","embeddable":true,"href":"https:\/\/e-systemygrzewcze.eu\/sklep\/wp-json\/wp\/v2\/product_cat?post=4738"},{"taxonomy":"product_tag","embeddable":true,"href":"https:\/\/e-systemygrzewcze.eu\/sklep\/wp-json\/wp\/v2\/product_tag?post=4738"}],"curies":[{"name":"wp","href":"https:\/\/api.w.org\/{rel}","templated":true}]}}