{"id":4655,"date":"2025-08-21T11:45:46","date_gmt":"2025-08-21T11:45:46","guid":{"rendered":"https:\/\/e-systemygrzewcze.eu\/sklep\/produkt\/ibo-pompa-glebinowa-35-scm-2-14-11kw-230v\/"},"modified":"2026-03-31T07:54:48","modified_gmt":"2026-03-31T07:54:48","slug":"ibo-pompa-glebinowa-35-scm-2-14-11kw-230v","status":"publish","type":"product","link":"https:\/\/e-systemygrzewcze.eu\/sklep\/produkt\/ibo-pompa-glebinowa-35-scm-2-14-11kw-230v\/","title":{"rendered":"IBO Pompa g\u0142\u0119binowa 3,5&#8243; SCM 2-14 (1,1KW 230V)"},"content":{"rendered":"<h2 data-start=\"562\" data-end=\"630\">\u00a0IBO Pompa g\u0142\u0119binowa 3,5\u2033 SCM 2\u201114 (1,1 kW, 230 V, 18 m kabla)<\/h2>\n<p data-start=\"655\" data-end=\"947\">Pompa g\u0142\u0119binowa IBO 3,5\u2033 SCM 2\u201114 230 V to kompaktowe, wielostopniowe urz\u0105dzenie o \u015brednicy 90 mm, przeznaczone do pracy w studniach wierconych, kr\u0119gowych, zbiornikach wolnostoj\u0105cych, a tak\u017ce w stawach i jeziorach. Pompa przystosowana jest do pompowania czystej wody o temperaturze do 35\u00b0C.<\/p>\n<p data-start=\"949\" data-end=\"1321\">Zastosowanie ekologicznego, nietoksycznego oleju w silniku umo\u017cliwia bezpieczny kontakt z wod\u0105 pitn\u0105, co pozwala na wykorzystanie pompy r\u00f3wnie\u017c w gastronomii i instalacjach spo\u017cywczych. Solidna konstrukcja ze stali nierdzewnej zapewnia odporno\u015b\u0107 na korozj\u0119 i d\u0142ug\u0105, bezawaryjn\u0105 prac\u0119. Urz\u0105dzenie wyposa\u017cono w wbudowany kondensator rozruchowy oraz zabezpieczenie termiczne.<\/p>\n<h3 data-start=\"1323\" data-end=\"1346\">\ud83c\udfe0 Zastosowanie<\/h3>\n<ul>\n<li data-start=\"1347\" data-end=\"1382\">\n<p data-start=\"1349\" data-end=\"1382\">zasilanie dom\u00f3w jednorodzinnych<\/p>\n<\/li>\n<li data-start=\"1383\" data-end=\"1426\">\n<p data-start=\"1385\" data-end=\"1426\">systemy nawadniania ogrod\u00f3w i trawnik\u00f3w<\/p>\n<\/li>\n<li data-start=\"1427\" data-end=\"1477\">\n<p data-start=\"1429\" data-end=\"1477\">zasilanie fontann, staw\u00f3w i zbiornik\u00f3w wodnych<\/p>\n<\/li>\n<li data-start=\"1478\" data-end=\"1515\">\n<p data-start=\"1480\" data-end=\"1515\">instalacje wodoci\u0105gowe przydomowe<\/p>\n<\/li>\n<li data-start=\"1516\" data-end=\"1570\">\n<p data-start=\"1518\" data-end=\"1570\">zastosowania rolnicze, rzemie\u015blnicze i przemys\u0142owe<\/p>\n<\/li>\n<li data-start=\"1573\" data-end=\"1611\">instalacje wody pitnej i gastronomia<\/li>\n<\/ul>\n<p data-start=\"1573\" data-end=\"1611\"><span style=\"font-family: Oswald, sans-serif; font-size: 28px; font-weight: bold;\">\ud83d\udcca Parametry techniczne<\/span><\/p>\n<ul data-start=\"2891\" data-end=\"3219\">\n<li data-start=\"2891\" data-end=\"2925\">\n<p data-start=\"2893\" data-end=\"2925\">Wydajno\u015b\u0107 maksymalna: 70 l\/min<\/p>\n<\/li>\n<li data-start=\"2926\" data-end=\"2956\">\n<p data-start=\"2928\" data-end=\"2956\">Wysoko\u015b\u0107 podnoszenia: 74 m<\/p>\n<\/li>\n<li data-start=\"2957\" data-end=\"2990\">\n<p data-start=\"2959\" data-end=\"2990\">Ci\u015bnienie maksymalne: 7,4 bar<\/p>\n<\/li>\n<li data-start=\"2991\" data-end=\"3014\">\n<p data-start=\"2993\" data-end=\"3014\">Moc silnika: 1,1 kW<\/p>\n<\/li>\n<li data-start=\"3015\" data-end=\"3034\">\n<p data-start=\"3017\" data-end=\"3034\">Napi\u0119cie: 230 V<\/p>\n<\/li>\n<li data-start=\"3035\" data-end=\"3061\">\n<p data-start=\"3037\" data-end=\"3061\">Nat\u0119\u017cenie pr\u0105du: 5,6 A<\/p>\n<\/li>\n<li data-start=\"3062\" data-end=\"3087\">\n<p data-start=\"3064\" data-end=\"3087\">\u015arednica pompy: 90 mm<\/p>\n<\/li>\n<li data-start=\"3088\" data-end=\"3123\">\n<p data-start=\"3090\" data-end=\"3123\">Minimalna \u015brednica odwiertu: 4\u2033<\/p>\n<\/li>\n<li data-start=\"3124\" data-end=\"3155\">\n<p data-start=\"3126\" data-end=\"3155\">Kr\u00f3ciec t\u0142oczny: DN40 (1\u00bd&#8221;)<\/p>\n<\/li>\n<li data-start=\"3156\" data-end=\"3182\">\n<p data-start=\"3158\" data-end=\"3182\">D\u0142ugo\u015b\u0107 przewodu: 18 m<\/p>\n<\/li>\n<li data-start=\"3183\" data-end=\"3198\">\n<p data-start=\"3185\" data-end=\"3198\">Waga: 16 kg<\/p>\n<\/li>\n<li data-start=\"3199\" data-end=\"3219\">\n<p data-start=\"3201\" data-end=\"3219\">Wysoko\u015b\u0107: 101 cm<\/p>\n<\/li>\n<\/ul>\n<h3 data-start=\"2133\" data-end=\"2161\">\ud83d\udee0\ufe0f Zalecenia u\u017cytkowe<\/h3>\n<p data-start=\"2162\" data-end=\"2232\">Dla ochrony pompy i wyd\u0142u\u017cenia jej \u017cywotno\u015bci zaleca si\u0119 stosowanie:<\/p>\n<ul data-start=\"2233\" data-end=\"2580\">\n<li data-start=\"2233\" data-end=\"2282\">\n<p data-start=\"2235\" data-end=\"2282\">stalowej linki \u2013 bezpieczne zawieszenie pompy<\/p>\n<\/li>\n<li data-start=\"2283\" data-end=\"2339\">\n<p data-start=\"2285\" data-end=\"2339\">g\u0142owicy do studni \u2013 ochrona przed zanieczyszczeniami<\/p>\n<\/li>\n<li data-start=\"2340\" data-end=\"2428\">\n<p data-start=\"2342\" data-end=\"2428\">kontrolera M21 \u2013 zabezpieczenie przed suchobiegiem, przegrzaniem i spadkami napi\u0119cia<\/p>\n<\/li>\n<li data-start=\"2429\" data-end=\"2511\">\n<p data-start=\"2431\" data-end=\"2511\">zbiornika hydroforowego \u2013 automatyzacja pracy i ograniczenie liczby uruchomie\u0144<\/p>\n<\/li>\n<li data-start=\"2512\" data-end=\"2580\">\n<p data-start=\"2514\" data-end=\"2580\">wy\u0142\u0105cznika automatycznego \u2013 uruchamianie pompy przy poborze wody<\/p>\n<\/li>\n<\/ul>\n<h3 data-start=\"2582\" data-end=\"2603\">\ud83d\udce6 Podsumowanie<\/h3>\n<p data-start=\"2604\" data-end=\"2859\">IBO 3,5\u2033 SCM 2\u201114 (1,1 kW, 230 V) to trwa\u0142a, kompaktowa i energooszcz\u0119dna pompa g\u0142\u0119binowa, odporna na korozj\u0119 i piasek. Idealna do dom\u00f3w, ogrod\u00f3w, system\u00f3w nawadniania, gastronomii oraz zastosowa\u0144 przemys\u0142owych, zapewnia stabiln\u0105 i bezawaryjn\u0105 prac\u0119 \u2699\ufe0f\ud83d\udca7.<\/p>\n","protected":false},"excerpt":{"rendered":"<p><strong>Pompa g\u0142\u0119binowa IBO 3,5\u2033 SCM 2\u201114 230 V to kompaktowe, wielostopniowe urz\u0105dzenie o \u015brednicy 90 mm, przeznaczone do pracy w studniach wierconych, kr\u0119gowych, zbiornikach wolnostoj\u0105cych, a tak\u017ce w stawach i jeziorach. Pompa przystosowana jest do pompowania czystej wody o temperaturze do 35\u00b0C.<\/strong><\/p>\n","protected":false},"featured_media":4665,"template":"","meta":{"_kad_blocks_custom_css":"","_kad_blocks_head_custom_js":"","_kad_blocks_body_custom_js":"","_kad_blocks_footer_custom_js":"","_kad_post_transparent":"default","_kad_post_title":"","_kad_post_layout":"default","_kad_post_sidebar_id":"","_kad_post_content_style":"default","_kad_post_vertical_padding":"default","_kad_post_feature":"","_kad_post_feature_position":"","_kad_post_header":false,"_kad_post_footer":false,"_kad_post_classname":""},"product_brand":[120],"product_cat":[254],"product_tag":[],"class_list":{"0":"post-4655","1":"product","2":"type-product","3":"status-publish","4":"has-post-thumbnail","6":"product_brand-ibo","7":"product_cat-pompy-glebinowe","8":"product_shipping_class-drobnica","10":"first","11":"instock","12":"taxable","13":"shipping-taxable","14":"purchasable","15":"product-type-simple","16":"entry","17":"content-bg","18":"loop-entry"},"taxonomy_info":{"product_brand":[{"value":120,"label":"Ibo"}],"product_cat":[{"value":254,"label":"Pompy g\u0142\u0119binowe"}]},"featured_image_src_large":["https:\/\/e-systemygrzewcze.eu\/sklep\/wp-content\/uploads\/2025\/08\/Nowy-projekt-2025-08-21T135106.873.jpg",510,578,false],"author_info":[],"comment_info":"","_links":{"self":[{"href":"https:\/\/e-systemygrzewcze.eu\/sklep\/wp-json\/wp\/v2\/product\/4655","targetHints":{"allow":["GET"]}}],"collection":[{"href":"https:\/\/e-systemygrzewcze.eu\/sklep\/wp-json\/wp\/v2\/product"}],"about":[{"href":"https:\/\/e-systemygrzewcze.eu\/sklep\/wp-json\/wp\/v2\/types\/product"}],"wp:featuredmedia":[{"embeddable":true,"href":"https:\/\/e-systemygrzewcze.eu\/sklep\/wp-json\/wp\/v2\/media\/4665"}],"wp:attachment":[{"href":"https:\/\/e-systemygrzewcze.eu\/sklep\/wp-json\/wp\/v2\/media?parent=4655"}],"wp:term":[{"taxonomy":"product_brand","embeddable":true,"href":"https:\/\/e-systemygrzewcze.eu\/sklep\/wp-json\/wp\/v2\/product_brand?post=4655"},{"taxonomy":"product_cat","embeddable":true,"href":"https:\/\/e-systemygrzewcze.eu\/sklep\/wp-json\/wp\/v2\/product_cat?post=4655"},{"taxonomy":"product_tag","embeddable":true,"href":"https:\/\/e-systemygrzewcze.eu\/sklep\/wp-json\/wp\/v2\/product_tag?post=4655"}],"curies":[{"name":"wp","href":"https:\/\/api.w.org\/{rel}","templated":true}]}}