{"id":4300,"date":"2025-08-09T10:47:13","date_gmt":"2025-08-09T10:47:13","guid":{"rendered":"https:\/\/e-systemygrzewcze.eu\/sklep\/produkt\/citrus-srodek-do-czyszczenia-lazienek-750ml\/"},"modified":"2026-03-30T14:08:55","modified_gmt":"2026-03-30T14:08:55","slug":"citrus-srodek-do-czyszczenia-lazienek-750ml","status":"publish","type":"product","link":"https:\/\/e-systemygrzewcze.eu\/sklep\/produkt\/citrus-srodek-do-czyszczenia-lazienek-750ml\/","title":{"rendered":"CITRUS \u015arodek do czyszczenia \u0142azienek 750ml"},"content":{"rendered":"","protected":false},"excerpt":{"rendered":"<p><strong>Citrus 750 ml to \u015brodek czyszcz\u0105cy na bazie naturalnych olejk\u00f3w cytrusowych, przeznaczony do usuwania t\u0142ustych zabrudze\u0144, klej\u00f3w i innych trudnych plam z r\u00f3\u017cnych powierzchni.<\/strong><\/p>\n","protected":false},"featured_media":4301,"template":"","meta":{"_kad_blocks_custom_css":"","_kad_blocks_head_custom_js":"","_kad_blocks_body_custom_js":"","_kad_blocks_footer_custom_js":"","_kad_post_transparent":"default","_kad_post_title":"","_kad_post_layout":"default","_kad_post_sidebar_id":"","_kad_post_content_style":"default","_kad_post_vertical_padding":"default","_kad_post_feature":"","_kad_post_feature_position":"","_kad_post_header":false,"_kad_post_footer":false,"_kad_post_classname":""},"product_brand":[375],"product_cat":[292],"product_tag":[],"class_list":{"0":"post-4300","1":"product","2":"type-product","3":"status-publish","4":"has-post-thumbnail","6":"product_brand-citrus","7":"product_cat-chemia","8":"product_shipping_class-drobnica","10":"first","11":"outofstock","12":"taxable","13":"shipping-taxable","14":"purchasable","15":"product-type-simple","16":"entry","17":"content-bg","18":"loop-entry"},"taxonomy_info":{"product_brand":[{"value":375,"label":"Citrus"}],"product_cat":[{"value":292,"label":"Chemia do instalacji kanalizacyjnej"}]},"featured_image_src_large":["https:\/\/e-systemygrzewcze.eu\/sklep\/wp-content\/uploads\/2025\/08\/Nowy-projekt-2025-08-09T124542.097.jpg",510,578,false],"author_info":[],"comment_info":"","_links":{"self":[{"href":"https:\/\/e-systemygrzewcze.eu\/sklep\/wp-json\/wp\/v2\/product\/4300","targetHints":{"allow":["GET"]}}],"collection":[{"href":"https:\/\/e-systemygrzewcze.eu\/sklep\/wp-json\/wp\/v2\/product"}],"about":[{"href":"https:\/\/e-systemygrzewcze.eu\/sklep\/wp-json\/wp\/v2\/types\/product"}],"wp:featuredmedia":[{"embeddable":true,"href":"https:\/\/e-systemygrzewcze.eu\/sklep\/wp-json\/wp\/v2\/media\/4301"}],"wp:attachment":[{"href":"https:\/\/e-systemygrzewcze.eu\/sklep\/wp-json\/wp\/v2\/media?parent=4300"}],"wp:term":[{"taxonomy":"product_brand","embeddable":true,"href":"https:\/\/e-systemygrzewcze.eu\/sklep\/wp-json\/wp\/v2\/product_brand?post=4300"},{"taxonomy":"product_cat","embeddable":true,"href":"https:\/\/e-systemygrzewcze.eu\/sklep\/wp-json\/wp\/v2\/product_cat?post=4300"},{"taxonomy":"product_tag","embeddable":true,"href":"https:\/\/e-systemygrzewcze.eu\/sklep\/wp-json\/wp\/v2\/product_tag?post=4300"}],"curies":[{"name":"wp","href":"https:\/\/api.w.org\/{rel}","templated":true}]}}