{"id":4286,"date":"2025-08-09T10:30:05","date_gmt":"2025-08-09T10:30:05","guid":{"rendered":"https:\/\/e-systemygrzewcze.eu\/sklep\/produkt\/geb-g60-odkamieniacz-do-usuwania-kamienia-kotlowego-1l\/"},"modified":"2026-03-30T14:11:52","modified_gmt":"2026-03-30T14:11:52","slug":"geb-g60-odkamieniacz-do-usuwania-kamienia-kotlowego-1l","status":"publish","type":"product","link":"https:\/\/e-systemygrzewcze.eu\/sklep\/produkt\/geb-g60-odkamieniacz-do-usuwania-kamienia-kotlowego-1l\/","title":{"rendered":"Geb G60 Odkamieniacz do usuwania kamienia kot\u0142owego 1L"},"content":{"rendered":"<h2 data-start=\"175\" data-end=\"259\">Geb G60 \u2013 profesjonalny odkamieniacz do instalacji centralnego ogrzewania (CO) \u2699\ufe0f<\/h2>\n<p data-start=\"284\" data-end=\"669\">Geb G60 to profesjonalny odkamieniacz stworzony do skutecznego usuwania kamienia kot\u0142owego z instalacji centralnego ogrzewania oraz system\u00f3w ciep\u0142ej wody u\u017cytkowej. Preparat dzia\u0142a na stal, \u017celiwo, mied\u017a i inne metale (z wyj\u0105tkiem aluminium) . Usuwa osady wapienne, kt\u00f3re mog\u0105 zmniejsza\u0107 wydajno\u015b\u0107 i skraca\u0107 \u017cywotno\u015b\u0107 instalacji, wspieraj\u0105c efektywn\u0105 konserwacj\u0119 system\u00f3w grzewczych.<\/p>\n<hr data-start=\"671\" data-end=\"674\" \/>\n<h3 data-start=\"676\" data-end=\"709\">\u2699\ufe0f Dzia\u0142anie i zastosowanie<\/h3>\n<p data-start=\"710\" data-end=\"902\">Produkt usuwa osady kamienia kot\u0142owego, poprawiaj\u0105c przep\u0142yw wody i wydajno\u015b\u0107 instalacji. Brunatnienie roztworu wskazuje stopie\u0144 nasycenia kamieniem, co u\u0142atwia kontrol\u0119 procesu odkamieniania.<\/p>\n<p data-start=\"904\" data-end=\"923\"><strong data-start=\"904\" data-end=\"921\">Zastosowanie:<\/strong><\/p>\n<ul data-start=\"924\" data-end=\"1148\">\n<li data-start=\"924\" data-end=\"1021\">\n<p data-start=\"926\" data-end=\"1021\">instalacje centralnego ogrzewania ze stali, \u017celiwa, miedzi, innych metali (nie aluminiowych),<\/p>\n<\/li>\n<li data-start=\"1022\" data-end=\"1082\">\n<p data-start=\"1024\" data-end=\"1082\">konserwacja w\u0119\u017cownic, bojler\u00f3w i zamkni\u0119tych uk\u0142ad\u00f3w CO,<\/p>\n<\/li>\n<li data-start=\"1083\" data-end=\"1148\">\n<p data-start=\"1085\" data-end=\"1148\">poprawa wydajno\u015bci i wyd\u0142u\u017cenie \u017cywotno\u015bci system\u00f3w grzewczych.<\/p>\n<\/li>\n<\/ul>\n<p data-start=\"1150\" data-end=\"1170\"><strong data-start=\"1150\" data-end=\"1168\">Spos\u00f3b u\u017cycia:<\/strong><\/p>\n<p data-start=\"1172\" data-end=\"1221\"><strong data-start=\"1172\" data-end=\"1219\">Otwarty uk\u0142ad grzewczy (w\u0119\u017cownice, bojler):<\/strong><\/p>\n<ol data-start=\"1222\" data-end=\"1492\">\n<li data-start=\"1222\" data-end=\"1266\">\n<p data-start=\"1225\" data-end=\"1266\">Opr\u00f3\u017cnij w\u0119\u017cownic\u0119 lub zbiornik z wody.<\/p>\n<\/li>\n<li data-start=\"1267\" data-end=\"1305\">\n<p data-start=\"1270\" data-end=\"1305\">Wlej 1 litr Geb G60 do zbiornika.<\/p>\n<\/li>\n<li data-start=\"1306\" data-end=\"1426\">\n<p data-start=\"1309\" data-end=\"1426\">Pozostaw na maks. 1,5 godziny. Brunatnienie roztworu oznacza nasycenie kamieniem \u2013 powt\u00f3rz proces w razie potrzeby.<\/p>\n<\/li>\n<li data-start=\"1427\" data-end=\"1492\">\n<p data-start=\"1430\" data-end=\"1492\">Dok\u0142adnie wyp\u0142ucz instalacj\u0119 wod\u0105 z neutralizatorem Geb G70.<\/p>\n<\/li>\n<\/ol>\n<p data-start=\"1494\" data-end=\"1525\"><strong data-start=\"1494\" data-end=\"1523\">Zamkni\u0119ty uk\u0142ad grzewczy:<\/strong><\/p>\n<ol data-start=\"1526\" data-end=\"1833\">\n<li data-start=\"1526\" data-end=\"1596\">\n<p data-start=\"1529\" data-end=\"1596\">Opr\u00f3\u017cnij uk\u0142ad z wody odpowiadaj\u0105cej ilo\u015bci stosowanego produktu.<\/p>\n<\/li>\n<li data-start=\"1597\" data-end=\"1670\">\n<p data-start=\"1600\" data-end=\"1670\">Wprowad\u017a odkamieniacz przez odpowietrznik lub inne dost\u0119pne miejsce.<\/p>\n<\/li>\n<li data-start=\"1671\" data-end=\"1711\">\n<p data-start=\"1674\" data-end=\"1711\">Uruchom pomp\u0119 obiegow\u0105 na 30 minut.<\/p>\n<\/li>\n<li data-start=\"1712\" data-end=\"1779\">\n<p data-start=\"1715\" data-end=\"1779\">Brunatnienie roztworu oznacza konieczno\u015b\u0107 powt\u00f3rzenia procesu.<\/p>\n<\/li>\n<li data-start=\"1780\" data-end=\"1833\">\n<p data-start=\"1783\" data-end=\"1833\">Wyp\u0142ucz instalacj\u0119 wod\u0105 z neutralizatorem Geb G70.<\/p>\n<\/li>\n<\/ol>\n<hr data-start=\"1835\" data-end=\"1838\" \/>\n<h3 data-start=\"1840\" data-end=\"1864\">\ud83d\udccb Dane techniczne<\/h3>\n<ul data-start=\"1865\" data-end=\"2197\">\n<li data-start=\"1865\" data-end=\"1895\">\n<p data-start=\"1867\" data-end=\"1895\"><strong data-start=\"1867\" data-end=\"1885\">Model \/ seria:<\/strong> Geb G60<\/p>\n<\/li>\n<li data-start=\"1896\" data-end=\"1916\">\n<p data-start=\"1898\" data-end=\"1916\"><strong data-start=\"1898\" data-end=\"1909\">Posta\u0107:<\/strong> p\u0142yn<\/p>\n<\/li>\n<li data-start=\"1917\" data-end=\"2019\">\n<p data-start=\"1919\" data-end=\"2019\"><strong data-start=\"1919\" data-end=\"1937\">Przeznaczenie:<\/strong> odkamienianie instalacji CO i ciep\u0142ej wody, w\u0119\u017cownice, bojler, zamkni\u0119te uk\u0142ady<\/p>\n<\/li>\n<li data-start=\"2020\" data-end=\"2078\">\n<p data-start=\"2022\" data-end=\"2078\"><strong data-start=\"2022\" data-end=\"2040\">Typ dzia\u0142ania:<\/strong> chemiczno-biologiczne odkamienianie<\/p>\n<\/li>\n<li data-start=\"2079\" data-end=\"2174\">\n<p data-start=\"2081\" data-end=\"2174\"><strong data-start=\"2081\" data-end=\"2111\">Bezpiecze\u0144stwo instalacji:<\/strong> dzia\u0142a na stal, \u017celiwo, mied\u017a; nie stosowa\u0107 na aluminium \ud83d\udee1\ufe0f<\/p>\n<\/li>\n<li data-start=\"2175\" data-end=\"2197\">\n<p data-start=\"2177\" data-end=\"2197\"><strong data-start=\"2177\" data-end=\"2191\">Producent:<\/strong> Geb<\/p>\n<\/li>\n<\/ul>\n","protected":false},"excerpt":{"rendered":"<p><strong>Geb G60 to profesjonalny odkamieniacz do instalacji centralnego ogrzewania i ciep\u0142ej wody u\u017cytkowej. Skutecznie usuwa osady wapienne, poprawiaj\u0105c przep\u0142yw i wydajno\u015b\u0107 systemu. Idealny do konserwacji w\u0119\u017cownic, bojler\u00f3w i zamkni\u0119tych uk\u0142ad\u00f3w grzewczych.<\/strong><\/p>\n","protected":false},"featured_media":4292,"template":"","meta":{"_kad_blocks_custom_css":"","_kad_blocks_head_custom_js":"","_kad_blocks_body_custom_js":"","_kad_blocks_footer_custom_js":"","_kad_post_transparent":"default","_kad_post_title":"","_kad_post_layout":"default","_kad_post_sidebar_id":"","_kad_post_content_style":"default","_kad_post_vertical_padding":"default","_kad_post_feature":"","_kad_post_feature_position":"","_kad_post_header":false,"_kad_post_footer":false,"_kad_post_classname":""},"product_brand":[374],"product_cat":[292],"product_tag":[],"class_list":{"0":"post-4286","1":"product","2":"type-product","3":"status-publish","4":"has-post-thumbnail","6":"product_brand-geb","7":"product_cat-chemia","8":"product_shipping_class-drobnica","10":"first","11":"instock","12":"taxable","13":"shipping-taxable","14":"purchasable","15":"product-type-simple","16":"entry","17":"content-bg","18":"loop-entry"},"taxonomy_info":{"product_brand":[{"value":374,"label":"Geb"}],"product_cat":[{"value":292,"label":"Chemia do instalacji kanalizacyjnej"}]},"featured_image_src_large":["https:\/\/e-systemygrzewcze.eu\/sklep\/wp-content\/uploads\/2025\/08\/Nowy-projekt-2025-08-09T123737.824.jpg",510,578,false],"author_info":[],"comment_info":"","_links":{"self":[{"href":"https:\/\/e-systemygrzewcze.eu\/sklep\/wp-json\/wp\/v2\/product\/4286","targetHints":{"allow":["GET"]}}],"collection":[{"href":"https:\/\/e-systemygrzewcze.eu\/sklep\/wp-json\/wp\/v2\/product"}],"about":[{"href":"https:\/\/e-systemygrzewcze.eu\/sklep\/wp-json\/wp\/v2\/types\/product"}],"wp:featuredmedia":[{"embeddable":true,"href":"https:\/\/e-systemygrzewcze.eu\/sklep\/wp-json\/wp\/v2\/media\/4292"}],"wp:attachment":[{"href":"https:\/\/e-systemygrzewcze.eu\/sklep\/wp-json\/wp\/v2\/media?parent=4286"}],"wp:term":[{"taxonomy":"product_brand","embeddable":true,"href":"https:\/\/e-systemygrzewcze.eu\/sklep\/wp-json\/wp\/v2\/product_brand?post=4286"},{"taxonomy":"product_cat","embeddable":true,"href":"https:\/\/e-systemygrzewcze.eu\/sklep\/wp-json\/wp\/v2\/product_cat?post=4286"},{"taxonomy":"product_tag","embeddable":true,"href":"https:\/\/e-systemygrzewcze.eu\/sklep\/wp-json\/wp\/v2\/product_tag?post=4286"}],"curies":[{"name":"wp","href":"https:\/\/api.w.org\/{rel}","templated":true}]}}