{"id":4229,"date":"2025-08-09T06:05:09","date_gmt":"2025-08-09T06:05:09","guid":{"rendered":"https:\/\/e-systemygrzewcze.eu\/sklep\/produkt\/ferroli-ogrzewacz-elektryczny-e-glasstech-vbo-100\/"},"modified":"2026-04-07T09:24:33","modified_gmt":"2026-04-07T09:24:33","slug":"ferroli-ogrzewacz-elektryczny-e-glasstech-vbo-100","status":"publish","type":"product","link":"https:\/\/e-systemygrzewcze.eu\/sklep\/produkt\/ferroli-ogrzewacz-elektryczny-e-glasstech-vbo-100\/","title":{"rendered":"FERROLI Ogrzewacz elektryczny E-Glasstech VBO 100"},"content":{"rendered":"<h2 data-start=\"141\" data-end=\"211\"><strong data-start=\"141\" data-end=\"207\">FERROLI E\u2011Glasstech VBO 100 \u2013 elektryczny ogrzewacz wody 100\u202fL<\/strong> \u26a1\ud83d\udca7<\/h2>\n<h2 data-start=\"213\" data-end=\"231\">Opis produktu<\/h2>\n<p data-start=\"232\" data-end=\"590\">FERROLI E\u2011Glasstech VBO 100 (GRCW7WPA) to <strong data-start=\"274\" data-end=\"353\">pojemno\u015bciowy, elektryczny ogrzewacz wody u\u017cytkowej o pojemno\u015bci 100 litr\u00f3w<\/strong>, idealny do dom\u00f3w, mieszka\u0144 i ma\u0142ych obiekt\u00f3w. Urz\u0105dzenie wyposa\u017cone jest w <strong data-start=\"430\" data-end=\"458\">grza\u0142k\u0119 elektryczn\u0105 2\u202fkW<\/strong>, skuteczn\u0105 <strong data-start=\"470\" data-end=\"492\">izolacj\u0119 termiczn\u0105<\/strong>, <strong data-start=\"494\" data-end=\"517\">emaliowany zbiornik<\/strong> oraz <strong data-start=\"523\" data-end=\"542\">anod\u0119 magnezow\u0105<\/strong>, co chroni przed korozj\u0105 i wyd\u0142u\u017ca \u017cywotno\u015b\u0107.<\/p>\n<p data-start=\"592\" data-end=\"899\">Ogrzewacz posiada <strong data-start=\"610\" data-end=\"651\">termostat z podw\u00f3jnym zabezpieczeniem<\/strong>, <strong data-start=\"653\" data-end=\"697\">zaw\u00f3r bezpiecze\u0144stwa z kurkiem spustowym<\/strong>, <strong data-start=\"699\" data-end=\"724\">regulacj\u0119 temperatury<\/strong> oraz <strong data-start=\"730\" data-end=\"754\">wska\u017anik temperatury<\/strong>, zapewniaj\u0105c wygod\u0119, bezpiecze\u0144stwo i \u0142atwo\u015b\u0107 u\u017cytkowania. To praktyczne i niezawodne rozwi\u0105zanie do codziennego korzystania z ciep\u0142ej wody \u26a1\ud83d\udd25.<\/p>\n<hr data-start=\"901\" data-end=\"904\" \/>\n<h2 data-start=\"906\" data-end=\"923\">Zastosowanie<\/h2>\n<ul data-start=\"924\" data-end=\"1133\">\n<li data-start=\"924\" data-end=\"978\">\n<p data-start=\"926\" data-end=\"978\">Domy jednorodzinne, mieszkania, \u0142azienki i kuchnie<\/p>\n<\/li>\n<li data-start=\"979\" data-end=\"1022\">\n<p data-start=\"981\" data-end=\"1022\">Obiekty us\u0142ugowe, ma\u0142e punkty sanitarne<\/p>\n<\/li>\n<li data-start=\"1023\" data-end=\"1063\">\n<p data-start=\"1025\" data-end=\"1063\">Instalacje CWU zasilane elektrycznie<\/p>\n<\/li>\n<li data-start=\"1064\" data-end=\"1133\">\n<p data-start=\"1066\" data-end=\"1133\">Miejsca wymagaj\u0105ce niezawodnego i stabilnego podgrzewania wody \ud83d\udca7<\/p>\n<\/li>\n<\/ul>\n<hr data-start=\"1135\" data-end=\"1138\" \/>\n<h2 data-start=\"1140\" data-end=\"1160\">Zalety produktu<\/h2>\n<ul data-start=\"1161\" data-end=\"1655\">\n<li data-start=\"1161\" data-end=\"1237\">\n<p data-start=\"1163\" data-end=\"1237\"><strong data-start=\"1163\" data-end=\"1182\">Pojemno\u015b\u0107 100\u202fL<\/strong> \u2013 odpowiednia dla \u015bredniego gospodarstwa domowego \u2699\ufe0f<\/p>\n<\/li>\n<li data-start=\"1238\" data-end=\"1301\">\n<p data-start=\"1240\" data-end=\"1301\"><strong data-start=\"1240\" data-end=\"1268\">Grza\u0142ka elektryczna 2\u202fkW<\/strong> \u2013 szybkie nagrzewanie wody \u26a1\ud83d\udd25<\/p>\n<\/li>\n<li data-start=\"1302\" data-end=\"1393\">\n<p data-start=\"1304\" data-end=\"1393\"><strong data-start=\"1304\" data-end=\"1345\">Emaliowany zbiornik + anoda magnezowa<\/strong> \u2013 ochrona przed korozj\u0105 i d\u0142uga \u017cywotno\u015b\u0107 \ud83d\udee1\ufe0f<\/p>\n<\/li>\n<li data-start=\"1394\" data-end=\"1483\">\n<p data-start=\"1396\" data-end=\"1483\"><strong data-start=\"1396\" data-end=\"1437\">Termostat z podw\u00f3jnym zabezpieczeniem<\/strong> \u2013 stabilna i bezpieczna temperatura wody \ud83d\udd12<\/p>\n<\/li>\n<li data-start=\"1484\" data-end=\"1569\">\n<p data-start=\"1486\" data-end=\"1569\"><strong data-start=\"1486\" data-end=\"1530\">Zaw\u00f3r bezpiecze\u0144stwa z kurkiem spustowym<\/strong> \u2013 \u0142atwa konserwacja i serwisowanie \u2705<\/p>\n<\/li>\n<li data-start=\"1570\" data-end=\"1655\">\n<p data-start=\"1572\" data-end=\"1655\"><strong data-start=\"1572\" data-end=\"1607\">Kompaktowa, solidna konstrukcja<\/strong> \u2013 prosty monta\u017c i d\u0142ugotrwa\u0142a eksploatacja \ud83e\uddf0<\/p>\n<\/li>\n<\/ul>\n<hr data-start=\"1657\" data-end=\"1660\" \/>\n<h2 data-start=\"1662\" data-end=\"1685\">Dane konstrukcyjne<\/h2>\n<ul data-start=\"1686\" data-end=\"1867\">\n<li data-start=\"1686\" data-end=\"1728\">\n<p data-start=\"1688\" data-end=\"1728\">Typ: pionowy elektryczny ogrzewacz CWU<\/p>\n<\/li>\n<li data-start=\"1729\" data-end=\"1749\">\n<p data-start=\"1731\" data-end=\"1749\">Pojemno\u015b\u0107: 100\u202fL<\/p>\n<\/li>\n<li data-start=\"1750\" data-end=\"1782\">\n<p data-start=\"1752\" data-end=\"1782\">Medium: ciep\u0142a woda u\u017cytkowa<\/p>\n<\/li>\n<li data-start=\"1783\" data-end=\"1823\">\n<p data-start=\"1785\" data-end=\"1823\">Zasilanie: elektryczne 230\u202fV \/ 50\u202fHz<\/p>\n<\/li>\n<li data-start=\"1824\" data-end=\"1847\">\n<p data-start=\"1826\" data-end=\"1847\">Izolacja: termiczna<\/p>\n<\/li>\n<li data-start=\"1848\" data-end=\"1867\">\n<p data-start=\"1850\" data-end=\"1867\">Monta\u017c: pionowy<\/p>\n<\/li>\n<\/ul>\n<hr data-start=\"1869\" data-end=\"1872\" \/>\n<h2 data-start=\"1874\" data-end=\"1893\">Wymiary i masa<\/h2>\n<ul data-start=\"1894\" data-end=\"1960\">\n<li data-start=\"1894\" data-end=\"1915\">\n<p data-start=\"1896\" data-end=\"1915\">\u015arednica: ~438\u202fmm<\/p>\n<\/li>\n<li data-start=\"1916\" data-end=\"1937\">\n<p data-start=\"1918\" data-end=\"1937\">Wysoko\u015b\u0107: ~915\u202fmm<\/p>\n<\/li>\n<li data-start=\"1938\" data-end=\"1960\">\n<p data-start=\"1940\" data-end=\"1960\">Masa: ok. 28\u202fkg \ud83d\udce6<\/p>\n<\/li>\n<\/ul>\n<hr data-start=\"1962\" data-end=\"1965\" \/>\n<h2 data-start=\"1967\" data-end=\"1992\">Parametry techniczne<\/h2>\n<ul data-start=\"1993\" data-end=\"2297\">\n<li data-start=\"1993\" data-end=\"2015\">\n<p data-start=\"1995\" data-end=\"2015\">Producent: FERROLI<\/p>\n<\/li>\n<li data-start=\"2016\" data-end=\"2057\">\n<p data-start=\"2018\" data-end=\"2057\">Model: E\u2011Glasstech VBO 100 (GRCW7WPA)<\/p>\n<\/li>\n<li data-start=\"2058\" data-end=\"2092\">\n<p data-start=\"2060\" data-end=\"2092\">Typ: elektryczny ogrzewacz CWU<\/p>\n<\/li>\n<li data-start=\"2093\" data-end=\"2113\">\n<p data-start=\"2095\" data-end=\"2113\">Pojemno\u015b\u0107: 100\u202fL<\/p>\n<\/li>\n<li data-start=\"2114\" data-end=\"2135\">\n<p data-start=\"2116\" data-end=\"2135\">Moc grza\u0142ki: 2\u202fkW<\/p>\n<\/li>\n<li data-start=\"2136\" data-end=\"2168\">\n<p data-start=\"2138\" data-end=\"2168\">Zakres temperatury: 30\u201375\u202f\u00b0C<\/p>\n<\/li>\n<li data-start=\"2169\" data-end=\"2203\">\n<p data-start=\"2171\" data-end=\"2203\">Maks. ci\u015bnienie robocze: 8\u202fbar<\/p>\n<\/li>\n<li data-start=\"2204\" data-end=\"2252\">\n<p data-start=\"2206\" data-end=\"2252\">Wska\u017anik temperatury i regulacja temperatury<\/p>\n<\/li>\n<li data-start=\"2253\" data-end=\"2297\">\n<p data-start=\"2255\" data-end=\"2297\">Zaw\u00f3r bezpiecze\u0144stwa z kurkiem spustowym<\/p>\n<\/li>\n<\/ul>\n<hr data-start=\"2299\" data-end=\"2302\" \/>\n<h2 data-start=\"2304\" data-end=\"2321\">Podsumowanie<\/h2>\n<p data-start=\"2322\" data-end=\"2667\" data-is-last-node=\"\" data-is-only-node=\"\"><strong data-start=\"2322\" data-end=\"2364\">FERROLI E\u2011Glasstech VBO 100 (GRCW7WPA)<\/strong> to praktyczny i niezawodny elektryczny ogrzewacz wody, kt\u00f3ry zapewnia szybki i komfortowy dost\u0119p do ciep\u0142ej wody w domu, mieszkaniu lub ma\u0142ym obiekcie. Dzi\u0119ki solidnej konstrukcji, ochronie antykorozyjnej i prostemu sterowaniu stanowi wydajne i trwa\u0142e rozwi\u0105zanie dla ka\u017cdego gospodarstwa domowego \u26a1\ud83d\udca7.<\/p>\n<div><strong>Pliki do pobrania<\/strong><\/div>\n<div><strong><a href=\"https:\/\/e-systemygrzewcze.eu\/sklep\/wp-content\/uploads\/2025\/08\/bb4256560fa517d47862d8e8f698ac88670f15ad.pdf\">bb4256560fa517d47862d8e8f698ac88670f15ad<\/a><\/strong><\/div>\n","protected":false},"excerpt":{"rendered":"<p><strong>Elektryczny ogrzewacz wody Ferroli E-Glasstech VBO 100 o pojemno\u015bci 100L. Trwa\u0142y i wydajny, zapewnia komfortowy dost\u0119p do ciep\u0142ej wody.<\/strong><\/p>\n","protected":false},"featured_media":4231,"template":"","meta":{"_kad_blocks_custom_css":"","_kad_blocks_head_custom_js":"","_kad_blocks_body_custom_js":"","_kad_blocks_footer_custom_js":"","_kad_post_transparent":"default","_kad_post_title":"","_kad_post_layout":"default","_kad_post_sidebar_id":"","_kad_post_content_style":"default","_kad_post_vertical_padding":"default","_kad_post_feature":"","_kad_post_feature_position":"","_kad_post_header":false,"_kad_post_footer":false,"_kad_post_classname":""},"product_brand":[28],"product_cat":[235],"product_tag":[],"class_list":{"0":"post-4229","1":"product","2":"type-product","3":"status-publish","4":"has-post-thumbnail","6":"product_brand-ferroli","7":"product_cat-ogrzewacze-elektryczne","8":"product_shipping_class-paleta_700","10":"first","11":"outofstock","12":"taxable","13":"shipping-taxable","14":"purchasable","15":"product-type-simple","16":"entry","17":"content-bg","18":"loop-entry"},"taxonomy_info":{"product_brand":[{"value":28,"label":"Ferroli"}],"product_cat":[{"value":235,"label":"Ogrzewacze elektryczne"}]},"featured_image_src_large":["https:\/\/e-systemygrzewcze.eu\/sklep\/wp-content\/uploads\/2025\/08\/Nowy-projekt-2025-08-09T080814.062.jpg",510,578,false],"author_info":[],"comment_info":"","_links":{"self":[{"href":"https:\/\/e-systemygrzewcze.eu\/sklep\/wp-json\/wp\/v2\/product\/4229","targetHints":{"allow":["GET"]}}],"collection":[{"href":"https:\/\/e-systemygrzewcze.eu\/sklep\/wp-json\/wp\/v2\/product"}],"about":[{"href":"https:\/\/e-systemygrzewcze.eu\/sklep\/wp-json\/wp\/v2\/types\/product"}],"wp:featuredmedia":[{"embeddable":true,"href":"https:\/\/e-systemygrzewcze.eu\/sklep\/wp-json\/wp\/v2\/media\/4231"}],"wp:attachment":[{"href":"https:\/\/e-systemygrzewcze.eu\/sklep\/wp-json\/wp\/v2\/media?parent=4229"}],"wp:term":[{"taxonomy":"product_brand","embeddable":true,"href":"https:\/\/e-systemygrzewcze.eu\/sklep\/wp-json\/wp\/v2\/product_brand?post=4229"},{"taxonomy":"product_cat","embeddable":true,"href":"https:\/\/e-systemygrzewcze.eu\/sklep\/wp-json\/wp\/v2\/product_cat?post=4229"},{"taxonomy":"product_tag","embeddable":true,"href":"https:\/\/e-systemygrzewcze.eu\/sklep\/wp-json\/wp\/v2\/product_tag?post=4229"}],"curies":[{"name":"wp","href":"https:\/\/api.w.org\/{rel}","templated":true}]}}