{"id":4185,"date":"2025-08-08T08:48:53","date_gmt":"2025-08-08T08:48:53","guid":{"rendered":"https:\/\/e-systemygrzewcze.eu\/sklep\/produkt\/gwarant-grzalka-elektryczna-6-4-1500w\/"},"modified":"2026-02-17T09:37:37","modified_gmt":"2026-02-17T09:37:37","slug":"gwarant-grzalka-elektryczna-6-4-1500w","status":"publish","type":"product","link":"https:\/\/e-systemygrzewcze.eu\/sklep\/produkt\/gwarant-grzalka-elektryczna-6-4-1500w\/","title":{"rendered":"GWARANT Grza\u0142ka elektryczna 6\/4&#8243; 1500W"},"content":{"rendered":"<h2 data-start=\"0\" data-end=\"73\"><strong data-start=\"0\" data-end=\"71\">Gwarant Grza\u0142ka 6\/4\u2033 1500\u202fW \u2013 element grzewczy do podgrzewaczy wody<\/strong><\/h2>\n<p>Gwarant 6\/4\u2033 1500\u202fW to grza\u0142ka elektryczna o mocy 1500\u202fW, przeznaczona do podgrzewaczy wody i bojler\u00f3w o wi\u0119kszej pojemno\u015bci. Wykonana ze stali nierdzewnej, gwarantuje odporno\u015b\u0107 na korozj\u0119 i d\u0142ug\u0105 \u017cywotno\u015b\u0107. Monta\u017c odbywa si\u0119 na gwint 6\/4\u2033, co u\u0142atwia instalacj\u0119 w standardowych i wi\u0119kszych zbiornikach CWU.<\/p>\n<hr data-start=\"404\" data-end=\"407\" \/>\n<h3 data-start=\"409\" data-end=\"435\">\u26a1 Najwa\u017cniejsze zalety<\/h3>\n<ul data-start=\"436\" data-end=\"717\">\n<li data-start=\"436\" data-end=\"481\">\n<p data-start=\"438\" data-end=\"481\">Moc 1500\u202fW \u2013 szybkie nagrzewanie wody<\/p>\n<\/li>\n<li data-start=\"482\" data-end=\"538\">\n<p data-start=\"484\" data-end=\"538\">Gwint 6\/4\u2033 \u2013 \u0142atwy monta\u017c w wi\u0119kszych zbiornikach<\/p>\n<\/li>\n<li data-start=\"539\" data-end=\"596\">\n<p data-start=\"541\" data-end=\"596\">Stal nierdzewna \u2013 trwa\u0142o\u015b\u0107 i odporno\u015b\u0107 na korozj\u0119<\/p>\n<\/li>\n<li data-start=\"597\" data-end=\"655\">\n<p data-start=\"599\" data-end=\"655\">\u0141atwa instalacja i wymiana \u2013 prosty monta\u017c i serwis<\/p>\n<\/li>\n<li data-start=\"656\" data-end=\"717\">\n<p data-start=\"658\" data-end=\"717\">Wydajny i niezawodny \u2013 idealny do wi\u0119kszych instalacji<\/p>\n<\/li>\n<\/ul>\n<hr data-start=\"719\" data-end=\"722\" \/>\n<h3 data-start=\"724\" data-end=\"746\">\u2699\ufe0f Dane techniczne<\/h3>\n<p data-start=\"747\" data-end=\"919\">Typ: grza\u0142ka elektryczna<br data-start=\"771\" data-end=\"774\" \/>Moc: 1500\u202fW<br data-start=\"785\" data-end=\"788\" \/>Gwint: 6\/4\u2033<br data-start=\"799\" data-end=\"802\" \/>Zasilanie: 230\u202fV \/ 50\u202fHz<br data-start=\"826\" data-end=\"829\" \/>Materia\u0142: stal nierdzewna<br data-start=\"854\" data-end=\"857\" \/>Przeznaczenie: podgrzewacze wody i bojler\u00f3w du\u017cej pojemno\u015bci<\/p>\n","protected":false},"excerpt":{"rendered":"<p><strong>Gwarant 6\/4\u2033 1500\u202fW to grza\u0142ka elektryczna o mocy 1500\u202fW, przeznaczona do podgrzewaczy wody i bojler\u00f3w o wi\u0119kszej pojemno\u015bci. Wykonana ze stali nierdzewnej, gwarantuje odporno\u015b\u0107 na korozj\u0119 i d\u0142ug\u0105 \u017cywotno\u015b\u0107.<\/strong><\/p>\n","protected":false},"featured_media":4187,"template":"","meta":{"_kad_blocks_custom_css":"","_kad_blocks_head_custom_js":"","_kad_blocks_body_custom_js":"","_kad_blocks_footer_custom_js":"","_kad_post_transparent":"default","_kad_post_title":"","_kad_post_layout":"default","_kad_post_sidebar_id":"","_kad_post_content_style":"default","_kad_post_vertical_padding":"default","_kad_post_feature":"","_kad_post_feature_position":"","_kad_post_header":false,"_kad_post_footer":false,"_kad_post_classname":""},"product_brand":[368],"product_cat":[237],"product_tag":[],"class_list":{"0":"post-4185","1":"product","2":"type-product","3":"status-publish","4":"has-post-thumbnail","6":"product_brand-gwarant","7":"product_cat-grzalki-elektryczne","8":"product_shipping_class-drobnica","10":"first","11":"instock","12":"taxable","13":"shipping-taxable","14":"purchasable","15":"product-type-simple","16":"entry","17":"content-bg","18":"loop-entry"},"taxonomy_info":{"product_brand":[{"value":368,"label":"Gwarant"}],"product_cat":[{"value":237,"label":"Grza\u0142ki elektryczne"}]},"featured_image_src_large":["https:\/\/e-systemygrzewcze.eu\/sklep\/wp-content\/uploads\/2025\/08\/Nowy-projekt-2025-08-08T105044.509.jpg",510,578,false],"author_info":[],"comment_info":"","_links":{"self":[{"href":"https:\/\/e-systemygrzewcze.eu\/sklep\/wp-json\/wp\/v2\/product\/4185","targetHints":{"allow":["GET"]}}],"collection":[{"href":"https:\/\/e-systemygrzewcze.eu\/sklep\/wp-json\/wp\/v2\/product"}],"about":[{"href":"https:\/\/e-systemygrzewcze.eu\/sklep\/wp-json\/wp\/v2\/types\/product"}],"wp:featuredmedia":[{"embeddable":true,"href":"https:\/\/e-systemygrzewcze.eu\/sklep\/wp-json\/wp\/v2\/media\/4187"}],"wp:attachment":[{"href":"https:\/\/e-systemygrzewcze.eu\/sklep\/wp-json\/wp\/v2\/media?parent=4185"}],"wp:term":[{"taxonomy":"product_brand","embeddable":true,"href":"https:\/\/e-systemygrzewcze.eu\/sklep\/wp-json\/wp\/v2\/product_brand?post=4185"},{"taxonomy":"product_cat","embeddable":true,"href":"https:\/\/e-systemygrzewcze.eu\/sklep\/wp-json\/wp\/v2\/product_cat?post=4185"},{"taxonomy":"product_tag","embeddable":true,"href":"https:\/\/e-systemygrzewcze.eu\/sklep\/wp-json\/wp\/v2\/product_tag?post=4185"}],"curies":[{"name":"wp","href":"https:\/\/api.w.org\/{rel}","templated":true}]}}