{"id":4106,"date":"2025-08-07T08:28:10","date_gmt":"2025-08-07T08:28:10","guid":{"rendered":"https:\/\/e-systemygrzewcze.eu\/sklep\/produkt\/elektromet-anoda-magnezowa-25x350-korek-5-4\/"},"modified":"2026-03-14T11:45:41","modified_gmt":"2026-03-14T11:45:41","slug":"elektromet-anoda-magnezowa-25x350-korek-5-4","status":"publish","type":"product","link":"https:\/\/e-systemygrzewcze.eu\/sklep\/produkt\/elektromet-anoda-magnezowa-25x350-korek-5-4\/","title":{"rendered":"ELEKTROMET Anoda magnezowa 25&#215;350 korek 5\/4&#8243; (702-25-350)"},"content":{"rendered":"<h2 data-start=\"0\" data-end=\"53\"><strong data-start=\"3\" data-end=\"51\">Elektromet Anoda magnezowa 25\u00d7350 korek 5\/4&#8243;<\/strong><\/h2>\n<p data-start=\"0\" data-end=\"53\">Anoda magnezowa Elektromet ze stopu magnezu chroni zbiorniki ciep\u0142ej wody przed korozj\u0105 dzi\u0119ki dzia\u0142aniu elektrochemicznemu. Zu\u017cywa si\u0119 stopniowo, przejmuj\u0105c proces utleniania zamiast stali zbiornika, co wyd\u0142u\u017ca jego \u017cywotno\u015b\u0107. Monta\u017c odbywa si\u0119 wygodnie na korek 1\u202f1\/4&#8243;.<\/p>\n<hr data-start=\"348\" data-end=\"351\" \/>\n<h3 data-start=\"353\" data-end=\"383\">\u2b50 <strong data-start=\"359\" data-end=\"383\">Najwa\u017cniejsze zalety<\/strong><\/h3>\n<ul data-start=\"384\" data-end=\"703\">\n<li data-start=\"384\" data-end=\"419\">\n<p data-start=\"386\" data-end=\"419\">Skuteczna ochrona przed korozj\u0105<\/p>\n<\/li>\n<li data-start=\"420\" data-end=\"468\">\n<p data-start=\"422\" data-end=\"468\">Zabezpieczenie pow\u0142oki emaliowanej zbiornika<\/p>\n<\/li>\n<li data-start=\"469\" data-end=\"516\">\n<p data-start=\"471\" data-end=\"516\">Ochrona elektrochemiczna zamiast chemicznej<\/p>\n<\/li>\n<li data-start=\"517\" data-end=\"572\">\n<p data-start=\"519\" data-end=\"572\">Przejmuje proces utleniania zamiast stali zbiornika<\/p>\n<\/li>\n<li data-start=\"573\" data-end=\"611\">\n<p data-start=\"575\" data-end=\"611\">Znacz\u0105co wyd\u0142u\u017ca \u017cywotno\u015b\u0107 bojlera<\/p>\n<\/li>\n<li data-start=\"612\" data-end=\"648\">\n<p data-start=\"614\" data-end=\"648\">Wygodne mocowanie \u2013 korek 1\u202f1\/4&#8243;<\/p>\n<\/li>\n<li data-start=\"649\" data-end=\"703\">\n<p data-start=\"651\" data-end=\"703\">Przeznaczona do regularnej wymiany eksploatacyjnej<\/p>\n<\/li>\n<\/ul>\n<hr data-start=\"705\" data-end=\"708\" \/>\n<h3 data-start=\"710\" data-end=\"736\">\u2699\ufe0f <strong data-start=\"717\" data-end=\"736\">Dane techniczne<\/strong><\/h3>\n<p data-start=\"737\" data-end=\"864\">Nr katalogowy: 702-25-350<br data-start=\"762\" data-end=\"765\" \/>Spos\u00f3b mocowania: Korek 1\u202f1\/4&#8243;<br data-start=\"795\" data-end=\"798\" \/>D\u0142ugo\u015b\u0107: 350 mm<br data-start=\"813\" data-end=\"816\" \/>\u015arednica anody: 25 mm<br data-start=\"837\" data-end=\"840\" \/>Materia\u0142: Stop magnezu<\/p>\n<hr data-start=\"866\" data-end=\"869\" \/>\n<h3 data-start=\"871\" data-end=\"923\">\ud83c\udfe0 <strong data-start=\"878\" data-end=\"923\">Zastosowanie \u2013 kompatybilne zbiorniki CWU<\/strong><\/h3>\n<p data-start=\"924\" data-end=\"1010\" data-is-last-node=\"\" data-is-only-node=\"\">WGJ-140\/Z, WGJ-120, WGJ-140 (dwup\u0142aszczowe), WJ-140, TYTAN 140, VENUS 140 (do 2004 r.)<\/p>\n","protected":false},"excerpt":{"rendered":"<p><strong>Elektromet anoda magnezowa 25&#215;350 korek 5\/4&#8243; ( 702-25-350) to wymienny element zabezpieczaj\u0105cy zasobniki i podgrzewacze wody przed korozj\u0105, wyd\u0142u\u017caj\u0105cy ich \u017cywotno\u015b\u0107.<\/strong><\/p>\n","protected":false},"featured_media":4086,"template":"","meta":{"_kad_blocks_custom_css":"","_kad_blocks_head_custom_js":"","_kad_blocks_body_custom_js":"","_kad_blocks_footer_custom_js":"","_kad_post_transparent":"default","_kad_post_title":"","_kad_post_layout":"default","_kad_post_sidebar_id":"","_kad_post_content_style":"default","_kad_post_vertical_padding":"default","_kad_post_feature":"","_kad_post_feature_position":"","_kad_post_header":false,"_kad_post_footer":false,"_kad_post_classname":""},"product_brand":[133],"product_cat":[238],"product_tag":[],"class_list":{"0":"post-4106","1":"product","2":"type-product","3":"status-publish","4":"has-post-thumbnail","6":"product_brand-elektromet","7":"product_cat-anoda-magnezowa","8":"product_shipping_class-drobnica","10":"first","11":"instock","12":"taxable","13":"shipping-taxable","14":"purchasable","15":"product-type-simple","16":"entry","17":"content-bg","18":"loop-entry"},"taxonomy_info":{"product_brand":[{"value":133,"label":"Elektromet"}],"product_cat":[{"value":238,"label":"Anody magnezowe"}]},"featured_image_src_large":["https:\/\/e-systemygrzewcze.eu\/sklep\/wp-content\/uploads\/2025\/08\/Nowy-projekt-2025-08-06T152118.137.jpg",510,587,false],"author_info":[],"comment_info":"","_links":{"self":[{"href":"https:\/\/e-systemygrzewcze.eu\/sklep\/wp-json\/wp\/v2\/product\/4106","targetHints":{"allow":["GET"]}}],"collection":[{"href":"https:\/\/e-systemygrzewcze.eu\/sklep\/wp-json\/wp\/v2\/product"}],"about":[{"href":"https:\/\/e-systemygrzewcze.eu\/sklep\/wp-json\/wp\/v2\/types\/product"}],"wp:featuredmedia":[{"embeddable":true,"href":"https:\/\/e-systemygrzewcze.eu\/sklep\/wp-json\/wp\/v2\/media\/4086"}],"wp:attachment":[{"href":"https:\/\/e-systemygrzewcze.eu\/sklep\/wp-json\/wp\/v2\/media?parent=4106"}],"wp:term":[{"taxonomy":"product_brand","embeddable":true,"href":"https:\/\/e-systemygrzewcze.eu\/sklep\/wp-json\/wp\/v2\/product_brand?post=4106"},{"taxonomy":"product_cat","embeddable":true,"href":"https:\/\/e-systemygrzewcze.eu\/sklep\/wp-json\/wp\/v2\/product_cat?post=4106"},{"taxonomy":"product_tag","embeddable":true,"href":"https:\/\/e-systemygrzewcze.eu\/sklep\/wp-json\/wp\/v2\/product_tag?post=4106"}],"curies":[{"name":"wp","href":"https:\/\/api.w.org\/{rel}","templated":true}]}}