{"id":2787,"date":"2025-07-19T10:03:49","date_gmt":"2025-07-19T10:03:49","guid":{"rendered":"https:\/\/e-systemygrzewcze.eu\/sklep\/produkt\/zmiekczacz-kompaktowy-klarwod-cs-helix-25\/"},"modified":"2026-03-31T09:17:06","modified_gmt":"2026-03-31T09:17:06","slug":"zmiekczacz-kompaktowy-klarwod-cs-helix-25","status":"publish","type":"product","link":"https:\/\/e-systemygrzewcze.eu\/sklep\/produkt\/zmiekczacz-kompaktowy-klarwod-cs-helix-25\/","title":{"rendered":"KLARWOD Zmi\u0119kczacz kompaktowy CS Helix 25"},"content":{"rendered":"<div class=\"block block-type-3 aos-init aos-animate\" data-aos=\"fade-up\">\n<div class=\"container\">\n<div class=\"row align-items-center\">\n<div class=\"col-md-8\">\n<h2 data-start=\"123\" data-end=\"172\">CS HELIX \u2013 automatyczna stacja zmi\u0119kczania wody<\/h2>\n<p data-start=\"196\" data-end=\"485\">CS HELIX to ca\u0142kowicie automatyczna, bezobs\u0142ugowa stacja zmi\u0119kczania wody, kt\u00f3ra skutecznie redukuje twardo\u015b\u0107, usuwaj\u0105c z niej sole wapnia i magnezu. Dzi\u0119ki nowoczesnym technologiom oraz rozbudowanym zabezpieczeniom antyzalaniowym urz\u0105dzenie gwarantuje bezawaryjn\u0105 prac\u0119 i d\u0142ug\u0105 \u017cywotno\u015b\u0107.<\/p>\n<h2 data-start=\"487\" data-end=\"509\">\u2699\ufe0f Funkcjonalno\u015b\u0107<\/h2>\n<ul data-start=\"511\" data-end=\"877\">\n<li data-start=\"511\" data-end=\"527\">\n<p data-start=\"513\" data-end=\"527\">Polskie menu<\/p>\n<\/li>\n<li data-start=\"528\" data-end=\"629\">\n<p data-start=\"530\" data-end=\"629\">Wygodna i niezawodna g\u0142owica steruj\u0105ca z mixingiem \u2013 mo\u017cliwo\u015b\u0107 ustawienia dowolnej twardo\u015bci wody<\/p>\n<\/li>\n<li data-start=\"630\" data-end=\"694\">\n<p data-start=\"632\" data-end=\"694\">Funkcje diagnostyczne \u2013 pe\u0142na kontrola wszystkich parametr\u00f3w<\/p>\n<\/li>\n<li data-start=\"695\" data-end=\"716\">\n<p data-start=\"697\" data-end=\"716\">Zaw\u00f3r typu bypass<\/p>\n<\/li>\n<li data-start=\"717\" data-end=\"742\">\n<p data-start=\"719\" data-end=\"742\">T\u0142ok pokryty teflonem<\/p>\n<\/li>\n<li data-start=\"743\" data-end=\"800\">\n<p data-start=\"745\" data-end=\"800\">Podtrzymanie pami\u0119ci ustawie\u0144 do 30 dni bez zasilania<\/p>\n<\/li>\n<li data-start=\"801\" data-end=\"830\">\n<p data-start=\"803\" data-end=\"830\">\u0141atwy dost\u0119p do in\u017cektora<\/p>\n<\/li>\n<li data-start=\"831\" data-end=\"877\">\n<p data-start=\"833\" data-end=\"877\">Prosta konstrukcja \u2013 minimalna liczba cz\u0119\u015bci<\/p>\n<\/li>\n<\/ul>\n<h2 data-start=\"879\" data-end=\"903\">\u2b50 Zalety urz\u0105dzenia<\/h2>\n<ul data-start=\"905\" data-end=\"1215\">\n<li data-start=\"905\" data-end=\"941\">\n<p data-start=\"907\" data-end=\"941\">Smuk\u0142a, nowoczesna linia obudowy<\/p>\n<\/li>\n<li data-start=\"942\" data-end=\"982\">\n<p data-start=\"944\" data-end=\"982\">4 modele w dw\u00f3ch wielko\u015bciach obud\u00f3w<\/p>\n<\/li>\n<li data-start=\"983\" data-end=\"1049\">\n<p data-start=\"985\" data-end=\"1049\">Bardzo wytrzyma\u0142a obudowa (o 30% grubsze \u015bcianki ni\u017c standard)<\/p>\n<\/li>\n<li data-start=\"1050\" data-end=\"1094\">\n<p data-start=\"1052\" data-end=\"1094\">Logiczne sterowanie obj\u0119to\u015bciowo\u2013czasowe<\/p>\n<\/li>\n<li data-start=\"1095\" data-end=\"1130\">\n<p data-start=\"1097\" data-end=\"1130\">Sta\u0142a kontrola parametr\u00f3w pracy<\/p>\n<\/li>\n<li data-start=\"1131\" data-end=\"1174\">\n<p data-start=\"1133\" data-end=\"1174\">Prosty monta\u017c i komfortowa eksploatacja<\/p>\n<\/li>\n<li data-start=\"1175\" data-end=\"1215\">\n<p data-start=\"1177\" data-end=\"1215\">Pe\u0142na przegroda \u2013 odizolowanie g\u0142owicy<\/p>\n<\/li>\n<\/ul>\n<\/div>\n<\/div>\n<\/div>\n<\/div>\n<div class=\"container\">\n<div class=\"row\">\n<div class=\"col-md-6\">\n<div class=\"block block-type-1 aos-init aos-animate\" data-aos=\"fade-up\">\n<h3>Plik do pobrania<\/h3>\n<p><strong><a href=\"https:\/\/e-systemygrzewcze.eu\/sklep\/wp-content\/uploads\/2025\/07\/cs-helix-20241.pdf\">cs-helix-20241<\/a><\/strong><\/p>\n<p>&nbsp;<\/p>\n<\/div>\n<\/div>\n<\/div>\n<\/div>\n","protected":false},"excerpt":{"rendered":"<p><strong>CS HELIX to nowoczesny zmi\u0119kczacz wody do domu i firmy. Automatyczna stacja z polskim menu, funkcjami diagnostycznymi i zabezpieczeniami antyzalaniowymi zapewnia mi\u0119kk\u0105 wod\u0119 oraz ochron\u0119 instalacji. To niezawodne i oszcz\u0119dne rozwi\u0105zanie na lata.<\/strong><\/p>\n","protected":false},"featured_media":4075,"template":"","meta":{"_kad_blocks_custom_css":"","_kad_blocks_head_custom_js":"","_kad_blocks_body_custom_js":"","_kad_blocks_footer_custom_js":"","_kad_post_transparent":"default","_kad_post_title":"","_kad_post_layout":"default","_kad_post_sidebar_id":"","_kad_post_content_style":"default","_kad_post_vertical_padding":"default","_kad_post_feature":"","_kad_post_feature_position":"","_kad_post_header":false,"_kad_post_footer":false,"_kad_post_classname":""},"product_brand":[24],"product_cat":[227],"product_tag":[],"class_list":{"0":"post-2787","1":"product","2":"type-product","3":"status-publish","4":"has-post-thumbnail","6":"product_brand-klarwod","7":"product_cat-zmiekczacze","8":"product_shipping_class-paleta_700","10":"first","11":"instock","12":"downloadable","13":"taxable","14":"shipping-taxable","15":"purchasable","16":"product-type-simple","17":"entry","18":"content-bg","19":"loop-entry"},"taxonomy_info":{"product_brand":[{"value":24,"label":"KLARWOD"}],"product_cat":[{"value":227,"label":"Zmi\u0119kczacze"}]},"featured_image_src_large":["https:\/\/e-systemygrzewcze.eu\/sklep\/wp-content\/uploads\/2025\/07\/Nowy-projekt-2025-08-06T145921.219.jpg",510,578,false],"author_info":[],"comment_info":"","_links":{"self":[{"href":"https:\/\/e-systemygrzewcze.eu\/sklep\/wp-json\/wp\/v2\/product\/2787","targetHints":{"allow":["GET"]}}],"collection":[{"href":"https:\/\/e-systemygrzewcze.eu\/sklep\/wp-json\/wp\/v2\/product"}],"about":[{"href":"https:\/\/e-systemygrzewcze.eu\/sklep\/wp-json\/wp\/v2\/types\/product"}],"wp:featuredmedia":[{"embeddable":true,"href":"https:\/\/e-systemygrzewcze.eu\/sklep\/wp-json\/wp\/v2\/media\/4075"}],"wp:attachment":[{"href":"https:\/\/e-systemygrzewcze.eu\/sklep\/wp-json\/wp\/v2\/media?parent=2787"}],"wp:term":[{"taxonomy":"product_brand","embeddable":true,"href":"https:\/\/e-systemygrzewcze.eu\/sklep\/wp-json\/wp\/v2\/product_brand?post=2787"},{"taxonomy":"product_cat","embeddable":true,"href":"https:\/\/e-systemygrzewcze.eu\/sklep\/wp-json\/wp\/v2\/product_cat?post=2787"},{"taxonomy":"product_tag","embeddable":true,"href":"https:\/\/e-systemygrzewcze.eu\/sklep\/wp-json\/wp\/v2\/product_tag?post=2787"}],"curies":[{"name":"wp","href":"https:\/\/api.w.org\/{rel}","templated":true}]}}