{"id":10609,"date":"2026-02-09T09:01:54","date_gmt":"2026-02-09T09:01:54","guid":{"rendered":"https:\/\/e-systemygrzewcze.eu\/sklep\/produkt\/beretta-kolano-z-podpora-60-90-27006329\/"},"modified":"2026-04-09T07:11:19","modified_gmt":"2026-04-09T07:11:19","slug":"beretta-kolano-z-podpora-60-90-27006329","status":"publish","type":"product","link":"https:\/\/e-systemygrzewcze.eu\/sklep\/produkt\/beretta-kolano-z-podpora-60-90-27006329\/","title":{"rendered":"BERETTA Kolano z podpor\u0105 60\/90\u00b0 27006329"},"content":{"rendered":"<div class=\"flex max-w-full flex-col grow\">\n<div class=\"min-h-8 text-message relative flex w-full flex-col items-end gap-2 text-start break-words whitespace-normal [.text-message+&amp;]:mt-1\" dir=\"auto\" data-message-author-role=\"assistant\" data-message-id=\"cff6026b-7379-408e-bd70-fe51f1148b6a\" data-message-model-slug=\"gpt-5-2-thinking\">\n<div class=\"flex w-full flex-col gap-1 empty:hidden first:pt-[1px]\">\n<div class=\"markdown prose dark:prose-invert w-full wrap-break-word dark markdown-new-styling\">\n<h4 data-start=\"0\" data-end=\"49\"><em data-start=\"3\" data-end=\"46\">BERETTA Kolano z podpor\u0105 60\/90\u00b0 27006329<\/em><\/h4>\n<p data-start=\"51\" data-end=\"490\">Kolano z podpor\u0105 BERETTA to element instalacji odprowadzania spalin, kt\u00f3ry umo\u017cliwia zmian\u0119 kierunku prowadzenia przewodu oraz dodatkowo stabilizuje ca\u0142y odcinek dzi\u0119ki zastosowanej podporze. Wersja 60\/90* sprawdza si\u0119 szczeg\u00f3lnie w miejscach, gdzie instalacja wymaga pewnego podparcia \u2013 np. przy d\u0142u\u017cszych odcinkach, w newralgicznych punktach monta\u017cu lub tam, gdzie zale\u017cy Ci na solidnym i estetycznym poprowadzeniu przewodu w kot\u0142owni.<\/p>\n<p data-start=\"492\" data-end=\"739\">Zintegrowana podpora pomaga ograniczy\u0107 napr\u0119\u017cenia na po\u0142\u0105czeniach i zmniejsza ryzyko \u201epracy\u201d element\u00f3w podczas eksploatacji. Dzi\u0119ki temu instalacja jest bardziej stabilna, a monta\u017c \u0142atwiejszy do wykonania i bezpieczniejszy w d\u0142u\u017cszej perspektywie.<\/p>\n<hr data-start=\"741\" data-end=\"744\" \/>\n<h4 data-start=\"746\" data-end=\"777\">\u2705 <strong data-start=\"748\" data-end=\"775\">Zalety kolana z podpor\u0105<\/strong><\/h4>\n<p data-start=\"779\" data-end=\"830\"><strong>Do najwa\u017cniejszych korzy\u015bci tego elementu nale\u017c\u0105:<\/strong><\/p>\n<ul data-start=\"831\" data-end=\"1250\">\n<li data-start=\"831\" data-end=\"926\">\n<p data-start=\"833\" data-end=\"926\"><strong data-start=\"833\" data-end=\"863\">Zmiana kierunku instalacji<\/strong> \u2013 u\u0142atwia poprowadzenie przewodu w ograniczonej przestrzeni,<\/p>\n<\/li>\n<li data-start=\"927\" data-end=\"1007\">\n<p data-start=\"929\" data-end=\"1007\"><strong data-start=\"929\" data-end=\"954\">Podpora stabilizuj\u0105ca<\/strong> \u2013 lepsze podparcie i mniejsze obci\u0105\u017cenie po\u0142\u0105cze\u0144,<\/p>\n<\/li>\n<li data-start=\"1008\" data-end=\"1084\">\n<p data-start=\"1010\" data-end=\"1084\"><strong data-start=\"1010\" data-end=\"1029\">Trwalszy monta\u017c<\/strong> \u2013 ograniczenie napr\u0119\u017ce\u0144 i wi\u0119ksza stabilno\u015b\u0107 uk\u0142adu,<\/p>\n<\/li>\n<li data-start=\"1085\" data-end=\"1183\">\n<p data-start=\"1087\" data-end=\"1183\"><strong data-start=\"1087\" data-end=\"1122\">Estetyczne prowadzenie przewodu<\/strong> \u2013 \u0142atwiej utrzyma\u0107 r\u00f3wn\u0105 i uporz\u0105dkowan\u0105 tras\u0119 instalacji,<\/p>\n<\/li>\n<li data-start=\"1184\" data-end=\"1250\">\n<p data-start=\"1186\" data-end=\"1250\"><strong data-start=\"1186\" data-end=\"1214\">Kompatybilno\u015b\u0107 systemowa<\/strong> \u2013 dopasowanie do rozwi\u0105za\u0144 BERETTA.<\/p>\n<\/li>\n<\/ul>\n<hr data-start=\"1252\" data-end=\"1255\" \/>\n<h4 data-start=\"1257\" data-end=\"1322\">\ud83c\udfed <strong data-start=\"1260\" data-end=\"1320\">BERETTA \u2013 sprawdzone komponenty do instalacji grzewczych<\/strong><\/h4>\n<p data-start=\"1324\" data-end=\"1604\">BERETTA to marka ceniona za rozwi\u0105zania grzewcze oraz dopracowane elementy systemowe, kt\u00f3re u\u0142atwiaj\u0105 monta\u017c i zapewniaj\u0105 sp\u00f3jno\u015b\u0107 instalacji. Model <strong data-start=\"1473\" data-end=\"1485\">27006329<\/strong> zosta\u0142 przygotowany z my\u015bl\u0105 o bezpiecznym prowadzeniu przewodu oraz stabilnym podparciu w kluczowych miejscach uk\u0142adu.<\/p>\n<hr data-start=\"1606\" data-end=\"1609\" \/>\n<h4 data-start=\"1611\" data-end=\"1632\">\ud83d\udccc <strong data-start=\"1614\" data-end=\"1630\">Podsumowanie<\/strong><\/h4>\n<p data-start=\"1634\" data-end=\"1938\" data-is-last-node=\"\" data-is-only-node=\"\">BERETTA Kolano z podpor\u0105 60\/90\u00b0 27006329 to praktyczny wyb\u00f3r, gdy potrzebujesz skr\u0119tu w instalacji i jednocze\u015bnie chcesz j\u0105 solidnie ustabilizowa\u0107. Je\u015bli zale\u017cy Ci na trwa\u0142ym monta\u017cu, mniejszych napr\u0119\u017ceniach na po\u0142\u0105czeniach i uporz\u0105dkowanej trasie przewodu, ten element b\u0119dzie bardzo dobrym rozwi\u0105zaniem.<\/p>\n<\/div>\n<\/div>\n<\/div>\n<\/div>\n<div class=\"z-0 flex min-h-[46px] justify-start\"><\/div>\n","protected":false},"excerpt":{"rendered":"<p><strong>BERETTA Kolano z podpor\u0105 60\/90\u00b0 27006329 to praktyczny wyb\u00f3r, gdy potrzebujesz skr\u0119tu w instalacji i jednocze\u015bnie chcesz j\u0105 solidnie ustabilizowa\u0107. Je\u015bli zale\u017cy Ci na trwa\u0142ym monta\u017cu, mniejszych napr\u0119\u017ceniach na po\u0142\u0105czeniach i uporz\u0105dkowanej trasie przewodu, ten element b\u0119dzie bardzo dobrym rozwi\u0105zaniem.<\/strong><\/p>\n","protected":false},"featured_media":10611,"template":"","meta":{"_kad_blocks_custom_css":"","_kad_blocks_head_custom_js":"","_kad_blocks_body_custom_js":"","_kad_blocks_footer_custom_js":"","_kad_post_transparent":"default","_kad_post_title":"","_kad_post_layout":"default","_kad_post_sidebar_id":"","_kad_post_content_style":"default","_kad_post_vertical_padding":"default","_kad_post_feature":"","_kad_post_feature_position":"","_kad_post_header":false,"_kad_post_footer":false,"_kad_post_classname":""},"product_brand":[478],"product_cat":[306],"product_tag":[],"class_list":{"0":"post-10609","1":"product","2":"type-product","3":"status-publish","4":"has-post-thumbnail","6":"product_brand-beretta","7":"product_cat-kominy-do-kotlow-gazowych","8":"product_shipping_class-drobnica","10":"first","11":"instock","12":"taxable","13":"shipping-taxable","14":"purchasable","15":"product-type-simple","16":"entry","17":"content-bg","18":"loop-entry"},"taxonomy_info":{"product_brand":[{"value":478,"label":"Beretta"}],"product_cat":[{"value":306,"label":"Kominy do kot\u0142\u00f3w gazowych"}]},"featured_image_src_large":["https:\/\/e-systemygrzewcze.eu\/sklep\/wp-content\/uploads\/2026\/02\/Nowy-projekt-2026-02-09T102148.537.jpg",510,587,false],"author_info":[],"comment_info":"","_links":{"self":[{"href":"https:\/\/e-systemygrzewcze.eu\/sklep\/wp-json\/wp\/v2\/product\/10609","targetHints":{"allow":["GET"]}}],"collection":[{"href":"https:\/\/e-systemygrzewcze.eu\/sklep\/wp-json\/wp\/v2\/product"}],"about":[{"href":"https:\/\/e-systemygrzewcze.eu\/sklep\/wp-json\/wp\/v2\/types\/product"}],"wp:featuredmedia":[{"embeddable":true,"href":"https:\/\/e-systemygrzewcze.eu\/sklep\/wp-json\/wp\/v2\/media\/10611"}],"wp:attachment":[{"href":"https:\/\/e-systemygrzewcze.eu\/sklep\/wp-json\/wp\/v2\/media?parent=10609"}],"wp:term":[{"taxonomy":"product_brand","embeddable":true,"href":"https:\/\/e-systemygrzewcze.eu\/sklep\/wp-json\/wp\/v2\/product_brand?post=10609"},{"taxonomy":"product_cat","embeddable":true,"href":"https:\/\/e-systemygrzewcze.eu\/sklep\/wp-json\/wp\/v2\/product_cat?post=10609"},{"taxonomy":"product_tag","embeddable":true,"href":"https:\/\/e-systemygrzewcze.eu\/sklep\/wp-json\/wp\/v2\/product_tag?post=10609"}],"curies":[{"name":"wp","href":"https:\/\/api.w.org\/{rel}","templated":true}]}}