{"id":1265,"date":"2025-05-08T16:35:15","date_gmt":"2025-05-08T16:35:15","guid":{"rendered":"https:\/\/e-systemygrzewcze.eu\/sklep\/?page_id=1265"},"modified":"2025-05-08T16:35:16","modified_gmt":"2025-05-08T16:35:16","slug":"regulamin-sklepu-internetowego","status":"publish","type":"page","link":"https:\/\/e-systemygrzewcze.eu\/sklep\/regulamin-sklepu-internetowego\/","title":{"rendered":"Regulamin sklepu internetowego"},"content":{"rendered":"\n<p><\/p>\n\n\n\n<p><strong>Regulamin sklepu internetowego<\/strong><\/p>\n\n\n\n<p><strong>I<\/strong><\/p>\n\n\n\n<p><strong>Postanowienia wst\u0119pne<\/strong><\/p>\n\n\n\n<ol start=\"1\" class=\"wp-block-list\">\n<li>Sklep internetowy dost\u0119pny pod adresem www.e-systemygrzewcze.eu, prowadzony przez Karlos OZE Karol Gauden Sp. k. z siedzib\u0105 w Koninie przy ul. Jana Paw\u0142a II 82, 62-510 Konin, wpisan\u0105 do rejestru przedsi\u0119biorc\u00f3w przez S\u0105d Rejonowy Pozna\u0144 \u2013 Nowe Miasto i Wilda w Poznaniu, IX Wydzia\u0142 Gospodarczy Krajowego Rejestru S\u0105dowego pod numerem KRS 0000823455 oraz NIP 6653028662, z kt\u00f3rym Klienci mog\u0105 sie kontaktowa\u0107 pod adresem email sklep@karlos.com.pl, za po\u015brednictwem formularza kontaktowego na stronie oraz telefonicznie pod numerem 63 246 21 73.<\/li>\n\n\n\n<li>Niniejszy Regulamin skierowany jest zar\u00f3wno do Konsument\u00f3w, jak i do Przedsi\u0119biorc\u00f3w korzystaj\u0105cych ze Sklepu i okre\u015bla zasady korzystania ze Sklepu internetowego oraz zasady i tryb zawierania Um\u00f3w Sprzeda\u017cy z Klientem na odleg\u0142o\u015b\u0107 za po\u015brednictwem Sklepu.<\/li>\n<\/ol>\n\n\n\n<p><strong>II<\/strong><\/p>\n\n\n\n<p><strong>Definicje<\/strong><\/p>\n\n\n\n<ol start=\"1\" class=\"wp-block-list\">\n<li><strong>Konsument\u00a0<\/strong>&#8211; osoba fizyczna zawieraj\u0105ca ze Sprzedawc\u0105 umow\u0119 w ramach Sklepu,kt\u00f3rej przedmiot nie jest zwi\u0105zany bezpo\u015brednio z jej dzia\u0142alno\u015bci\u0105 gospodarcz\u0105 lub zawodow\u0105.<\/li>\n\n\n\n<li><strong>Sprzedawca\u00a0<\/strong>&#8211; Karlos OZE Karol Gauden Sp. k. wpisany\u00a0do rejestru przedsi\u0119biorc\u00f3w przez S\u0105d Rejonowy Pozna\u0144 \u2013 Nowe Miasto i Wilda w Poznaniu, IX Wydzia\u0142 Gospodarczy Krajowego Rejestru S\u0105dowego pod numerem KRS 0000823455 oraz NIP 6653028662<\/li>\n\n\n\n<li><strong>Klient\u00a0<\/strong>&#8211; ka\u017cdy podmiot dokonuj\u0105cy zakup\u00f3w za po\u015brednictwem Sklepu.<\/li>\n\n\n\n<li><strong>Przedsi\u0119biorca\u00a0<\/strong>&#8211; osoba fizyczna, osoba prawna i jednostka organizacyjna nieb\u0119d\u0105ca osob\u0105 prawn\u0105, kt\u00f3rej odr\u0119bna ustawa przyznaje zdolno\u015b\u0107 prawn\u0105, wykonuj\u0105ca we w\u0142asnym imieniu dzia\u0142alno\u015b\u0107 gospodarcz\u0105, kt\u00f3ra korzysta ze Sklepu.<\/li>\n\n\n\n<li><strong>Sklep\u00a0<\/strong>&#8211; sklep internetowy prowadzony przez Sprzedawc\u0119 pod adresem internetowym\u00a0<strong>e-systemygrzewcze.eu<\/strong><\/li>\n\n\n\n<li><strong>Umowa zawarta na odleg\u0142o\u015b\u0107\u00a0<\/strong>&#8211; umowa zawarta z Klientem w ramach zorganizowanego systemu zawierania um\u00f3w na odleg\u0142o\u015b\u0107 (w ramach Sklepu), bez jednoczesnej fizycznej obecno\u015bci stron, z wy\u0142\u0105cznym wykorzystaniem jednego lub wi\u0119kszej liczby \u015brodk\u00f3w porozumiewania si\u0119 na odleg\u0142o\u015b\u0107 do chwili zawarcia umowy w\u0142\u0105cznie.<\/li>\n\n\n\n<li><strong>Regulamin\u00a0<\/strong>&#8211; niniejszy regulamin Sklepu.<\/li>\n\n\n\n<li><strong>Zam\u00f3wienie\u00a0<\/strong>&#8211; o\u015bwiadczenie woli Klienta sk\u0142adane za pomoc\u0105 Formularza Zam\u00f3wienia i zmierzaj\u0105ce bezpo\u015brednio do zawarcia Umowy Sprzeda\u017cy Produktu lub Produkt\u00f3w ze Sprzedawc\u0105.<\/li>\n\n\n\n<li><strong>Konto\u00a0<\/strong>&#8211; konto klienta w Sklepie, s\u0105 w nim gromadzone s\u0105 dane podane przez Klienta oraz informacje o z\u0142o\u017conych przez niego Zam\u00f3wieniach w Sklepie.<\/li>\n\n\n\n<li><strong>Formularz rejestracji\u00a0<\/strong>&#8211; formularz dost\u0119pny w Sklepie, umo\u017cliwiaj\u0105cy utworzenie Konta.<\/li>\n\n\n\n<li><strong>Formularz zam\u00f3wienia\u00a0<\/strong>&#8211; interaktywny formularz dost\u0119pny w Sklepie umo\u017cliwiaj\u0105cy z\u0142o\u017cenie Zam\u00f3wienia, w szczeg\u00f3lno\u015bci poprzez dodanie Produkt\u00f3w do Koszyka oraz okre\u015blenie warunk\u00f3w Umowy Sprzeda\u017cy, w tym sposobu dostawy i p\u0142atno\u015bci.<\/li>\n\n\n\n<li><strong>Koszyk\u00a0<\/strong>\u2013 element oprogramowania Sklepu, w kt\u00f3rym widoczne s\u0105 wybrane przez Klienta Produkty do zakupu, a tak\u017ce istnieje mo\u017cliwo\u015b\u0107 ustalenia i modyfikacji danych Zam\u00f3wienia, w szczeg\u00f3lno\u015bci ilo\u015bci produkt\u00f3w.<\/li>\n\n\n\n<li><strong>Produkt\u00a0<\/strong>&#8211; dost\u0119pna w Sklepie rzecz ruchoma\/us\u0142uga b\u0119d\u0105ca przedmiotem Umowy Sprzeda\u017cy mi\u0119dzy Klientem a Sprzedawc\u0105.<\/li>\n\n\n\n<li><strong>Umowa Sprzeda\u017cy\u00a0<\/strong>&#8211; umowa sprzeda\u017cy Produktu zawierana albo zawarta mi\u0119dzy Klientem a Sprzedawc\u0105 za po\u015brednictwem Sklepu internetowego.<\/li>\n<\/ol>\n\n\n\n<p><strong>III<\/strong><\/p>\n\n\n\n<p><strong>Ochrona danych osobowych<\/strong><\/p>\n\n\n\n<ol start=\"1\" class=\"wp-block-list\">\n<li>Informujemy, \u017ce administratorem danych osobowych w rozumieniu ustawy z dnia 29 sierpnia 1997 r. o ochronie danych osobowych (t.j.: Dz.U. z 2016 r. poz. 922) jest firma\u00a0<strong>Karlos OZE Karol Gauden Sp. k<\/strong><\/li>\n\n\n\n<li>Dane osobowe Kupuj\u0105cego podlegaj\u0105 ochronie zgodnie z przepisami Rozporz\u0105dzenia Parlamentu Europejskiego i Rady UE 2016\/679 z 27 kwietnia 2016r.- og\u00f3lnego Rozporz\u0105dzenia o Ochronie Danych Osobowych &#8211; RODO.<br>Dane osobowe Kupuj\u0105cego przetwarzane s\u0105 w spos\u00f3b uniemo\u017cliwiaj\u0105cy dost\u0119p do nich os\u00f3b trzecich, z pomini\u0119ciem jednostek wsp\u00f3\u0142pracuj\u0105cych z \u00a0<strong>Karlos OZE Sp. z o.o. Sp. k<\/strong>\u00a0w logistyczno-kurierskich (<strong>DPD Strefa Paczki Sp. z o.o.<\/strong>), jak r\u00f3wnie\u017c transakcji p\u0142atno\u015bci (<strong>PayU<\/strong>). Klienci maja prawo wgl\u0105du w swoje dane, do ich poprawiania, kontroli, oraz wniesienia \u017c\u0105dania o zaprzestanie ich wykorzystywania lub ich usuni\u0119cia, poprzez wys\u0142anie stosownej wiadomo\u015bci e-mail na adres sklep@karlos.com.pl<br>Administrator danych przetwarza nast\u0119puj\u0105ce kategorie odno\u015bnych danych osobowych:<br>&#8211; dane kontaktowe;<br>&#8211; dane dotycz\u0105ce aktywno\u015bci na stronie internetowej.;<br>&#8211; dane dotycz\u0105ce zam\u00f3wie\u0144 w Sklepie Internetowym;<br>&#8211; dane dotycz\u0105ce reklamacji, skarg i wniosk\u00f3w;<br>&#8211; dane dotycz\u0105ce us\u0142ug marketingowych, w tym remarketingowych, kt\u00f3re maj\u0105 na celu dotarcie do potencjalnego klienta z najbardziej dopasowan\u0105 ofert\u0105 handlow\u0105.<br>Podanie przez Pa\u0144stwa wymaganych danych osobowych jest dobrowolne i stanowi warunek \u015bwiadczenia us\u0142ug przez administratora danych osobowych za po\u015brednictwem Sklepu Internetowego.<br>Ka\u017cdy u\u017cytkownik zgodnie z RODO ma prawo do \u017c\u0105dania dost\u0119pu do swoich danych osobowych, sprostowania danych osobowych, usuni\u0119cia swoich danych osobowych, ograniczenia przetwarzania danych jak r\u00f3wnie\u017c wniesienia sprzeciwu wobec przetwarzania danych osobowych.<\/li>\n<\/ol>\n\n\n\n<p><strong>IV<\/strong><\/p>\n\n\n\n<p><strong>Wymagania techniczne<\/strong><\/p>\n\n\n\n<ol start=\"1\" class=\"wp-block-list\">\n<li>Do korzystania ze Sklepu, w tym przegl\u0105dania asortymentu Sklepu oraz sk\u0142adania zam\u00f3wie\u0144 na Produkty, niezb\u0119dne s\u0105:\n<ul class=\"wp-block-list\">\n<li>urz\u0105dzenie ko\u0144cowe z dost\u0119pem do sieci Internet i przegl\u0105dark\u0105 internetow\u0105 typu Internet Explorer, Mozilla, Google Chrome<\/li>\n\n\n\n<li>aktywne konto poczty elektronicznej (e-mail)<\/li>\n\n\n\n<li>w\u0142\u0105czona obs\u0142uga plik\u00f3w cookies<\/li>\n\n\n\n<li>zainstalowany program FlashPlayer<\/li>\n<\/ul>\n<\/li>\n<\/ol>\n\n\n\n<p><strong>V<\/strong><\/p>\n\n\n\n<p><strong>Sk\u0142adanie i realizacja zam\u00f3wie\u0144<\/strong><\/p>\n\n\n\n<ol start=\"1\" class=\"wp-block-list\">\n<li>Zam\u00f3wienia mo\u017cna sk\u0142ada\u0107 24 godziny na dob\u0119 przez 7 dni w tygodniu poprzez wype\u0142nienie i wys\u0142anie formularza zam\u00f3wienia udost\u0119pnionego na stronie Sklepu lub poprzez wys\u0142anie maila na adres:\u00a0<strong>sklep@karlos.com.pl<\/strong><\/li>\n\n\n\n<li>Dane wpisywane do formularza musz\u0105 zawiera\u0107 prawdziwe informacje.<\/li>\n\n\n\n<li>Niezb\u0119dnym warunkiem realizacji zam\u00f3wienia jest umieszczenie w formularzu wszelkich danych pozwalaj\u0105cych na prawid\u0142ow\u0105 identyfikacj\u0119 Kupuj\u0105cego, w tym w szczeg\u00f3lno\u015bci numeru telefonu i adresu e-mail. W razie podania przez Klienta niekompletnych danych, a tak\u017ce braku mo\u017cliwo\u015bci skontaktowania si\u0119 z Kupuj\u0105cym w ci\u0105gu 2-4 dni roboczych od dnia z\u0142o\u017cenia zam\u00f3wienia, Sklep zastrzega sobie prawo do wstrzymania realizacji zam\u00f3wienia do czasu uzyskania kompletnych danych umo\u017cliwiaj\u0105cych realizacj\u0119 zam\u00f3wienia.<\/li>\n\n\n\n<li>Po z\u0142o\u017ceniu zam\u00f3wienia do klienta zostaje wys\u0142any przez Sklep email z potwierdzeniem z\u0142o\u017cenia zam\u00f3wienia wraz z podaniem przewidywanego terminu realizacji oraz koszt\u00f3w transportu. Przewidywany termin realizacji zam\u00f3wienia jest uzale\u017cniony od dost\u0119pno\u015bci zamawianego towaru lub us\u0142ugi, o czym Klienta jest informowany w wiadomo\u015bci email z potwierdzeniem zam\u00f3wienia.<\/li>\n\n\n\n<li>Przyjecie zam\u00f3wienia do realizacji rozpoczyna si\u0119 z chwil\u0105 zaksi\u0119gowania wp\u0142aty na rachunku Sklepu \u2013\u00a0<strong>Santander Consumer Bank S.A.\u00a030 1090 1199 0000 0001 4417 7938<\/strong>\u00a0z podaniem numeru zam\u00f3wienia. Zap\u0142ata musi obejmowa\u0107 ca\u0142y zam\u00f3wiony towar oraz koszty transportu. W przypadku cz\u0119\u015bciowej zap\u0142aty zam\u00f3wienie nie b\u0119dzie realizowane.<\/li>\n\n\n\n<li>Zam\u00f3wienia nieop\u0142acone w ci\u0105gu 10 dni od daty z\u0142o\u017cenia zostan\u0105 automatycznie anulowane przez Sklep.<\/li>\n\n\n\n<li>Odmowa realizacji zam\u00f3wie\u0144 przez Sklep mo\u017ce nast\u0105pi\u0107 gdy zamieszczone przez Klienta w formularzu dane b\u0119d\u0105 niepe\u0142ne.<\/li>\n\n\n\n<li>W przypadku odbioru w\u0142asnego towaru przez Kupuj\u0105cego koszty transportu nie b\u0119d\u0105 doliczane.<\/li>\n\n\n\n<li>Czas realizacji zam\u00f3wie\u0144 podawany jest w potwierdzeniu z\u0142o\u017cenia zam\u00f3wienia i wynosi do 14 dni roboczych, od momentu przyj\u0119cia zam\u00f3wienia do realizacji .<\/li>\n\n\n\n<li>Zakupione towary b\u0119d\u0105 dostarczone na koszt Kupuj\u0105cego pod wskazany w formularzu zam\u00f3wienia adres lub pozostawione w celu samodzielnego odbioru przez Kupuj\u0105cego w sklepie stacjonarnym.<\/li>\n\n\n\n<li>Sklep zastrzega sobie prawo do zmiany asortymentu i cen towar\u00f3w znajduj\u0105cych si\u0119 w Sklepie (nie dotyczy to towar\u00f3w ju\u017c zam\u00f3wionych i potwierdzonych przez Sklep). Sklep zastrzega sobie tak\u017ce prawo przeprowadzania i odwo\u0142ywania akcji promocyjnych oraz przeprowadzania w nich zmian.<\/li>\n<\/ol>\n\n\n\n<p><strong>VI<\/strong><\/p>\n\n\n\n<p><strong>Ceny towar\u00f3w i p\u0142atno\u015b\u0107<\/strong><\/p>\n\n\n\n<ol start=\"1\" class=\"wp-block-list\">\n<li>Wszystkie ceny podawane s\u0105 w polskich z\u0142otych i zawieraj\u0105 podatek VAT.<\/li>\n\n\n\n<li>Podane w Sklepie ceny obowi\u0105zuj\u0105 od dnia z\u0142o\u017cenia zam\u00f3wienia do dnia jego realizacji.<\/li>\n\n\n\n<li>Klient ma do wyboru nast\u0119puj\u0105ce opcje p\u0142atno\u015bci:<\/li>\n<\/ol>\n\n\n\n<ul class=\"wp-block-list\">\n<li>P\u0142atno\u015b\u0107 przelewem tradycyjnym. Klient po z\u0142o\u017ceniu zam\u00f3wienia otrzymuje drog\u0105 elektroniczn\u0105 numer rachunku bankowego, na kt\u00f3ry nale\u017cy przela\u0107 w\u0142a\u015bciw\u0105 kwot\u0119. Z chwil\u0105 zaksi\u0119gowania wp\u0142aty zam\u00f3wienie jest przekazywane do realizacji.<\/li>\n\n\n\n<li>P\u0142atno\u015b\u0107 przez systemy:\u00a0PayU. P\u0142atno\u015b\u0107 odbywa si\u0119 natychmiast, a obs\u0142uga sklepu informuje klienta o potwierdzeniu zakupu towaru.<\/li>\n\n\n\n<li>Wp\u0142aty za zam\u00f3wienie nale\u017cy dokona\u0107 na konto w\u00a0<strong>Santander Consumer Bank S.A. 30 1090 1199 0000 0001 4417 7938.<\/strong><\/li>\n<\/ul>\n\n\n\n<p><strong>VII<\/strong><\/p>\n\n\n\n<p><strong>Dostawa i transport<\/strong><\/p>\n\n\n\n<ol start=\"1\" class=\"wp-block-list\">\n<li>Dostawa Produktu odbywa si\u0119 wy\u0142\u0105cznie na terenie Polski.<\/li>\n\n\n\n<li>Koszt przesy\u0142ki pokrywa Klient.<\/li>\n\n\n\n<li>Koszty dostawy s\u0105 wskazywane Klientowi w trakcie sk\u0142adania zam\u00f3wienia.<\/li>\n\n\n\n<li>Odbi\u00f3r osobisty Produktu przez Klienta jest bezp\u0142atny.<\/li>\n\n\n\n<li>Przy odbiorze towar\u00f3w Kupuj\u0105cy jest zobowi\u0105zany sprawdzi\u0107 towar.<\/li>\n\n\n\n<li>W przypadku stwierdzenia widocznych uszkodze\u0144 w czasie odbioru towaru nale\u017cy sporz\u0105dzi\u0107 protok\u00f3\u0142 uszkodze\u0144 w obecno\u015bci kuriera i odm\u00f3wi\u0107 przyj\u0119cia towaru.<\/li>\n<\/ol>\n\n\n\n<p><strong>VIII<\/strong><\/p>\n\n\n\n<p><strong>Reklamacja i zwroty<\/strong><\/p>\n\n\n\n<ol start=\"1\" class=\"wp-block-list\">\n<li>Sklep odpowiada wobec kupuj\u0105cego b\u0119d\u0105cego konsumentem za wady towar\u00f3w \u2013 niezgodno\u015b\u0107 z umow\u0105 towar\u00f3w zakupionych w Sklepie na zasadach okre\u015blonych w ustawie z dnia 23 kwietnia 1964 r. Kodeks Cywilny (Dz.U. Z 2014 r., poz. 121 z p\u00f3\u017an. zm.) i ustawy z dnia 30 maja 2014 r. o prawach konsumenta (Dz.U. z 2014 r., poz. 827). W zakresie kupuj\u0105cych nie b\u0119d\u0105cych konsumentem Sklep ponosi odpowiedzialno\u015b\u0107 z tytu\u0142u r\u0119kojmi na zasadach okre\u015blonych w Kodeksie Cywilnym.<\/li>\n\n\n\n<li>Klient w terminie 14 dni od otrzymania towaru mo\u017ce odst\u0105pi\u0107 od Umowy sprzeda\u017cy bez podania przyczyny, zgodnie z art.27 ust. 1 z dnia 30 maja 2014 r. o prawach konsumenta (Dz.U. z 2014 r., poz. 827)<\/li>\n\n\n\n<li>Do zachowania 14 dniowego terminu wskazanego w pkt. VII ppkt. 2 nale\u017cy wys\u0142a\u0107 na adres email sklepu wype\u0142niony formularz zwrotu. (<a href=\"https:\/\/e-systemygrzewcze.eu\/files\/img\/doc\/Formularz%20zwrotu%20towaru.pdf\">Kliknij aby pobra\u0107<\/a>)<\/li>\n\n\n\n<li>W przypadku zwrotu towaru prosimy o przes\u0142anie go na adres\u00a0<strong>Karlos OZE Karol Gauden Sp. k. , ul. Jana Paw\u0142a II 82, 62-510 Konin<\/strong>\u00a0z wydrukowanym i r\u0119cznie wype\u0142nionym formularzem zwrotu wraz z faktur\u0105 VAT lub paragonem.<\/li>\n\n\n\n<li>Zwracany towar nie mo\u017ce by\u0107 u\u017cywany i musi by\u0107 dostarczony w oryginalnym opakowaniu producenta.<\/li>\n\n\n\n<li>Nie przyjmujemy towaru wys\u0142anego za pobraniem w ramach wymiany i zwrot\u00f3w. Koszt przesy\u0142ki zwrotnej ponosi kupuj\u0105cy.<\/li>\n\n\n\n<li>W przypadku uszkodzenia zam\u00f3wionego towaru w czasie transportu do klienta lub przes\u0142ania produkt\u00f3w z wad\u0105 fabryczn\u0105 klient mo\u017ce odes\u0142a\u0107 zakupiony produkt. Reklamowany produkt klient przesy\u0142a na sw\u00f3j koszt na adres\u00a0<strong>Karlos OZE Karol Gauden\u00a0Sp. k.,\u00a0ul. Jana Paw\u0142a II 82, 62-510 Konin<\/strong>\u00a0wraz z kopi\u0105 dokumentu potwierdzaj\u0105cego sprzeda\u017c (faktura VAT, paragon) oraz formularzem reklamacji. (<a href=\"https:\/\/e-systemygrzewcze.eu\/files\/img\/doc\/Formularz%20reklamacji.pdf\">Kliknij aby pobra\u0107<\/a>)<\/li>\n\n\n\n<li>Reklamacje dotycz\u0105ce uszkodze\u0144 mechanicznych przesy\u0142ki powsta\u0142ych podczas transportu b\u0119d\u0105 rozpatrywane po spe\u0142nieniu warunk\u00f3w okre\u015blonych w Pkt. VII ppkt. 6 niniejszego regulaminu.<\/li>\n\n\n\n<li>Sprzedaj\u0105cy ponosi wzgl\u0119dem Klient\u00f3w b\u0119d\u0105cych konsumentami odpowiedzialno\u015b\u0107 przez 2 (dwa) lata od daty zakupu w przypadku niezgodno\u015bci towaru z umow\u0105 (zam\u00f3wieniem), zgodnie z ustaw\u0105 z dnia 23 kwietnia 1964 r. Kodeks cywilny (Dz.U. z 2014 r., poz. 121 z p\u00f3\u017an. zm.).<\/li>\n\n\n\n<li>Reklamacje rozpatrywane b\u0119d\u0105 niezw\u0142ocznie, jednak nie p\u00f3\u017aniej ni\u017c w ci\u0105gu 14 dni licz\u0105c od dnia ich zg\u0142oszenia. Je\u017celi dane w reklamacji lub informacje wymagaj\u0105 uzupe\u0142nienia klient zobowi\u0105zany jest niezw\u0142ocznie je uzupe\u0142ni\u0107. Klient ma \u015bwiadomo\u015b\u0107, \u017ce czas na uzupe\u0142nienie przez niego reklamacji mo\u017ce wp\u0142yn\u0105\u0107 na termin rozpoznania reklamacji. Nadu\u017cywanie prawa przez Klienta w tym zakresie stanowi nadu\u017cycie prawa i nie korzysta z ochrony.<\/li>\n\n\n\n<li>W razie niezaj\u0119cia przez Sklep \u017cadnego stanowiska w przedmiocie zg\u0142oszonej przez Klienta reklamacji w terminie 14 dni licz\u0105c od daty zg\u0142oszenia, przyjmuje si\u0119, i\u017c reklamacja zosta\u0142a uznana przez Sklep za zasadn\u0105.<\/li>\n\n\n\n<li>Je\u017celi reklamacja zostanie pozytywnie rozpatrzona to w pierwszej kolejno\u015bci Sklep b\u0119dzie uprawniony do wymiany towaru wadliwego na nowy wolny od wad albo usuni\u0119cia wady, chyba \u017ce doprowadzenie towaru do zgodno\u015bci z umow\u0105 b\u0119dzie niemo\u017cliwe lub wymaga\u0142oby nadmiernych koszt\u00f3w. Dopiero, gdy wymiana na towar nowy wolny od wad b\u0119dzie niemo\u017cliwa, Sklep zwr\u00f3ci Klientowi r\u00f3wnowarto\u015b\u0107 ceny reklamowanego towaru oraz koszt\u00f3w dostawy, lub po wyra\u017ceniu zgody przez Klienta, sprzeda inny dost\u0119pny w sklepie towar.<\/li>\n\n\n\n<li>W przypadku zgody Klienta na wymian\u0119 towaru zgodnie z pkt. 7 koszt ponownej dostawy towaru ponosi Sklep.<\/li>\n\n\n\n<li>Reklamacje zg\u0142aszane po up\u0142ywie dw\u00f3ch lat od dnia dostawy towaru nie podlegaj\u0105 rozpatrzeniu. W przypadku klient\u00f3w nie b\u0119d\u0105cych konsumentami termin zg\u0142oszenia wynosi jeden rok.<\/li>\n<\/ol>\n\n\n\n<p><strong>IX<\/strong><\/p>\n\n\n\n<p><strong>Postanowienia ko\u0144cowe<\/strong><\/p>\n\n\n\n<ol start=\"1\" class=\"wp-block-list\">\n<li>Z\u0142o\u017cenie zam\u00f3wienia w sklepie internetowym wymaga ka\u017cdorazowego zaakceptowania postanowie\u0144 niniejszego regulaminu w brzmieniu z dnia z\u0142o\u017cenia zm\u00f3wienia. W przypadku dokonywania zam\u00f3wie\u0144 w formie e-mail w tre\u015bci wiadomo\u015bci musi znajdowa\u0107 si\u0119 o\u015bwiadczenie potwierdzaj\u0105ce zapoznanie si\u0119 z regulaminem i jego akceptacj\u0119.<\/li>\n\n\n\n<li>Sprzedawca zastrzega sobie prawo do dokonywania zmian Regulaminu w przypadku:\n<ul class=\"wp-block-list\">\n<li>zmian przepis\u00f3w prawa<\/li>\n\n\n\n<li>zmiany sposob\u00f3w p\u0142atno\u015bci i dostaw \u2013 w zakresie, w jakim te zmiany wp\u0142ywaj\u0105 na realizacj\u0119 postanowie\u0144 niniejszego regulaminu<\/li>\n\n\n\n<li>zmiany warunk\u00f3w technicznych zwi\u0105zanych z funkcjonowaniem Sklepu w tym zwi\u0105zanych z post\u0119pem technicznym lub technologicznym<\/li>\n\n\n\n<li>gdy b\u0119dzie to zmierza\u0142o do uatrakcyjnienia funkcjonowania Sklepu i jako\u015bci \u015bwiadczonych us\u0142ug<\/li>\n<\/ul>\n<\/li>\n<\/ol>\n\n\n\n<p>W sprawach nieregulowanych w niniejszym Regulaminie maj\u0105 zastosowanie powszechnie obowi\u0105zuj\u0105ce przepisy prawa polskiego: Kodeksu cywilnego; ustawy o \u015bwiadczeniu us\u0142ug drog\u0105 elektroniczn\u0105; ustawy o prawach konsumenta, ustawy o ochronie danych osobowych<\/p>\n","protected":false},"excerpt":{"rendered":"<p>Regulamin sklepu internetowego I Postanowienia wst\u0119pne II Definicje III Ochrona danych osobowych IV Wymagania techniczne V Sk\u0142adanie i realizacja zam\u00f3wie\u0144 VI Ceny towar\u00f3w i p\u0142atno\u015b\u0107 VII Dostawa i transport VIII Reklamacja i zwroty IX Postanowienia ko\u0144cowe W sprawach nieregulowanych w niniejszym Regulaminie maj\u0105 zastosowanie powszechnie obowi\u0105zuj\u0105ce przepisy prawa polskiego: Kodeksu cywilnego; ustawy o \u015bwiadczeniu us\u0142ug&#8230;<\/p>\n","protected":false},"author":1,"featured_media":0,"parent":0,"menu_order":0,"comment_status":"closed","ping_status":"closed","template":"","meta":{"_kad_blocks_custom_css":"","_kad_blocks_head_custom_js":"","_kad_blocks_body_custom_js":"","_kad_blocks_footer_custom_js":"","_kad_post_transparent":"","_kad_post_title":"","_kad_post_layout":"","_kad_post_sidebar_id":"","_kad_post_content_style":"","_kad_post_vertical_padding":"","_kad_post_feature":"","_kad_post_feature_position":"","_kad_post_header":false,"_kad_post_footer":false,"_kad_post_classname":"","footnotes":""},"class_list":["post-1265","page","type-page","status-publish","hentry"],"taxonomy_info":[],"featured_image_src_large":false,"author_info":{"display_name":"admin","author_link":"https:\/\/e-systemygrzewcze.eu\/sklep\/author\/admin\/"},"comment_info":0,"_links":{"self":[{"href":"https:\/\/e-systemygrzewcze.eu\/sklep\/wp-json\/wp\/v2\/pages\/1265","targetHints":{"allow":["GET"]}}],"collection":[{"href":"https:\/\/e-systemygrzewcze.eu\/sklep\/wp-json\/wp\/v2\/pages"}],"about":[{"href":"https:\/\/e-systemygrzewcze.eu\/sklep\/wp-json\/wp\/v2\/types\/page"}],"author":[{"embeddable":true,"href":"https:\/\/e-systemygrzewcze.eu\/sklep\/wp-json\/wp\/v2\/users\/1"}],"replies":[{"embeddable":true,"href":"https:\/\/e-systemygrzewcze.eu\/sklep\/wp-json\/wp\/v2\/comments?post=1265"}],"version-history":[{"count":1,"href":"https:\/\/e-systemygrzewcze.eu\/sklep\/wp-json\/wp\/v2\/pages\/1265\/revisions"}],"predecessor-version":[{"id":1266,"href":"https:\/\/e-systemygrzewcze.eu\/sklep\/wp-json\/wp\/v2\/pages\/1265\/revisions\/1266"}],"wp:attachment":[{"href":"https:\/\/e-systemygrzewcze.eu\/sklep\/wp-json\/wp\/v2\/media?parent=1265"}],"curies":[{"name":"wp","href":"https:\/\/api.w.org\/{rel}","templated":true}]}}